000
CXUS51 KBTV 240700
CF6MSS
PRELIMINARY LOCAL CLIMATOLOGICAL DATA (WS FORM: F-6)

                                          STATION:   MASSENA NY
                                          MONTH:     SEPTEMBER
                                          YEAR:      2017
                                          LATITUDE:   44 55 N
                                          LONGITUDE:  74 51 W

  TEMPERATURE IN F:       :PCPN:    SNOW:  WIND      :SUNSHINE: SKY     :PK WND
================================================================================
1   2   3   4   5  6A  6B    7    8   9   10  11  12  13   14  15   16   17  18
                                     12Z  AVG MX 2MIN
DY MAX MIN AVG DEP HDD CDD  WTR  SNW DPTH SPD SPD DIR MIN PSBL S-S WX    SPD DR
================================================================================

 1  63  41  52 -12  13   0 0.00  0.0    0  8.6 21 300   M    M   1 1      27 280
 2  70  36  53 -10  12   0 0.00  0.0    0  3.3 13  40   M    M   0 1      15  40
 3  59  48  54  -9  11   0 0.44    M    0  5.5 13 280   M    M   8 1      16 270
 4  79  55  67   4   0   2 0.15  0.0    0 11.5 25 210   M    M   4        33 220
 5  71  55  63   1   2   0 0.01  0.0    0  7.0 23 230   M    M   5 1      30 230
 6  67  52  60  -2   5   0 0.01  0.0    0  1.8  7 190   M    M   6 1       8 200
 7  68  51  60  -2   5   0 0.12  0.0    0  7.0 23 230   M    M   6 13     35 230
 8  64  53  59  -2   6   0 0.01  0.0    0  9.0 18 310   M    M   8        23 310
 9  68  46  57  -4   8   0 0.03    M    0  5.8 13 290   M    M   6 1      16 270
10  67  40  54  -7  11   0 0.00  0.0    0  1.6  9 270   M    M   2 12     12 290
11  73  42  58  -2   7   0 0.00  0.0    0  3.3 12 250   M    M   0 12     14 250
12  75  44  60   0   5   0 0.00  0.0    0  6.9 17 210   M    M   0 12     21 250
13  80  49  65   5   0   0 0.00  0.0    0  3.6 12 220   M    M   0 1      15 220
14  81  51  66   7   0   1 0.00  0.0    0  1.7  8  10   M    M   4 1      11 290
15  82  53  68   9   0   3 0.00  0.0    0  0.3  7 360   M    M   1 1       8  10
16  81  56  69  11   0   4 0.00  0.0    0  2.7  9 240   M    M   2 12     12 270
17  82  54  68  10   0   3 0.00  0.0    0  3.0 12 220   M    M   1 1      15 210
18  84  52  68  10   0   3 0.00  0.0    0  1.2  8  30   M    M   1 12     10  40
19  83  57  70  13   0   5 0.00  0.0    0  1.7 12  20   M    M   1 1      14  10
20  79  57  68  11   0   3 0.00  0.0    0  4.0 14  60   M    M   4 12     16  60
21  78  52  65   9   0   0 0.00  0.0    0  4.9 14  40   M    M   0 1      17  60
22  79  48  64   8   1   0 0.00  0.0    0  3.1 14  60   M    M   1 12     17  40
23  86  51  69  13   0   4 0.00  0.0    0  4.9 13 210   M    M   0 1      16 240
================================================================================
SM 1719 1143        86  28  0.77     0.0 102.4          M       61
================================================================================
AV 74.7 49.7                               4.5 FASTST   M    M   3    MAX(MPH)
                                 MISC ---->  # 25 210               # 35  230
================================================================================
NOTES:
# LAST OF SEVERAL OCCURRENCES

COLUMN 17 PEAK WIND IN M.P.H.

PRELIMINARY LOCAL CLIMATOLOGICAL DATA (WS FORM: F-6) , PAGE 2

                                          STATION:  MASSENA NY
                                          MONTH:    SEPTEMBER
                                          YEAR:     2017
                                          LATITUDE:   44 55 N
                                          LONGITUDE:  74 51 W

[TEMPERATURE DATA]      [PRECIPITATION DATA]       SYMBOLS USED IN COLUMN 16

AVERAGE MONTHLY: 62.2   TOTAL FOR MONTH:   0.77    1 = FOG OR MIST
DPTR FM NORMAL:   2.4   DPTR FM NORMAL:   -2.00    2 = FOG REDUCING VISIBILITY
HIGHEST:    86 ON 23    GRTST 24HR  0.44 ON  3- 3      TO 1/4 MILE OR LESS
LOWEST:     36 ON  2                               3 = THUNDER
                        SNOW, ICE PELLETS, HAIL    4 = ICE PELLETS
                        TOTAL MONTH:   0.0 INCH    5 = HAIL
                        GRTST 24HR     0.0         6 = FREEZING RAIN OR DRIZZLE
                        GRTST DEPTH:   0           7 = DUSTSTORM OR SANDSTORM:
                                                       VSBY 1/2 MILE OR LESS
                                                   8 = SMOKE OR HAZE
[NO. OF DAYS WITH]      [WEATHER - DAYS WITH]      9 = BLOWING SNOW
                                                   X = TORNADO
MAX 32 OR BELOW:   0    0.01 INCH OR MORE:   7
MAX 90 OR ABOVE:   0    0.10 INCH OR MORE:   3
MIN 32 OR BELOW:   0    0.50 INCH OR MORE:   0
MIN  0 OR BELOW:   0    1.00 INCH OR MORE:   0

[HDD (BASE 65) ]
TOTAL THIS MO.    86    CLEAR  (SCALE 0-3)  14
DPTR FM NORMAL   -57    PTCLDY (SCALE 4-7)   8
TOTAL FM JUL 1   138    CLOUDY (SCALE 8-10)  1
DPTR FM NORMAL   -80

[CDD (BASE 65) ]
TOTAL THIS MO.    28
DPTR FM NORMAL     4    [PRESSURE DATA]
TOTAL FM JAN 1   354    HIGHEST SLP M ON M
DPTR FM NORMAL    -6    LOWEST  SLP 29.69 ON  5

[REMARKS]
