000
CXUS51 KBTV 220724
CF6MSS
PRELIMINARY LOCAL CLIMATOLOGICAL DATA (WS FORM: F-6)

                                          STATION:   MASSENA NY
                                          MONTH:     NOVEMBER
                                          YEAR:      2017
                                          LATITUDE:   44 55 N
                                          LONGITUDE:  74 51 W

  TEMPERATURE IN F:       :PCPN:    SNOW:  WIND      :SUNSHINE: SKY     :PK WND
================================================================================
1   2   3   4   5  6A  6B    7    8   9   10  11  12  13   14  15   16   17  18
                                     12Z  AVG MX 2MIN
DY MAX MIN AVG DEP HDD CDD  WTR  SNW DPTH SPD SPD DIR MIN PSBL S-S WX    SPD DR
================================================================================

 1  50  32  41   0  24   0 0.08    M    0  3.2 12 180   M    M   8        15 190
 2  63  42  53  13  12   0 0.37    M    M  9.4 22 210   M    M  10 1      33 210
 3  63  35  49   9  16   0 0.73    M    0  9.5 22 270   M    M   6 1      35 270
 4  44  27  36  -4  29   0 0.00  0.0    0  4.6 15  70   M    M   3 1      19  70
 5  59  38  49  10  16   0 0.32    M    0 10.1 17 190   M    M  10 1      23 180
 6  61  36  49  10  16   0 0.17    M    0 11.1 21 290   M    M   7 1      28 300
 7  42  26  34  -5  31   0 0.00  0.0    0  3.3 16 300   M    M   4        21 330
 8  45  29  37  -1  28   0 0.00  0.0    0  4.1 18 200   M    M   7        21 200
 9  49  27  38   0  27   0 0.12    M    0  9.2 30 290   M    M   4 13     41 290
10  32  15  24 -14  41   0    T    M    0 18.3 31 280   M    M   3 1      42 290
11  30  11  21 -16  44   0 0.00  0.0    0  4.8 12 290   M    M   1        17 290
12  40  24  32  -5  33   0 0.00  0.0    0  1.9  7  70   M    M   6         8 190
13  37  25  31  -6  34   0 0.00  0.0    0  3.5  8  50   M    M  10        10  80
14  39  30  35  -1  30   0 0.00  0.0    0  2.8  8  60   M    M  10        10  60
15  47  23  35  -1  30   0 0.00  0.0    0  3.7 12  60   M    M   4        15  50
16  51  32  42   7  23   0 0.06    M    0 14.0 26 210   M    M  10 1      35 310
17  32  17  25 -10  40   0 0.00  0.0    0  9.8 24 290   M    M   5        33 290
18  36  18  27  -8  38   0 0.09    M    0  7.0 16  40   M    M   6 1      18  40
19  35  27  31  -3  34   0 0.51    M    0 13.2 24 280   M    M  10 1      32 280
20  28  19  24 -10  41   0    T    M    0  8.2 22 280   M    M  10 1      29 280
21  52  17  35   2  30   0 0.00  0.0    0  9.6 25 210   M    M   2        34 190
================================================================================
SM  935  550       617   0  2.45     0.0 161.3          M      136
================================================================================
AV 44.5 26.2                               7.7 FASTST   M    M   6    MAX(MPH)
                                 MISC ---->  # 31 280               # 42  290
================================================================================
NOTES:
# LAST OF SEVERAL OCCURRENCES

COLUMN 17 PEAK WIND IN M.P.H.

PRELIMINARY LOCAL CLIMATOLOGICAL DATA (WS FORM: F-6) , PAGE 2

                                          STATION:  MASSENA NY
                                          MONTH:    NOVEMBER
                                          YEAR:     2017
                                          LATITUDE:   44 55 N
                                          LONGITUDE:  74 51 W

[TEMPERATURE DATA]      [PRECIPITATION DATA]       SYMBOLS USED IN COLUMN 16

AVERAGE MONTHLY: 35.4   TOTAL FOR MONTH:   2.45    1 = FOG OR MIST
DPTR FM NORMAL:  -1.8   DPTR FM NORMAL:    0.27    2 = FOG REDUCING VISIBILITY
HIGHEST:    63 ON  3, 2 GRTST 24HR  0.73 ON  3- 3      TO 1/4 MILE OR LESS
LOWEST:     11 ON 11                               3 = THUNDER
                        SNOW, ICE PELLETS, HAIL    4 = ICE PELLETS
                        TOTAL MONTH:   0.0 INCH    5 = HAIL
                        GRTST 24HR     0.0         6 = FREEZING RAIN OR DRIZZLE
                        GRTST DEPTH:   0           7 = DUSTSTORM OR SANDSTORM:
                                                       VSBY 1/2 MILE OR LESS
                                                   8 = SMOKE OR HAZE
[NO. OF DAYS WITH]      [WEATHER - DAYS WITH]      9 = BLOWING SNOW
                                                   X = TORNADO
MAX 32 OR BELOW:   4    0.01 INCH OR MORE:   9
MAX 90 OR ABOVE:   0    0.10 INCH OR MORE:   6
MIN 32 OR BELOW:  17    0.50 INCH OR MORE:   2
MIN  0 OR BELOW:   0    1.00 INCH OR MORE:   0

[HDD (BASE 65) ]
TOTAL THIS MO.   617    CLEAR  (SCALE 0-3)   3
DPTR FM NORMAL    33    PTCLDY (SCALE 4-7)  11
TOTAL FM JUL 1  1110    CLOUDY (SCALE 8-10)  7
DPTR FM NORMAL  -355

[CDD (BASE 65) ]
TOTAL THIS MO.     0
DPTR FM NORMAL     0    [PRESSURE DATA]
TOTAL FM JAN 1   399    HIGHEST SLP M ON M
DPTR FM NORMAL    36    LOWEST  SLP 29.07 ON 19

[REMARKS]
