000
CXUS55 KLIX 231000
CF6MSY
PRELIMINARY LOCAL CLIMATOLOGICAL DATA (WS FORM: F-6)

                                          STATION:   NEW ORLEANS
                                          MONTH:     JUNE
                                          YEAR:      2017
                                          LATITUDE:   29 58 N
                                          LONGITUDE:  90 15 W

  TEMPERATURE IN F:       :PCPN:    SNOW:  WIND      :SUNSHINE: SKY     :PK WND
================================================================================
1   2   3   4   5  6A  6B    7    8   9   10  11  12  13   14  15   16   17  18
                                     12Z  AVG MX 2MIN
DY MAX MIN AVG DEP HDD CDD  WTR  SNW DPTH SPD SPD DIR MIN PSBL S-S WX    SPD DR
================================================================================

 1  83  73  78  -2   0  13 0.66  0.0    0  5.9 16 160   M    M   7 13     20 210
 2  84  72  78  -2   0  13 0.04  0.0    0  8.7 22 130   M    M   7 1      27 110
 3  83  73  78  -2   0  13 0.02  0.0    0  7.6 23 180   M    M   8 13     33 190
 4  87  73  80   0   0  15 0.11  0.0    0  8.8 17 170   M    M   9 13     24 200
 5  84  73  79  -1   0  14 1.52  0.0    0  6.3 17 150   M    M   8 138    24 150
 6  79  72  76  -4   0  11 2.03  0.0    0  4.6 12  60   M    M   8 13      M  M
 7  86  74  80  -1   0  15    T  0.0    0  9.9 16 360   M    M   4        28 340
 8  85  72  79  -2   0  14 0.00  0.0    0  6.9 13  30   M    M   2        22  20
 9  85  65  75  -6   0  10 0.00  0.0    0  6.3 15  70   M    M   5        20  50
10  87  71  79  -2   0  14 0.00  0.0    0  7.9 20 100   M    M   4        31 110
11  88  75  82   1   0  17 0.13  0.0    0 10.4 23 130   M    M   6 138    28 130
12  83  74  79  -2   0  14 0.95  0.0    0  6.9 15 190   M    M   8 13     18 190
13  88  73  81   0   0  16 0.03  0.0    0  5.9 16  80   M    M   6 3      19  80
14  89  75  82   0   0  17 0.03  0.0    0  5.6 12 260   M    M   6 13     15  90
15  91  75  83   1   0  18 0.19  0.0    0  5.0 20 240   M    M   5 38     25 230
16  91  74  83   1   0  18 0.00  0.0    0  5.6 23  60   M    M   5 13     30  80
17  86  70  78  -4   0  13 0.00  0.0    0  6.3 15  90   M    M   7 3      19  80
18  91  71  81  -1   0  16 1.30  0.0    0  4.5 38 260   M    M   7 138    51 260
19  92  75  84   2   0  19    T  0.0    0  7.8 16 100   M    M   4        19  70
20  82  73  78  -4   0  13 1.62  0.0    0 15.7 31  60   M    M   9 1      41  50
21  84  73  79  -3   0  14 2.34  0.0    0 18.7 31 140   M    M   9 13     45  50
22  88  78  83   1   0  18 0.20  0.0    0 17.7 29 190   M    M   7 1      39 190
================================================================================
SM 1896 1604         0 325 11.17     0.0 183.0          M      141
================================================================================
AV 86.2 72.9                               8.3 FASTST   M    M   6    MAX(MPH)
                                 MISC ---->  # 38 260               # 51  260
================================================================================
NOTES:
# LAST OF SEVERAL OCCURRENCES

COLUMN 17 PEAK WIND IN M.P.H.

PRELIMINARY LOCAL CLIMATOLOGICAL DATA (WS FORM: F-6) , PAGE 2

                                          STATION:  NEW ORLEANS
                                          MONTH:    JUNE
                                          YEAR:     2017
                                          LATITUDE:   29 58 N
                                          LONGITUDE:  90 15 W

[TEMPERATURE DATA]      [PRECIPITATION DATA]       SYMBOLS USED IN COLUMN 16

AVERAGE MONTHLY: 79.6   TOTAL FOR MONTH:  11.17    1 = FOG OR MIST
DPTR FM NORMAL:  -1.6   DPTR FM NORMAL:    5.24    2 = FOG REDUCING VISIBILITY
HIGHEST:    92 ON 19    GRTST 24HR  2.34 ON 21-21      TO 1/4 MILE OR LESS
LOWEST:     65 ON  9                               3 = THUNDER
                        SNOW, ICE PELLETS, HAIL    4 = ICE PELLETS
                        TOTAL MONTH:   0.0 INCH    5 = HAIL
                        GRTST 24HR     0.0         6 = FREEZING RAIN OR DRIZZLE
                        GRTST DEPTH:   0           7 = DUSTSTORM OR SANDSTORM:
                                                       VSBY 1/2 MILE OR LESS
                                                   8 = SMOKE OR HAZE
[NO. OF DAYS WITH]      [WEATHER - DAYS WITH]      9 = BLOWING SNOW
                                                   X = TORNADO
MAX 32 OR BELOW:   0    0.01 INCH OR MORE:  15
MAX 90 OR ABOVE:   4    0.10 INCH OR MORE:  11
MIN 32 OR BELOW:   0    0.50 INCH OR MORE:   7
MIN  0 OR BELOW:   0    1.00 INCH OR MORE:   5

[HDD (BASE 65) ]
TOTAL THIS MO.     0    CLEAR  (SCALE 0-3)   1
DPTR FM NORMAL     0    PTCLDY (SCALE 4-7)  17
TOTAL FM JUL 1   635    CLOUDY (SCALE 8-10)  4
DPTR FM NORMAL  -645

[CDD (BASE 65) ]
TOTAL THIS MO.   325
DPTR FM NORMAL   -29    [PRESSURE DATA]
TOTAL FM JAN 1  1080    HIGHEST SLP M ON M
DPTR FM NORMAL   107    LOWEST  SLP 29.64 ON 21

[REMARKS]
