000
CXUS55 KGJT 281000
CF6MTJ
PRELIMINARY LOCAL CLIMATOLOGICAL DATA (WS FORM: F-6)

                                          STATION:   MONTROSE CO
                                          MONTH:     SEPTEMBER
                                          YEAR:      2016
                                          LATITUDE:   38 30 N
                                          LONGITUDE: 107 53 W

  TEMPERATURE IN F:       :PCPN:    SNOW:  WIND      :SUNSHINE: SKY     :PK WND
================================================================================
1   2   3   4   5  6A  6B    7    8   9   10  11  12  13   14  15   16   17  18
                                     12Z  AVG MX 2MIN
DY MAX MIN AVG DEP HDD CDD  WTR  SNW DPTH SPD SPD DIR MIN PSBL S-S WX    SPD DR
================================================================================

 1  85  62  74   7   0   9    T    M    M  5.7 21 150   M    M   4 3      24 150
 2  79  57  68   1   0   3 0.38    M    M  4.2 13 140   M    M   3 13     14 140
 3  78  56  67   0   0   2 0.06    M    M  7.7 22 260   M    M   4 3      27 190
 4  82  57  70   4   0   5 0.05    M    M 11.4 30 200   M    M   3 3      35 200
 5  84  56  70   4   0   5 0.00    M    M 12.7 26 220   M    M   0        36 200
 6  84  49  67   1   0   2 0.00    M    M  9.1 23 230   M    M   0        32 230
 7  84  50  67   2   0   2 0.00    M    M  7.6 15 240   M    M   0        20  10
 8  85  47  66   1   0   1 0.00    M    M  6.9 16 140   M    M   0        17 140
 9  82  48  65   0   0   0 0.00    M    M  8.2 17 320   M    M   0        20 330
10  85  43  64   0   1   0 0.00    M    M  5.6 13 150   M    M   0        14 150
11  84  49  67   3   0   2 0.01    M    M  7.1 26 270   M    M   1 3      39 270
12  81  50  66   2   0   1 0.01    M    M  9.3 40 220   M    M   2 38     53 220
13  79  48  64   1   1   0 0.02    M    M  9.5 30 190   M    M   3 3      39 210
14  78  55  67   4   0   2    T    M    M 10.9 32 180   M    M   4 3      40 180
15  75  44  60  -3   5   0 0.00    M    M  6.7 21 280   M    M   1        25 280
16  75  42  59  -3   6   0 0.00    M    M  8.2 14 340   M    M   0        17 330
17  77  42  60  -2   5   0 0.00    M    M  7.0 14 120   M    M   0        17 330
18  81  42  62   1   3   0 0.00    M    M  7.1 16 130   M    M   0        19 130
19  87  47  67   6   0   2 0.00    M    M  7.3 14 130   M    M   0        17 320
20  77  52  65   4   0   0 0.01    M    M  8.0 26 200   M    M   4 8      33 200
21  76  54  65   5   0   0 0.01    M    M  5.9 17 340   M    M   6        22 190
22  85  52  69   9   0   4    T    M    M 10.3 25 210   M    M   3        35 190
23  69  42  56  -3   9   0 0.32    M    M 11.0 36 230   M    M   5 18     49 210
24  58  42  50  -9  15   0 0.00    M    M  2.8 12 310   M    M  10        14 310
25  65  38  52  -7  13   0 0.00    M    M  5.3 13 150   M    M   1        20 140
26  73  39  56  -2   9   0 0.00    M    M  7.2 13 130   M    M   0        15 330
27  77  42  60   2   5   0 0.00    M    M  6.9 14 340   M    M   0        16 340
================================================================================
SM 2125 1305        72  40  0.87    M    209.6          M       54
================================================================================
AV 78.7 48.3                               7.8 FASTST   M    M   2    MAX(MPH)
                                 MISC ---->  # 40 220               # 53  220
================================================================================
NOTES:
# LAST OF SEVERAL OCCURRENCES

COLUMN 17 PEAK WIND IN M.P.H.

PRELIMINARY LOCAL CLIMATOLOGICAL DATA (WS FORM: F-6) , PAGE 2

                                          STATION:  MONTROSE CO
                                          MONTH:    SEPTEMBER
                                          YEAR:     2016
                                          LATITUDE:   38 30 N
                                          LONGITUDE: 107 53 W

[TEMPERATURE DATA]      [PRECIPITATION DATA]       SYMBOLS USED IN COLUMN 16

AVERAGE MONTHLY: 63.5   TOTAL FOR MONTH:   0.87    1 = FOG OR MIST
DPTR FM NORMAL:   0.7   DPTR FM NORMAL:   -0.31    2 = FOG REDUCING VISIBILITY
HIGHEST:    87 ON 19    GRTST 24HR  0.38 ON  2- 2      TO 1/4 MILE OR LESS
LOWEST:     38 ON 25                               3 = THUNDER
                        SNOW, ICE PELLETS, HAIL    4 = ICE PELLETS
                        TOTAL MONTH:    M          5 = HAIL
                        GRTST 24HR    M  ON   M    6 = FREEZING RAIN OR DRIZZLE
                        GRTST DEPTH:  M  ON   M    7 = DUSTSTORM OR SANDSTORM:
                                                       VSBY 1/2 MILE OR LESS
                                                   8 = SMOKE OR HAZE
[NO. OF DAYS WITH]      [WEATHER - DAYS WITH]      9 = BLOWING SNOW
                                                   X = TORNADO
MAX 32 OR BELOW:   0    0.01 INCH OR MORE:   9
MAX 90 OR ABOVE:   0    0.10 INCH OR MORE:   2
MIN 32 OR BELOW:   0    0.50 INCH OR MORE:   0
MIN  0 OR BELOW:   0    1.00 INCH OR MORE:   0

[HDD (BASE 65) ]
TOTAL THIS MO.    72    CLEAR  (SCALE 0-3)  17
DPTR FM NORMAL   -24    PTCLDY (SCALE 4-7)   9
TOTAL FM JUL 1    82    CLOUDY (SCALE 8-10)  1
DPTR FM NORMAL   -19

[CDD (BASE 65) ]
TOTAL THIS MO.    40
DPTR FM NORMAL     3    [PRESSURE DATA]
TOTAL FM JAN 1   721    HIGHEST SLP M ON M
DPTR FM NORMAL    79    LOWEST  SLP 29.45 ON 23

[REMARKS]
