000
CXUS53 KILX 250900
CF6MTO
PRELIMINARY LOCAL CLIMATOLOGICAL DATA (WS FORM: F-6)

                                          STATION:   MATTOON IL AIRPORT
                                          MONTH:     SEPTEMBER
                                          YEAR:      2016
                                          LATITUDE:   39 28 N
                                          LONGITUDE:  88 17 W

  TEMPERATURE IN F:       :PCPN:    SNOW:  WIND      :SUNSHINE: SKY     :PK WND
================================================================================
1   2   3   4   5  6A  6B    7    8   9   10  11  12  13   14  15   16   17  18
                                     12Z  AVG MX 2MIN
DY MAX MIN AVG DEP HDD CDD  WTR  SNW DPTH SPD SPD DIR MIN PSBL S-S WX    SPD DR
================================================================================

 1  78  58  68  -4   0   3 0.00    M    M  9.6 21  60   M    M   2        27  40
 2  77  54  66  -6   0   1 0.00    M    M  7.5 18  60   M    M   1        23  70
 3  79  53  66  -5   0   1 0.00    M    M  4.7 14 110   M    M   1        19 100
 4  82  59  71   0   0   6 0.00    M    M  6.6 12 130   M    M   0        16 140
 5  87  67  77   6   0  12 0.00    M    M  7.7 14 190   M    M   1        20 160
 6  88  71  80  10   0  15 0.00    M    M  8.4 16 220   M    M   1        22 220
 7  89  71  80  10   0  15    T    M    M  9.4 16 190   M    M   1        23 200
 8  81  69  75   5   0  10 0.19    M    0  6.1 14 330   M    M   5 1      19 210
 9  81  65  73   3   0   8 0.07    M    M  7.1 17 170   M    M   6 123    24 160
10  78  56  67  -2   0   2 0.32    M    M  4.6  5 200   M    M   3 13      M  M
11  76  53  65  -4   0   0 0.00    M    M   M   M   M   M    M   M         M  M
12  79  55  67  -1   0   2 0.00    M    M  6.0 15 140   M    M   0 1      20 160
13  85  59  72   4   0   7 0.00    M    M  5.4 12 200   M    M   0        16 200
14  84  66  75   7   0  10 0.00    M    M  5.5 12 350   M    M   2        14 350
15  83  65  74   7   0   9 0.00    M    M  5.8  9 100   M    M   2 1      14 130
16  76  67  72   5   0   7 0.85    M    M  6.8 14 160   M    M   4 1      17 150
17  82  68  75   9   0  10 0.16    M    M  6.7 13 290   M    M   5 1      20 300
18  81  61  71   5   0   6 0.00    M    M  4.5  9 340   M    M   0        11 320
19  84  56  70   4   0   5 0.00    M    M  3.4 10 210   M    M   0        14 170
20  87  64  76  11   0  11 0.00    M    M  5.3 10 170   M    M   1        12 150
21  87  62  75  10   0  10 0.00    M    M  5.5 10 130   M    M   0        13 130
22  87  60  74  10   0   9 0.00    M    M  4.4 12 150   M    M   0        15 150
23  88  62  75  11   0  10 0.00    M    M  2.3  9 120   M    M   0 1      12 150
24  88  64  76  13   0  11 0.00    M    M  3.1  9 160   M    M   0 1      12  80
================================================================================
SM 1987 1485         0 180  1.59    M    136.4          M       35
================================================================================
AV 82.8 61.9                               5.9 FASTST   M    M   2    MAX(MPH)
                                 MISC ---->  # 21  60               # 27   40
================================================================================
NOTES:
# LAST OF SEVERAL OCCURRENCES

COLUMN 17 PEAK WIND IN M.P.H.

PRELIMINARY LOCAL CLIMATOLOGICAL DATA (WS FORM: F-6) , PAGE 2

                                          STATION:  MATTOON IL AIRPORT
                                          MONTH:    SEPTEMBER
                                          YEAR:     2016
                                          LATITUDE:   39 28 N
                                          LONGITUDE:  88 17 W

[TEMPERATURE DATA]      [PRECIPITATION DATA]       SYMBOLS USED IN COLUMN 16

AVERAGE MONTHLY: 72.3   TOTAL FOR MONTH:   1.59    1 = FOG OR MIST
DPTR FM NORMAL:   4.3   DPTR FM NORMAL:   -0.82    2 = FOG REDUCING VISIBILITY
HIGHEST:    89 ON  7    GRTST 24HR  1.01 ON 16-17      TO 1/4 MILE OR LESS
LOWEST:     53 ON 11, 3                            3 = THUNDER
                        SNOW, ICE PELLETS, HAIL    4 = ICE PELLETS
                        TOTAL MONTH:    M          5 = HAIL
                        GRTST 24HR    M  ON   M    6 = FREEZING RAIN OR DRIZZLE
                        GRTST DEPTH:   0           7 = DUSTSTORM OR SANDSTORM:
                                                       VSBY 1/2 MILE OR LESS
                                                   8 = SMOKE OR HAZE
[NO. OF DAYS WITH]      [WEATHER - DAYS WITH]      9 = BLOWING SNOW
                                                   X = TORNADO
MAX 32 OR BELOW:   0    0.01 INCH OR MORE:   5
MAX 90 OR ABOVE:   0    0.10 INCH OR MORE:   4
MIN 32 OR BELOW:   0    0.50 INCH OR MORE:   1
MIN  0 OR BELOW:   0    1.00 INCH OR MORE:   0

[HDD (BASE 65) ]
TOTAL THIS MO.     0    CLEAR  (SCALE 0-3)  18
DPTR FM NORMAL   -35    PTCLDY (SCALE 4-7)   5
TOTAL FM JUL 1     5    CLOUDY (SCALE 8-10)  0
DPTR FM NORMAL   -35

[CDD (BASE 65) ]
TOTAL THIS MO.   180
DPTR FM NORMAL    74    [PRESSURE DATA]
TOTAL FM JAN 1  1243    HIGHEST SLP M ON M
DPTR FM NORMAL   217    LOWEST  SLP 29.87 ON  8

[REMARKS]
