000
CXUS53 KILX 302300
CF6MTO
PRELIMINARY LOCAL CLIMATOLOGICAL DATA (WS FORM: F-6)

                                          STATION:   MATTOON IL AIRPORT
                                          MONTH:     JULY
                                          YEAR:      2016
                                          LATITUDE:   39 28 N
                                          LONGITUDE:  88 17 W

  TEMPERATURE IN F:       :PCPN:    SNOW:  WIND      :SUNSHINE: SKY     :PK WND
================================================================================
1   2   3   4   5  6A  6B    7    8   9   10  11  12  13   14  15   16   17  18
                                     12Z  AVG MX 2MIN
DY MAX MIN AVG DEP HDD CDD  WTR  SNW DPTH SPD SPD DIR MIN PSBL S-S WX    SPD DR
================================================================================

 1  82  60  71  -4   0   6 0.00    M    M  8.4 18  20   M    M   3 1      26  40
 2  67  55  61 -14   4   0 0.01    M    M  4.2  9  20   M    M   4        12 150
 3  68  59  64 -12   1   0 1.47    M    M  6.6 15 120   M    M  10 13     19 120
 4  76  66  71  -5   0   6 0.02    M    M  4.3 10 320   M    M  10 12     12 320
 5  85  67  76   0   0  11 0.00    M    M  5.3 10 210   M    M   4 1      14 200
 6  83  67  75  -1   0  10 0.60    M    M  8.1 32  10   M    M   4 138    42 360
 7  83  69  76   0   0  11 0.01  0.0    0  7.5 20 160   M    M   3 1      26 150
 8  89  72  81   5   0  16 0.04    M    M  8.2 18 310   M    M   3 13     24 310
 9  82  64  73  -3   0   8 0.00    M    M  6.9 15 360   M    M   1        19 320
10  84  62  73  -3   0   8 0.00    M    M  3.9 12 160   M    M   0        14 160
11  86  68  77   1   0  12 0.00    M    M  8.4 16 160   M    M   1        21 160
12  89  72  81   5   0  16 0.00    M    M  7.7 17 170   M    M   2 1      24 160
13  89  70  80   4   0  15 0.36    M    M  9.0 30 240   M    M   1 138    44 240
14  87  66  77   1   0  12 0.24  0.0    0  6.9 18 210   M    M   2 13     26 210
15  83  63  73  -3   0   8 0.00  0.0    0  7.5 20 320   M    M   1 3      23 310
16  81  63  72  -4   0   7 0.00  0.0    0  4.0 10  60   M    M   2        13  70
17  86  65  76   0   0  11    T  0.0    0  7.8 18 200   M    M   1 3      26 210
18  83  70  77   1   0  12 0.24  0.0    0  7.3 16 350   M    M   2 13     22 360
19  89  70  80   4   0  15 0.61    M    M  4.0 22 290   M    M   3 123    29 280
20  86  68  77   1   0  12 0.01    M    M  3.7 10 210   M    M   4 18     15 220
21  90  74  82   6   0  17 0.00    M    M  7.5 14 200   M    M   2 1      17 180
22  87  71  79   3   0  14 0.23    M    M  5.1 20 360   M    M   1 138    25 360
23  89  71  80   4   0  15 0.00    M    M  3.3  9 160   M    M   1 18     13 170
24  90  71  81   5   0  16 0.01    M    M  7.8 35  20   M    M   1 138    47  20
25  85  70  78   3   0  13 0.15    M    M  4.8 17 330   M    M   2 13     21 320
26  83  69  76   1   0  11 0.39    M    M  4.4 12 100   M    M   4 13     14 100
27  86  67  77   2   0  12 0.00    M    M  2.3  9 120   M    M   2        12 110
28  84  67  76   1   0  11 0.69    M    M  3.3 41 350   M    M   3 123    56 350
29  83  66  75   0   0  10 0.00    M    M  4.8 15 300   M    M   2 12     23 300
================================================================================
SM 2435 1942         5 315  5.08     0.0 173.0          M       79
================================================================================
AV 84.0 67.0                               6.0 FASTST   M    M   3    MAX(MPH)
                                 MISC ---->  # 41 350               # 56  350
================================================================================
NOTES:
# LAST OF SEVERAL OCCURRENCES

COLUMN 17 PEAK WIND IN M.P.H.

PRELIMINARY LOCAL CLIMATOLOGICAL DATA (WS FORM: F-6) , PAGE 2

                                          STATION:  MATTOON IL AIRPORT
                                          MONTH:    JULY
                                          YEAR:     2016
                                          LATITUDE:   39 28 N
                                          LONGITUDE:  88 17 W

[TEMPERATURE DATA]      [PRECIPITATION DATA]       SYMBOLS USED IN COLUMN 16

AVERAGE MONTHLY: 75.5   TOTAL FOR MONTH:   5.08    1 = FOG OR MIST
DPTR FM NORMAL:  -0.3   DPTR FM NORMAL:    1.04    2 = FOG REDUCING VISIBILITY
HIGHEST:    90 ON 24,21 GRTST 24HR  1.48 ON  2- 3      TO 1/4 MILE OR LESS
LOWEST:     55 ON  2                               3 = THUNDER
                        SNOW, ICE PELLETS, HAIL    4 = ICE PELLETS
                        TOTAL MONTH:   0.0 INCH    5 = HAIL
                        GRTST 24HR     0.0         6 = FREEZING RAIN OR DRIZZLE
                        GRTST DEPTH:   0           7 = DUSTSTORM OR SANDSTORM:
                                                       VSBY 1/2 MILE OR LESS
                                                   8 = SMOKE OR HAZE
[NO. OF DAYS WITH]      [WEATHER - DAYS WITH]      9 = BLOWING SNOW
                                                   X = TORNADO
MAX 32 OR BELOW:   0    0.01 INCH OR MORE:  16
MAX 90 OR ABOVE:   2    0.10 INCH OR MORE:  10
MIN 32 OR BELOW:   0    0.50 INCH OR MORE:   4
MIN  0 OR BELOW:   0    1.00 INCH OR MORE:   1

[HDD (BASE 65) ]
TOTAL THIS MO.     5    CLEAR  (SCALE 0-3)  20
DPTR FM NORMAL     5    PTCLDY (SCALE 4-7)   7
TOTAL FM JUL 1     5    CLOUDY (SCALE 8-10)  2
DPTR FM NORMAL     5

[CDD (BASE 65) ]
TOTAL THIS MO.   315
DPTR FM NORMAL     3    [PRESSURE DATA]
TOTAL FM JAN 1   703    HIGHEST SLP M ON M
DPTR FM NORMAL    80    LOWEST  SLP 29.75 ON  7

[REMARKS]
