000
CXUS53 KILX 282300
CF6MTO
PRELIMINARY LOCAL CLIMATOLOGICAL DATA (WS FORM: F-6)

                                          STATION:   MATTOON IL AIRPORT
                                          MONTH:     MARCH
                                          YEAR:      2015
                                          LATITUDE:   39 28 N
                                          LONGITUDE:  88 17 W

  TEMPERATURE IN F:       :PCPN:    SNOW:  WIND      :SUNSHINE: SKY     :PK WND
================================================================================
1   2   3   4   5  6A  6B    7    8   9   10  11  12  13   14  15   16   17  18
                                     12Z  AVG MX 2MIN
DY MAX MIN AVG DEP HDD CDD  WTR  SNW DPTH SPD SPD DIR MIN PSBL S-S WX    SPD DR
================================================================================

 1  29  17  23 -14  42   0    M    M    M  5.8 13 310   M    M   8 1      15 310
 2  31  11  21 -16  44   0 0.00    M    M  6.3 13 140   M    M   0 18     17 130
 3  41  28  35  -3  30   0 0.11    M    M 10.9 28 220   M    M  10 126    32 220
 4  34  17  26 -12  39   0    T    M    M 15.4 28 340   M    M   7 1      31 340
 5  17   0   9 -29  56   0 0.00    M    M 10.6 22 320   M    M   0        25 320
 6  27  -6  11 -28  54   0 0.00    M    M 11.6 24 170   M    M   1        30 160
 7  46  25  36  -3  29   0 0.00    M    M 10.2 16 210   M    M   1        23 200
 8  49  26  38  -2  27   0 0.00    M    M  4.4 14 150   M    M   0 1      17 150
 9  42  28  35  -5  30   0 0.00    M    M  5.1 13 160   M    M   7 1      16 140
10  48  36  42   2  23   0 0.30    M    M  4.3 10 360   M    M  10 12     12 360
11  66  32  49   8  16   0 0.00    M    M  5.5 15  10   M    M   3 128    19 350
12  60  33  47   6  18   0 0.00    M    M  7.9 18 120   M    M   0 18     23 130
13  49  41  45   3  20   0 0.72    M    M  3.7  8 110   M    M  10 18     10 110
14  59  39  49   7  16   0 0.04    M    M  9.4 21 360   M    M   3 12     24 340
15  64  33  49   7  16   0 0.00    M    M  7.2 15 200   M    M   0        19 210
16  72  48  60  17   5   0 0.00    M    M  9.9 18 210   M    M   0        25 200
17  59  31  45   2  20   0 0.00    M    M 17.6 37  20   M    M   1        45  20
18  45  27  36  -7  29   0 0.00    M    M  6.8 15 100   M    M   3        20 130
19  49  39  44   0  21   0 0.13    M    M  7.2 16 110   M    M  10 1      22 110
20  47  36  42  -2  23   0 0.00    M    M  4.6 14 280   M    M   8 18      M 330
21  64  36  50   6  15   0 0.00    M    M  8.4 18 350   M    M   0 1      21  20
22  56  35  46   1  19   0 0.00    M    M 10.1 17  60   M    M   0        21  50
23  44  30  37  -8  28   0 0.08    M    M 12.2 22  50   M    M   6        26  50
24  45  29  37  -8  28   0 0.58    M    M 11.6 23 140   M    M   9 1368   29 130
25  51  43  47   1  18   0    M    M    M  8.8 23 350   M    M   8 138    27 360
26  47  32  40  -6  25   0 0.52    M    M 14.0 23 360   M    M   7 1      29 360
27  39  24  32 -14  33   0    T    M    M 12.3 24 330   M    M   6 1      29 330
================================================================================
SM 1280  770       724   0  2.48    M    241.8          M      118
================================================================================
AV 47.4 28.5                               9.0 FASTST   M    M   4    MAX(MPH)
                                 MISC ---->  # 37  20               # 45   20
================================================================================
NOTES:
# LAST OF SEVERAL OCCURRENCES

COLUMN 17 PEAK WIND IN M.P.H.

PRELIMINARY LOCAL CLIMATOLOGICAL DATA (WS FORM: F-6) , PAGE 2

                                          STATION:  MATTOON IL AIRPORT
                                          MONTH:    MARCH
                                          YEAR:     2015
                                          LATITUDE:   39 28 N
                                          LONGITUDE:  88 17 W

[TEMPERATURE DATA]      [PRECIPITATION DATA]       SYMBOLS USED IN COLUMN 16

AVERAGE MONTHLY: 38.0   TOTAL FOR MONTH:   2.48    1 = FOG OR MIST
DPTR FM NORMAL:  -3.8   DPTR FM NORMAL:    0.35    2 = FOG REDUCING VISIBILITY
HIGHEST:    72 ON 16    GRTST 24HR  0.72 ON 13-13      TO 1/4 MILE OR LESS
LOWEST:     -6 ON  6                               3 = THUNDER
                        SNOW, ICE PELLETS, HAIL    4 = ICE PELLETS
                        TOTAL MONTH:    M          5 = HAIL
                        GRTST 24HR    M  ON   M    6 = FREEZING RAIN OR DRIZZLE
                        GRTST DEPTH:  M  ON   M    7 = DUSTSTORM OR SANDSTORM:
                                                       VSBY 1/2 MILE OR LESS
                                                   8 = SMOKE OR HAZE
[NO. OF DAYS WITH]      [WEATHER - DAYS WITH]      9 = BLOWING SNOW
                                                   X = TORNADO
MAX 32 OR BELOW:   4    0.01 INCH OR MORE:   8
MAX 90 OR ABOVE:   0    0.10 INCH OR MORE:   6
MIN 32 OR BELOW:  16    0.50 INCH OR MORE:   3
MIN  0 OR BELOW:   2    1.00 INCH OR MORE:   0

[HDD (BASE 65) ]
TOTAL THIS MO.   724    CLEAR  (SCALE 0-3)  13
DPTR FM NORMAL    96    PTCLDY (SCALE 4-7)   9
TOTAL FM JUL 1  5417    CLOUDY (SCALE 8-10)  5
DPTR FM NORMAL   585

[CDD (BASE 65) ]
TOTAL THIS MO.     0
DPTR FM NORMAL     0    [PRESSURE DATA]
TOTAL FM JAN 1     0    HIGHEST SLP M ON M
DPTR FM NORMAL     0    LOWEST  SLP 29.81 ON  3

[REMARKS]
