000
CXUS51 KBTV 260700
CF6MVL
PRELIMINARY LOCAL CLIMATOLOGICAL DATA (WS FORM: F-6)

                                          STATION:   MORRISVILLE VT
                                          MONTH:     DECEMBER
                                          YEAR:      2014
                                          LATITUDE:   44 31 N
                                          LONGITUDE:  72 37 W

  TEMPERATURE IN F:       :PCPN:    SNOW:  WIND      :SUNSHINE: SKY     :PK WND
================================================================================
1   2   3   4   5  6A  6B    7    8   9   10  11  12  13   14  15   16   17  18
                                     12Z  AVG MX 2MIN
DY MAX MIN AVG DEP HDD CDD  WTR  SNW DPTH SPD SPD DIR MIN PSBL S-S WX    SPD DR
================================================================================

 1  47  26  37   8  28   0    T    M    0  9.1 20 340   M    M   9        28 290
 2  30  12  21  -7  44   0 0.08    M    0  4.6 18 200   M    M   4 1      30 210
 3  38  27  33   5  32   0 0.02    M    0  5.5 22 300   M    M  10 1      35 280
 4  35   7  21  -6  44   0 0.02    M    0  7.3 15 310   M    M   5 1      27 310
 5  31   4  18  -9  47   0    T    M    0  2.5 14 190   M    M   4 18     21 190
 6  33  30  32   6  33   0 0.04    M    0  4.6 16 340   M    M  10 1      21 330
 7  30   0  15 -11  50   0    T    T    0  7.2 16 340   M    M   5 8      21 340
 8  19  -4   8 -18  57   0 0.00  0.0    0  2.3 10 200   M    M   0        20 200
 9   M   M   M   M   M   M    M    M    M   M   M   M   M    M   M         M  M
10   M   M   M   M   M   M 0.43    M    M  7.5 10 350   M    M   9 1      17 360
11  32  29  31   7  34   0 0.02    M    M  1.0  6  40   M    M   9 1       7  30
12  30  25  28   4  37   0    T    M    0  2.3  9 350   M    M  10 1      14  10
13  29  25  27   3  38   0    T    M    0  2.5 13  20   M    M  10 18     16  20
14  34  30  32   9  33   0    T    M    0  2.8  9 350   M    M  10 1       M  M
15  30  26  28   5  37   0 0.00  0.0    0  3.4 13  10   M    M  10 1      20  10
16  35  28  32  10  33   0 0.01    M    0  2.3  9 200   M    M  10 1      14 190
17  35  33  34  12  31   0    T    M    0  0.3  5  10   M    M  10 12      6 170
18  34  27  31   9  34   0 0.01    M    0  6.9 22 300   M    M   9 168    30 300
19  27  13  20  -1  45   0    T    M    0  7.9 15 350   M    M   9 168    23 360
20  27   2  15  -6  50   0 0.00  0.0    0  0.1  5 330   M    M   0 18      5 340
21  24   3  14  -7  51   0 0.00  0.0    0  0.0  5 190   M    M   9 1       5 190
22  33  23  28   8  37   0    T    M    0  0.6  6 120   M    M  10 18      7 110
23  38  31  35  15  30   0 0.03    M    0  2.8  8 190   M    M  10 1      13 220
24  41  38  40  20  25   0 0.10    M    0  5.1 13 210   M    M  10 1      19 230
25  47  37  42  22  23   0 0.02    M    0  6.7 24 310   M    M  10 1      38 270
================================================================================
SM  759  472       873   0  0.78    T     95.3          M      192
================================================================================
AV 33.0 20.5                               4.0 FASTST   M    M   8    MAX(MPH)
                                 MISC ---->  # 24 310               # 38  270
================================================================================
NOTES:
# LAST OF SEVERAL OCCURRENCES

COLUMN 17 PEAK WIND IN M.P.H.

PRELIMINARY LOCAL CLIMATOLOGICAL DATA (WS FORM: F-6) , PAGE 2

                                          STATION:  MORRISVILLE VT
                                          MONTH:    DECEMBER
                                          YEAR:     2014
                                          LATITUDE:   44 31 N
                                          LONGITUDE:  72 37 W

[TEMPERATURE DATA]      [PRECIPITATION DATA]       SYMBOLS USED IN COLUMN 16

AVERAGE MONTHLY: 26.8   TOTAL FOR MONTH:   0.78    1 = FOG OR MIST
DPTR FM NORMAL:   3.0   DPTR FM NORMAL:   -1.44    2 = FOG REDUCING VISIBILITY
HIGHEST:    47 ON 25, 1 GRTST 24HR  0.49 ON 10-11      TO 1/4 MILE OR LESS
LOWEST:     -4 ON  8                               3 = THUNDER
                        SNOW, ICE PELLETS, HAIL    4 = ICE PELLETS
                        TOTAL MONTH:    T          5 = HAIL
                        GRTST 24HR    T  ON  7- 7  6 = FREEZING RAIN OR DRIZZLE
                        GRTST DEPTH:   0           7 = DUSTSTORM OR SANDSTORM:
                                                       VSBY 1/2 MILE OR LESS
                                                   8 = SMOKE OR HAZE
[NO. OF DAYS WITH]      [WEATHER - DAYS WITH]      9 = BLOWING SNOW
                                                   X = TORNADO
MAX 32 OR BELOW:  11    0.01 INCH OR MORE:  11
MAX 90 OR ABOVE:   0    0.10 INCH OR MORE:   2
MIN 32 OR BELOW:  20    0.50 INCH OR MORE:   0
MIN  0 OR BELOW:   2    1.00 INCH OR MORE:   0

[HDD (BASE 65) ]
TOTAL THIS MO.   873    CLEAR  (SCALE 0-3)   2
DPTR FM NORMAL  -158    PTCLDY (SCALE 4-7)   4
TOTAL FM JUL 1  2216    CLOUDY (SCALE 8-10) 18
DPTR FM NORMAL  -643

[CDD (BASE 65) ]
TOTAL THIS MO.     0
DPTR FM NORMAL     0    [PRESSURE DATA]
TOTAL FM JAN 1   249    HIGHEST SLP M ON M
DPTR FM NORMAL   -16    LOWEST  SLP 29.40 ON 25

[REMARKS]
