000
CXUS51 KBTV 310700
CF6MVL
PRELIMINARY LOCAL CLIMATOLOGICAL DATA (WS FORM: F-6)

                                          STATION:   MORRISVILLE VT
                                          MONTH:     AUGUST
                                          YEAR:      2015
                                          LATITUDE:   44 31 N
                                          LONGITUDE:  72 37 W

  TEMPERATURE IN F:       :PCPN:    SNOW:  WIND      :SUNSHINE: SKY     :PK WND
================================================================================
1   2   3   4   5  6A  6B    7    8   9   10  11  12  13   14  15   16   17  18
                                     12Z  AVG MX 2MIN
DY MAX MIN AVG DEP HDD CDD  WTR  SNW DPTH SPD SPD DIR MIN PSBL S-S WX    SPD DR
================================================================================

 1  81  59  70   3   0   5    T  0.0    0  3.8 17 330   M    M   5 1      23 310
 2  82  56  69   2   0   4 0.00  0.0    0  3.3 12 200   M    M   4 12     16 190
 3  86  58  72   5   0   7 0.02    M    M   M   M   M   M    M   M         M  M
 4  79  58  69   2   0   4 0.04  0.0    0  2.0  9 300   M    M   6 12     17 290
 5  76  58  67   0   0   2 0.04  0.0    0  3.4 12 340   M    M   8 18     20 300
 6  73  58  66  -1   0   1    T  0.0    0  3.8 13 300   M    M   6        17 330
 7  74  51  63  -4   2   0 0.00  0.0    0  2.3 10 340   M    M   4 12     15 340
 8  76  48  62  -5   3   0 0.00  0.0    0  1.7 10 350   M    M   4 12     14 340
 9  83  52  68   2   0   3 0.00  0.0    0  2.7 12 350   M    M   3 1      16 340
10  85  57  71   5   0   6 0.00  0.0    0  3.0 12 210   M    M   4 12     20 190
11  72  65  69   3   0   4 0.40  0.0    0  3.1 14 180   M    M  10 1      22 200
12  77  63  70   4   0   5    T  0.0    0  1.7 10 300   M    M   9 1      15 300
13  77  55  66   0   0   1 0.01  0.0    0  1.8  9 330   M    M   7 1      15 340
14  84  54  69   3   0   4 0.20  0.0    0  2.6 12 200   M    M   7 128    18 210
15  83  66  75   9   0  10    T  0.0    0  1.0  6 190   M    M   6 12      9  30
16  86  65  76  10   0  11 0.00  0.0    0  2.0  7 190   M    M   5 12     10 360
17  89  63  76  10   0  11 0.00  0.0    0  1.7  7  99   M    M   4 12      M  M
18  90  64  77  12   0  12 0.00  0.0    0  1.5  8 200   M    M   3 12     11 210
19  91  64  78  13   0  13 0.00  0.0    0  2.5 12 190   M    M   1 18     17 190
20  87  64  76  11   0  11    T  0.0    0  5.9 18 170   M    M   5 1      30 160
21  81  64  73   8   0   8 0.29  0.0    0  1.9 10 170   M    M   8 1      19 190
22  81  58  70   5   0   5 0.00  0.0    0  1.9 10  10   M    M   4 1      14 360
23  84  56  70   5   0   5 0.00  0.0    0  1.6  9 120   M    M   6 1      13 100
24  85  64  75  11   0  10    T  0.0    0  2.7 10 200   M    M   5        15 200
25  82  63  73   9   0   8 0.13  0.0    0  1.7 14 350   M    M   9 1      20 350
26  76  58  67   3   0   2 0.02  0.0    0  1.4 10 340   M    M   7 12     16 330
27  73  55  64   0   1   0    T  0.0    0  1.9 12 320   M    M   7 12     17 310
28  76  52  64   0   1   0 0.00  0.0    0  1.6 13 310   M    M   4        20  30
29  77  52  65   1   0   0 0.00  0.0    0  0.6  7 340   M    M   5 12      9 330
30  80  61  71   8   0   6 0.00  0.0    0  1.3  7  20   M    M   6 1       9  70
================================================================================
SM 2426 1761         7 158  1.15     0.0  66.4          M      162
================================================================================
AV 80.9 58.7                               2.3 FASTST   M    M   6    MAX(MPH)
                                 MISC ---->  # 18 170               # 30  160
================================================================================
NOTES:
# LAST OF SEVERAL OCCURRENCES

COLUMN 17 PEAK WIND IN M.P.H.

PRELIMINARY LOCAL CLIMATOLOGICAL DATA (WS FORM: F-6) , PAGE 2

                                          STATION:  MORRISVILLE VT
                                          MONTH:    AUGUST
                                          YEAR:     2015
                                          LATITUDE:   44 31 N
                                          LONGITUDE:  72 37 W

[TEMPERATURE DATA]      [PRECIPITATION DATA]       SYMBOLS USED IN COLUMN 16

AVERAGE MONTHLY: 69.8   TOTAL FOR MONTH:   1.15    1 = FOG OR MIST
DPTR FM NORMAL:   4.2   DPTR FM NORMAL:   -2.78    2 = FOG REDUCING VISIBILITY
HIGHEST:    91 ON 19    GRTST 24HR  0.40 ON 11-11      TO 1/4 MILE OR LESS
LOWEST:     48 ON  8                               3 = THUNDER
                        SNOW, ICE PELLETS, HAIL    4 = ICE PELLETS
                        TOTAL MONTH:   0.0 INCH    5 = HAIL
                        GRTST 24HR     0.0         6 = FREEZING RAIN OR DRIZZLE
                        GRTST DEPTH:   0           7 = DUSTSTORM OR SANDSTORM:
                                                       VSBY 1/2 MILE OR LESS
                                                   8 = SMOKE OR HAZE
[NO. OF DAYS WITH]      [WEATHER - DAYS WITH]      9 = BLOWING SNOW
                                                   X = TORNADO
MAX 32 OR BELOW:   0    0.01 INCH OR MORE:   9
MAX 90 OR ABOVE:   2    0.10 INCH OR MORE:   4
MIN 32 OR BELOW:   0    0.50 INCH OR MORE:   0
MIN  0 OR BELOW:   0    1.00 INCH OR MORE:   0

[HDD (BASE 65) ]
TOTAL THIS MO.     7    CLEAR  (SCALE 0-3)   3
DPTR FM NORMAL   -55    PTCLDY (SCALE 4-7)  23
TOTAL FM JUL 1    30    CLOUDY (SCALE 8-10)  3
DPTR FM NORMAL   -62

[CDD (BASE 65) ]
TOTAL THIS MO.   158
DPTR FM NORMAL    82    [PRESSURE DATA]
TOTAL FM JAN 1   408    HIGHEST SLP M ON M
DPTR FM NORMAL   164    LOWEST  SLP 29.75 ON 11

[REMARKS]
