000
CXUS51 KBTV 200700
CF6MVL
PRELIMINARY LOCAL CLIMATOLOGICAL DATA (WS FORM: F-6)

                                          STATION:   MORRISVILLE VT
                                          MONTH:     JANUARY
                                          YEAR:      2018
                                          LATITUDE:   44 31 N
                                          LONGITUDE:  72 37 W

  TEMPERATURE IN F:       :PCPN:    SNOW:  WIND      :SUNSHINE: SKY     :PK WND
================================================================================
1   2   3   4   5  6A  6B    7    8   9   10  11  12  13   14  15   16   17  18
                                     12Z  AVG MX 2MIN
DY MAX MIN AVG DEP HDD CDD  WTR  SNW DPTH SPD SPD DIR MIN PSBL S-S WX    SPD DR
================================================================================

 1   0 -24 -12 -30  77   0    T    M    0  3.2 16 350   M    M   3 8      20 350
 2   6   5   6 -12  59   0    T    M    0  2.0  8 190   M    M   2 18      M  M
 3   M   M   M   M   M   M    T    M    0  3.7  9 230   M    M   0 1       M  M
 4   M   M   M   M   M   M 0.10    M    0  7.1 27 340   M    M   1 1      36 320
 5  11  -7   2 -15  63   0    T    M    0  8.0 20 310   M    M  10 8      31 310
 6  -6 -11  -8 -25  73   0    T    M    0  6.8 20 340   M    M   8 8      28 320
 7  13 -23  -5 -21  70   0    T    M    0  3.8 14 210   M    M   4 1      21 300
 8  33   7  20   4  45   0 0.13    M    0  4.6 12 210   M    M  10 1      18 210
 9  33  14  24   8  41   0 0.04    M    0  8.3 18 310   M    M  10 1      27 280
10  31  22  27  11  38   0 0.02    M    0  3.6  8 180   M    M   1         M  M
11  52  30  41  25  24   0 0.03    M    0  7.7 18 210   M    M   8        24 210
12  52  30  41  25  24   0 1.63    M    0  5.3 23  10   M    M  10 126    31 340
13  30   2  16   0  49   0 0.57    M    0 13.0 24 350   M    M  10 1689   38 340
14   5  -8  -1 -17  66   0    T    M    0  6.2 17  10   M    M   1        22  10
15  17 -10   4 -12  61   0 0.00  0.0    0  1.2  7 180   M    M   1         9 170
16  25   6  16   1  49   0 0.01    M    0  2.2  8 160   M    M  10 1      10 170
17  26  12  19   4  46   0 0.01    M    0  1.1  9  20   M    M  10 1      11  10
18  27   1  14  -1  51   0 0.06    M    0  2.8 10 220   M    M   5 1      17 340
19  27  20  24   9  41   0    T    M    0  3.2 13 220   M    M   5 1      16 210
================================================================================
SM  382   66       877   0  2.60     0.0  93.8          M      109
================================================================================
AV 22.5  3.9                               4.9 FASTST   M    M   6    MAX(MPH)
                                 MISC ---->  # 27 340               # 38  340
================================================================================
NOTES:
# LAST OF SEVERAL OCCURRENCES

COLUMN 17 PEAK WIND IN M.P.H.

PRELIMINARY LOCAL CLIMATOLOGICAL DATA (WS FORM: F-6) , PAGE 2

                                          STATION:  MORRISVILLE VT
                                          MONTH:    JANUARY
                                          YEAR:     2018
                                          LATITUDE:   44 31 N
                                          LONGITUDE:  72 37 W

[TEMPERATURE DATA]      [PRECIPITATION DATA]       SYMBOLS USED IN COLUMN 16

AVERAGE MONTHLY: 13.2   TOTAL FOR MONTH:   2.60    1 = FOG OR MIST
DPTR FM NORMAL:  -3.0   DPTR FM NORMAL:    0.95    2 = FOG REDUCING VISIBILITY
HIGHEST:    52 ON 12,11 GRTST 24HR  1.63 ON 12-12      TO 1/4 MILE OR LESS
LOWEST:    -24 ON  1                               3 = THUNDER
                        SNOW, ICE PELLETS, HAIL    4 = ICE PELLETS
                        TOTAL MONTH:   0.0 INCH    5 = HAIL
                        GRTST 24HR     0.0         6 = FREEZING RAIN OR DRIZZLE
                        GRTST DEPTH:   0           7 = DUSTSTORM OR SANDSTORM:
                                                       VSBY 1/2 MILE OR LESS
                                                   8 = SMOKE OR HAZE
[NO. OF DAYS WITH]      [WEATHER - DAYS WITH]      9 = BLOWING SNOW
                                                   X = TORNADO
MAX 32 OR BELOW:  13    0.01 INCH OR MORE:  10
MAX 90 OR ABOVE:   0    0.10 INCH OR MORE:   4
MIN 32 OR BELOW:  17    0.50 INCH OR MORE:   2
MIN  0 OR BELOW:   6    1.00 INCH OR MORE:   1

[HDD (BASE 65) ]
TOTAL THIS MO.   877    CLEAR  (SCALE 0-3)   6
DPTR FM NORMAL   -51    PTCLDY (SCALE 4-7)   6
TOTAL FM JUL 1  4001    CLOUDY (SCALE 8-10)  7
DPTR FM NORMAL   -65

[CDD (BASE 65) ]
TOTAL THIS MO.     0
DPTR FM NORMAL     0    [PRESSURE DATA]
TOTAL FM JAN 1     0    HIGHEST SLP M ON M
DPTR FM NORMAL     0    LOWEST  SLP 29.29 ON  4

[REMARKS]
