000
CXUS51 KBTV 240700
CF6MVL
PRELIMINARY LOCAL CLIMATOLOGICAL DATA (WS FORM: F-6)

                                          STATION:   MORRISVILLE VT
                                          MONTH:     SEPTEMBER
                                          YEAR:      2017
                                          LATITUDE:   44 31 N
                                          LONGITUDE:  72 37 W

  TEMPERATURE IN F:       :PCPN:    SNOW:  WIND      :SUNSHINE: SKY     :PK WND
================================================================================
1   2   3   4   5  6A  6B    7    8   9   10  11  12  13   14  15   16   17  18
                                     12Z  AVG MX 2MIN
DY MAX MIN AVG DEP HDD CDD  WTR  SNW DPTH SPD SPD DIR MIN PSBL S-S WX    SPD DR
================================================================================

 1  57  39  48 -15  17   0 0.00  0.0    0  5.2 18 300   M    M   8        27 340
 2  68  33  51 -11  14   0 0.00  0.0    0  1.8  9 360   M    M   0 1      12 350
 3  53  42  48 -14  17   0 0.94    M    0  3.5 12 210   M    M   7 1      17 150
 4  74  53  64   2   1   0 0.05  0.0    0  6.7 16 210   M    M   4 1      26 200
 5  69  56  63   1   2   0 1.17  0.0    0  4.2 16  20   M    M   8 1      23 200
 6  61  55  58  -3   7   0 0.17  0.0    0  1.2  7  30   M    M   9 12      9  30
 7  67  47  57  -4   8   0 0.33    M    0  3.0 15 210   M    M   7 12     20 200
 8  63  45  54  -7  11   0 0.05    M    0  2.7 10 230   M    M   9 1      16 230
 9  60  49  55  -5  10   0    T    M    0  3.9 14 340   M    M  10 1      21  10
10  63  41  52  -8  13   0 0.00  0.0    0  4.1 14 340   M    M   4 1      18 320
11  72  37  55  -5  10   0 0.00  0.0    0  3.0 14  10   M    M   1 12     17 360
12  75  44  60   1   5   0 0.00  0.0    0  1.0  9  10   M    M   4 12     12 230
13  78  45  62   3   3   0 0.00  0.0    0  1.7 12 200   M    M   2 12     15 210
14  77  52  65   6   0   0 0.00  0.0    0  1.2  8 160   M    M   8 12     10 160
15  81  57  69  11   0   4 0.00  0.0    0  1.7  8 350   M    M   4 12     11 320
16  80  56  68  10   0   3 0.00  0.0    0  1.2 10  10   M    M   5 12     12  10
17  81  55  68  11   0   3 0.00  0.0    0  1.1  8  10   M    M   5 12     10 160
18  83  54  69  12   0   4 0.00  0.0    0  2.5 10 200   M    M   5 12     13 200
19  76  51  64   8   1   0 0.00  0.0    0  2.6 15 160   M    M   2 1      20 170
20  79  50  65   9   0   0 0.00  0.0    0  2.4 15  10   M    M   5 12     20  10
21  78  45  62   6   3   0 0.00  0.0    0  2.8 15  30   M    M   3 12     20  20
22  79  40  60   5   5   0 0.00  0.0    0  1.5  9  20   M    M   2 12     12  20
23  82  42  62   7   3   0 0.00  0.0    0  1.9 12  10   M    M   2 1      15 360
================================================================================
SM 1656 1088       130  14  2.71     0.0  60.9          M      114
================================================================================
AV 72.0 47.3                               2.6 FASTST   M    M   5    MAX(MPH)
                                 MISC ---->  # 18 300               # 27  340
================================================================================
NOTES:
# LAST OF SEVERAL OCCURRENCES

COLUMN 17 PEAK WIND IN M.P.H.

PRELIMINARY LOCAL CLIMATOLOGICAL DATA (WS FORM: F-6) , PAGE 2

                                          STATION:  MORRISVILLE VT
                                          MONTH:    SEPTEMBER
                                          YEAR:     2017
                                          LATITUDE:   44 31 N
                                          LONGITUDE:  72 37 W

[TEMPERATURE DATA]      [PRECIPITATION DATA]       SYMBOLS USED IN COLUMN 16

AVERAGE MONTHLY: 59.7   TOTAL FOR MONTH:   2.71    1 = FOG OR MIST
DPTR FM NORMAL:   0.6   DPTR FM NORMAL:    0.17    2 = FOG REDUCING VISIBILITY
HIGHEST:    83 ON 18    GRTST 24HR  1.17 ON  5- 5      TO 1/4 MILE OR LESS
LOWEST:     33 ON  2                               3 = THUNDER
                        SNOW, ICE PELLETS, HAIL    4 = ICE PELLETS
                        TOTAL MONTH:   0.0 INCH    5 = HAIL
                        GRTST 24HR     0.0         6 = FREEZING RAIN OR DRIZZLE
                        GRTST DEPTH:   0           7 = DUSTSTORM OR SANDSTORM:
                                                       VSBY 1/2 MILE OR LESS
                                                   8 = SMOKE OR HAZE
[NO. OF DAYS WITH]      [WEATHER - DAYS WITH]      9 = BLOWING SNOW
                                                   X = TORNADO
MAX 32 OR BELOW:   0    0.01 INCH OR MORE:   6
MAX 90 OR ABOVE:   0    0.10 INCH OR MORE:   4
MIN 32 OR BELOW:   0    0.50 INCH OR MORE:   2
MIN  0 OR BELOW:   0    1.00 INCH OR MORE:   1

[HDD (BASE 65) ]
TOTAL THIS MO.   130    CLEAR  (SCALE 0-3)   7
DPTR FM NORMAL   -23    PTCLDY (SCALE 4-7)  12
TOTAL FM JUL 1   292    CLOUDY (SCALE 8-10)  4
DPTR FM NORMAL    44

[CDD (BASE 65) ]
TOTAL THIS MO.    14
DPTR FM NORMAL     1    [PRESSURE DATA]
TOTAL FM JAN 1   158    HIGHEST SLP M ON M
DPTR FM NORMAL  -102    LOWEST  SLP 29.66 ON  5

[REMARKS]
