000
CXUS56 KOTX 011500
CF6MWH
PRELIMINARY LOCAL CLIMATOLOGICAL DATA (WS FORM: F-6)

                                          STATION:   MOSES LAKE WA AIRPORT
                                          MONTH:     FEBRUARY
                                          YEAR:      2015
                                          LATITUDE:   47 12 N
                                          LONGITUDE: 119 19 W

  TEMPERATURE IN F:       :PCPN:    SNOW:  WIND      :SUNSHINE: SKY     :PK WND
================================================================================
1   2   3   4   5  6A  6B    7    8   9   10  11  12  13   14  15   16   17  18
                                     12Z  AVG MX 2MIN
DY MAX MIN AVG DEP HDD CDD  WTR  SNW DPTH SPD SPD DIR MIN PSBL S-S WX    SPD DR
================================================================================

 1  38  33  36   4  29   0 0.02    M    M  5.6  9 180   M    M   9 1      12 190
 2  39  32  36   3  29   0 0.02    M    M  4.7 13  50   M    M  10 12     14  60
 3  45  32  39   6  26   0 0.00    M    M  4.7 10  30   M    M   8 12     11  30
 4  43  35  39   6  26   0 0.04    M    M  5.3 12  30   M    M  10 12     13  30
 5  45  38  42   9  23   0 0.15    M    M  6.1 12 140   M    M   9 1      15 190
 6  55  42  49  16  16   0 0.12    M    M  8.6 20 180   M    M   7 1      26 190
 7  62  43  53  19  12   0 0.23    M    M  9.2 31 230   M    M   6 1      40 230
 8  55  40  48  14  17   0 0.00    M    M  7.2 13 360   M    M   3        17 190
 9  52  38  45  11  20   0 0.00    M    M  6.8 16 180   M    M   6        20 320
10  56  36  46  12  19   0 0.00    M    M  5.3 10 360   M    M   4        13  30
11  53  35  44  10  21   0 0.00    M    M  5.3 10 350   M    M   1        11 350
12  57  38  48  14  17   0 0.00    M    M  2.6  7  10   M    M   4 18      9 340
13  57  35  46  11  19   0 0.00    M    M  5.2 10 360   M    M   2 1      11  10
14  56  34  45  10  20   0 0.00    M    M  3.7 10  50   M    M   4 12     12  10
15  58  30  44   9  21   0 0.00    M    M  3.3 13  20   M    M   0        14 340
16  55  32  44   8  21   0 0.00    M    M  7.8 14  30   M    M   0        18 100
17  55  28  42   6  23   0 0.00    M    M  4.8 10  30   M    M   0 8      13  10
18  51  28  40   4  25   0 0.00    M    M  3.1  8 190   M    M   0         9 180
19  51  31  41   5  24   0    T    M    M  2.8  8 360   M    M   4 1       9 120
20  56  27  42   6  23   0 0.00    M    M  3.9 15 360   M    M   4 18     19 350
21  53  29  41   4  24   0    T    M    M 11.8 30  40   M    M   6        36  30
22  46  24  35  -2  30   0 0.00    M    M  5.2 12  10   M    M   1        13  10
23  48  20  34  -3  31   0 0.00    M    M  3.7 10 360   M    M   0        12 360
24  48  25  37  -1  28   0 0.00    M    M  3.3  7 280   M    M   0         9 300
25  54  23  39   1  26   0 0.00    M    M  3.3 14 170   M    M   2 8      17 180
26  52  33  43   5  22   0 0.00    M    M  1.9  8  30   M    M   7        10  10
27  53  33  43   4  22   0 0.00    M    M 12.2 23  40   M    M   6        28  40
28  51  26  39   0  26   0 0.00    M    M  9.2 24  30   M    M   0        28  30
================================================================================
SM 1444  900       640   0  0.58    M    156.6          M      113
================================================================================
AV 51.6 32.1                               5.6 FASTST   M    M   4    MAX(MPH)
                                 MISC ---->  # 31 230               # 40  230
================================================================================
NOTES:
# LAST OF SEVERAL OCCURRENCES

COLUMN 17 PEAK WIND IN M.P.H.

PRELIMINARY LOCAL CLIMATOLOGICAL DATA (WS FORM: F-6) , PAGE 2

                                          STATION:  MOSES LAKE WA AIRPORT
                                          MONTH:    FEBRUARY
                                          YEAR:     2015
                                          LATITUDE:   47 12 N
                                          LONGITUDE: 119 19 W

[TEMPERATURE DATA]      [PRECIPITATION DATA]       SYMBOLS USED IN COLUMN 16

AVERAGE MONTHLY: 41.9   TOTAL FOR MONTH:   0.58    1 = FOG OR MIST
DPTR FM NORMAL:   6.6   DPTR FM NORMAL:   -0.22    2 = FOG REDUCING VISIBILITY
HIGHEST:    62 ON  7    GRTST 24HR  0.33 ON  6- 7      TO 1/4 MILE OR LESS
LOWEST:     20 ON 23                               3 = THUNDER
                        SNOW, ICE PELLETS, HAIL    4 = ICE PELLETS
                        TOTAL MONTH:    M          5 = HAIL
                        GRTST 24HR    M  ON   M    6 = FREEZING RAIN OR DRIZZLE
                        GRTST DEPTH:  M  ON   M    7 = DUSTSTORM OR SANDSTORM:
                                                       VSBY 1/2 MILE OR LESS
                                                   8 = SMOKE OR HAZE
[NO. OF DAYS WITH]      [WEATHER - DAYS WITH]      9 = BLOWING SNOW
                                                   X = TORNADO
MAX 32 OR BELOW:   0    0.01 INCH OR MORE:   6
MAX 90 OR ABOVE:   0    0.10 INCH OR MORE:   3
MIN 32 OR BELOW:  14    0.50 INCH OR MORE:   0
MIN  0 OR BELOW:   0    1.00 INCH OR MORE:   0

[HDD (BASE 65) ]
TOTAL THIS MO.   640    CLEAR  (SCALE 0-3)  12
DPTR FM NORMAL  -191    PTCLDY (SCALE 4-7)  12
TOTAL FM JUL 1  3758    CLOUDY (SCALE 8-10)  4
DPTR FM NORMAL  -747

[CDD (BASE 65) ]
TOTAL THIS MO.     0
DPTR FM NORMAL     0    [PRESSURE DATA]
TOTAL FM JAN 1     0    HIGHEST SLP 30.58 ON 15
DPTR FM NORMAL     0    LOWEST  SLP 29.44 ON  7

[REMARKS]
#FINAL-02-15#
