000
CXUS56 KOTX 260900
CF6MWH
PRELIMINARY LOCAL CLIMATOLOGICAL DATA (WS FORM: F-6)

                                          STATION:   MOSES LAKE WA AIRPORT
                                          MONTH:     MAY
                                          YEAR:      2017
                                          LATITUDE:   47 12 N
                                          LONGITUDE: 119 19 W

  TEMPERATURE IN F:       :PCPN:    SNOW:  WIND      :SUNSHINE: SKY     :PK WND
================================================================================
1   2   3   4   5  6A  6B    7    8   9   10  11  12  13   14  15   16   17  18
                                     12Z  AVG MX 2MIN
DY MAX MIN AVG DEP HDD CDD  WTR  SNW DPTH SPD SPD DIR MIN PSBL S-S WX    SPD DR
================================================================================

 1  55  37  46  -8  19   0    T    M    M  7.9 16 160   M    M   4        20 230
 2  66  32  49  -6  16   0 0.00    M    M  4.4 12 190   M    M   2        16 190
 3  76  45  61   6   4   0 0.00    M    M  4.7 13 160   M    M   3        16 190
 4  88  50  69  14   0   4 0.01    M    M  7.9 20 350   M    M   1 38     24 260
 5  72  52  62   6   3   0 0.07    M    M 10.6 25  40   M    M   6 13     27  40
 6  64  45  55  -1  10   0 0.00    M    M  7.7 18 290   M    M   4        22 270
 7  67  42  55  -1  10   0 0.00    M    M  8.8 18 360   M    M   1        25 330
 8  71  35  53  -4  12   0 0.00    M    M  3.9 12 220   M    M   1        18 190
 9  74  40  57   0   8   0 0.00    M    M  4.4 12 190   M    M   0        15 160
10  80  44  62   5   3   0 0.00    M    M  5.5 14 190   M    M   0        17 170
11  69  49  59   1   6   0 0.04    M    M  8.8 32 290   M    M   4 3      39 290
12  63  41  52  -6  13   0 0.02    M    M  7.7 24 250   M    M   2        30 220
13  61  36  49  -9  16   0 0.04    M    M  5.6 21 230   M    M   3        24 230
14  65  37  51  -8  14   0    T    M    M  6.5 16  30   M    M   3        21 190
15  65  33  49 -10  16   0 0.01    M    M  7.8 16 190   M    M   4        22 160
16  58  43  51  -8  14   0 0.15    M    M 10.3 25 270   M    M   6        31 280
17  71  43  57  -3   8   0 0.00    M    M  8.1 17 350   M    M   7        26 350
18  72  48  60   0   5   0 0.00    M    M  6.4 14 180   M    M   3        18 210
19  77  50  64   4   1   0 0.00    M    M  5.8 15 170   M    M   4        20 180
20  75  50  63   3   2   0 0.10    M    M  5.7 14  30   M    M   5 1      19  30
21  84  46  65   4   0   0 0.00    M    M  4.6 10  40   M    M   0        16 210
22  89  48  69   8   0   4 0.00    M    M  3.5 10 150   M    M   0        13 150
23  92  49  71  10   0   6 0.00    M    M 12.2 30 290   M    M   0        38 290
24  73  49  61   0   4   0 0.00    M    M 14.8 32 280   M    M   1        39 280
25  68  49  59  -3   6   0 0.00    M    M  5.2 15 130   M    M   1        20 150
================================================================================
SM 1795 1093       190  14  0.44    M    178.8          M       65
================================================================================
AV 71.8 43.7                               7.2 FASTST   M    M   3    MAX(MPH)
                                 MISC ---->  # 32 290               # 39  290
================================================================================
NOTES:
# LAST OF SEVERAL OCCURRENCES

COLUMN 17 PEAK WIND IN M.P.H.

PRELIMINARY LOCAL CLIMATOLOGICAL DATA (WS FORM: F-6) , PAGE 2

                                          STATION:  MOSES LAKE WA AIRPORT
                                          MONTH:    MAY
                                          YEAR:     2017
                                          LATITUDE:   47 12 N
                                          LONGITUDE: 119 19 W

[TEMPERATURE DATA]      [PRECIPITATION DATA]       SYMBOLS USED IN COLUMN 16

AVERAGE MONTHLY: 57.8   TOTAL FOR MONTH:   0.44    1 = FOG OR MIST
DPTR FM NORMAL:  -0.4   DPTR FM NORMAL:   -0.04    2 = FOG REDUCING VISIBILITY
HIGHEST:    92 ON 23    GRTST 24HR  0.15 ON 16-16      TO 1/4 MILE OR LESS
LOWEST:     32 ON  2                               3 = THUNDER
                        SNOW, ICE PELLETS, HAIL    4 = ICE PELLETS
                        TOTAL MONTH:    M          5 = HAIL
                        GRTST 24HR    M  ON   M    6 = FREEZING RAIN OR DRIZZLE
                        GRTST DEPTH:  M  ON   M    7 = DUSTSTORM OR SANDSTORM:
                                                       VSBY 1/2 MILE OR LESS
                                                   8 = SMOKE OR HAZE
[NO. OF DAYS WITH]      [WEATHER - DAYS WITH]      9 = BLOWING SNOW
                                                   X = TORNADO
MAX 32 OR BELOW:   0    0.01 INCH OR MORE:   8
MAX 90 OR ABOVE:   1    0.10 INCH OR MORE:   2
MIN 32 OR BELOW:   1    0.50 INCH OR MORE:   0
MIN  0 OR BELOW:   0    1.00 INCH OR MORE:   0

[HDD (BASE 65) ]
TOTAL THIS MO.   190    CLEAR  (SCALE 0-3)  16
DPTR FM NORMAL     3    PTCLDY (SCALE 4-7)   9
TOTAL FM JUL 1  6124    CLOUDY (SCALE 8-10)  0
DPTR FM NORMAL   320

[CDD (BASE 65) ]
TOTAL THIS MO.    14
DPTR FM NORMAL    -1    [PRESSURE DATA]
TOTAL FM JAN 1    14    HIGHEST SLP M ON M
DPTR FM NORMAL    -2    LOWEST  SLP 29.52 ON 16

[REMARKS]
