000
CXUS54 KLZK 011130
CF6MWT
PRELIMINARY LOCAL CLIMATOLOGICAL DATA (WS FORM: F-6)

                                          STATION:   Mount Ida
                                          MONTH:     FEBRUARY
                                          YEAR:      2017
                                          LATITUDE:   34 32 N
                                          LONGITUDE:  93 35 W

  TEMPERATURE IN F:       :PCPN:    SNOW:  WIND      :SUNSHINE: SKY     :PK WND
================================================================================
1   2   3   4   5  6A  6B    7    8   9   10  11  12  13   14  15   16   17  18
                                     12Z  AVG MX 2MIN
DY MAX MIN AVG DEP HDD CDD  WTR  SNW DPTH SPD SPD DIR MIN PSBL S-S WX    SPD DR
================================================================================

 1  72  55  64  22   1   0 0.00  0.0    0  3.8 10 140   M    M   3        16 150
 2  55  40  48   6  17   0 0.02    M    0  3.6  9  90   M    M  10        15  50
 3  50  30  40  -2  25   0 0.00  0.0    0  3.0  9  20   M    M   5        13  20
 4  43  28  36  -6  29   0    T    M    0  3.0 10 160   M    M   8        13 160
 5  54  39  47   5  18   0 0.00  0.0    0  1.2  8 140   M    M  10 1      12 150
 6  70  50  60  18   5   0 0.07  0.0    0  4.9 14 200   M    M   9 18     26 180
 7  79  50  65  23   0   0 0.80  0.0    0  4.0 14 210   M    M   1 1      25 250
 8  76  38  57  14   8   0 0.00  0.0    0  4.0 18 330   M    M   0 1      29 360
 9  53  29  41  -2  24   0 0.00  0.0    0  2.9  9 120   M    M   0        13 140
10  69  35  52   9  13   0 0.00  0.0    0  5.4 15 200   M    M   2        27 220
11  80  66  73  30   0   8 0.00  0.0    0  5.2 16 220   M    M   6        30 220
12  76  51  64  20   1   0 0.00  0.0    0  2.7 13  30   M    M   4 1      19  40
13  56  47  52   8  13   0 0.00  0.0    0  3.3 12 100   M    M   9        19  90
14  52  40  46   2  19   0 2.24    M    M  1.9  8 320   M    M  10 1      15  80
15  58  35  47   3  18   0 0.02    M    0  4.3 13 330   M    M   3 1      18 310
16  65  28  47   3  18   0 0.00  0.0    0  1.4 10 270   M    M   0        15 270
17  70  32  51   6  14   0 0.00  0.0    0  1.4  9 250   M    M   2 8      17 250
18  65  42  54   9  11   0 0.23    M    0  0.5  9 150   M    M   8 12     14 170
19  71  47  59  14   6   0 0.00  0.0    0  2.2 12 140   M    M   7 1      15 140
20  73  58  66  20   0   1 0.37  0.0    0  3.9 14 150   M    M   8 1      19 150
21  62  53  58  12   7   0 0.88  0.0    M  1.4  7 330   M    M  10 1      10 330
22  73  52  63  17   2   0 0.00  0.0    0  2.4 10 140   M    M   5 12     14 140
23  79  47  63  17   2   0 0.00  0.0    0  3.7 14 200   M    M   1 1      23 180
24  68  41  55   8  10   0 0.00  0.0    0  6.4 16 320   M    M   2 8      25 320
25  53  30  42  -5  23   0 0.00  0.0    0  5.0 15 340   M    M   0 8      23 350
26  59  26  43  -4  22   0 0.05    M    0  3.6 16 150   M    M   4 18     21 150
27  63  45  54   6  11   0 0.01    M    0  3.5 13 140   M    M   9 1      19 160
28  79  60  70  22   0   5 0.04  0.0    0  6.5 15 200   M    M   6 18     30 220
================================================================================
SM 1823 1194       317  14  4.73     0.0  95.1          M      142
================================================================================
AV 65.1 42.6                               3.4 FASTST   M    M   5    MAX(MPH)
                                 MISC ---->  # 18 330               # 30  220
================================================================================
NOTES:
# LAST OF SEVERAL OCCURRENCES

COLUMN 17 PEAK WIND IN M.P.H.

PRELIMINARY LOCAL CLIMATOLOGICAL DATA (WS FORM: F-6) , PAGE 2

                                          STATION:  Mount Ida
                                          MONTH:    FEBRUARY
                                          YEAR:     2017
                                          LATITUDE:   34 32 N
                                          LONGITUDE:  93 35 W

[TEMPERATURE DATA]      [PRECIPITATION DATA]       SYMBOLS USED IN COLUMN 16

AVERAGE MONTHLY: 53.9   TOTAL FOR MONTH:   4.73    1 = FOG OR MIST
DPTR FM NORMAL:   9.5   DPTR FM NORMAL:    0.78    2 = FOG REDUCING VISIBILITY
HIGHEST:    80 ON 11    GRTST 24HR  2.26 ON 14-15      TO 1/4 MILE OR LESS
LOWEST:     26 ON 26                               3 = THUNDER
                        SNOW, ICE PELLETS, HAIL    4 = ICE PELLETS
                        TOTAL MONTH:   0.0 INCH    5 = HAIL
                        GRTST 24HR     0.0         6 = FREEZING RAIN OR DRIZZLE
                        GRTST DEPTH:   0           7 = DUSTSTORM OR SANDSTORM:
                                                       VSBY 1/2 MILE OR LESS
                                                   8 = SMOKE OR HAZE
[NO. OF DAYS WITH]      [WEATHER - DAYS WITH]      9 = BLOWING SNOW
                                                   X = TORNADO
MAX 32 OR BELOW:   0    0.01 INCH OR MORE:  11
MAX 90 OR ABOVE:   0    0.10 INCH OR MORE:   5
MIN 32 OR BELOW:   7    0.50 INCH OR MORE:   3
MIN  0 OR BELOW:   0    1.00 INCH OR MORE:   1

[HDD (BASE 65) ]
TOTAL THIS MO.   317    CLEAR  (SCALE 0-3)  11
DPTR FM NORMAL  -263    PTCLDY (SCALE 4-7)  10
TOTAL FM JUL 1  1852    CLOUDY (SCALE 8-10)  7
DPTR FM NORMAL  -819

[CDD (BASE 65) ]
TOTAL THIS MO.    14
DPTR FM NORMAL    12    [PRESSURE DATA]
TOTAL FM JAN 1    14    HIGHEST SLP M ON M
DPTR FM NORMAL    11    LOWEST  SLP 29.51 ON 23

[REMARKS]
ALL SNOWFALL DATA IS FROM THE MT IDA 4 S COOPERATIVE OBSERVER SITE
#FINAL-02-17#
