000
CXUS55 KBOI 281002
CF6MYL
PRELIMINARY LOCAL CLIMATOLOGICAL DATA (WS FORM: F-6)

                                          STATION:   MCCALL ID
                                          MONTH:     APRIL
                                          YEAR:      2016
                                          LATITUDE:   44 52 N
                                          LONGITUDE: 116  6 W

  TEMPERATURE IN F:       :PCPN:    SNOW:  WIND      :SUNSHINE: SKY     :PK WND
================================================================================
1   2   3   4   5  6A  6B    7    8   9   10  11  12  13   14  15   16   17  18
                                     12Z  AVG MX 2MIN
DY MAX MIN AVG DEP HDD CDD  WTR  SNW DPTH SPD SPD DIR MIN PSBL S-S WX    SPD DR
================================================================================

 1  55  25  40   7  25   0 0.00    M    M  3.0 12  20   M    M   0        15 290
 2  57  25  41   8  24   0 0.00    M    M  2.2  9 170   M    M   0        12 170
 3  57  31  44  11  21   0 0.00    M    M  3.5 13 180   M    M   2        14 160
 4  47  30  39   5  26   0 0.01    M    M  5.9 22 290   M    M   5        30 290
 5  45  23  34   0  31   0 0.00    M    M  3.2 14 240   M    M   2        17 310
 6  59  24  42   8  23   0 0.00    M    M  2.2  8 260   M    M   0        10 160
 7  71  28  50  16  15   0 0.00    M    M  3.3 10 360   M    M   0        13  20
 8  74  28  51  16  14   0 0.00    M    M  2.4  9  10   M    M   0        13  30
 9  71  30  51  16  14   0 0.00    M    M  3.2 14 260   M    M   0        18 250
10  66  30  48  13  17   0 0.00    M    M  4.6 13  10   M    M   0        18  10
11  66  31  49  14  16   0 0.00    M    M  2.3 10 260   M    M   0 8      16 240
12  49  34  42   6  23   0 0.25    M    M  2.8  9 260   M    M   8 1      12 260
13  50  32  41   5  24   0 0.51    M    M  7.3 21 160   M    M   9 12     25 170
14  42  32  37   1  28   0 0.19    M    M  8.8 24 180   M    M   9 1      31 170
15  46  30  38   2  27   0 0.01    M    M  7.3 17 300   M    M   7 1      22 310
16  58  25  42   5  23   0 0.00    M    M  5.4 15 280   M    M   0        19 270
17  66  28  47  10  18   0 0.00    M    M  3.8 14 330   M    M   0        18 330
18  68  30  49  12  16   0 0.00    M    M  5.0 15 270   M    M   0        20 290
19  72  29  51  13  14   0 0.00    M    M  4.8 15 320   M    M   0        19 320
20  73  30  52  14  13   0 0.00    M    M  3.5 16 300   M    M   0        22 300
21  76  37  57  19   8   0 0.00    M    M  5.5 25 180   M    M   0        33 180
22  65  43  54  15  11   0    T    M    M  6.9 22 190   M    M   5 3      31 210
23  47  40  44   5  21   0 0.16    M    M  7.6 20 340   M    M  10 1      27 340
24  50  35  43   4  22   0    T    M    M  6.4 17 350   M    M   8        24 340
25  49  37  43   3  22   0 0.00    M    M 15.5 24 340   M    M   7        35 320
26  58  38  48   8  17   0 0.00    M    M  9.2 20 360   M    M   6        26 360
27  49  36  43   3  22   0 0.37    M    M  4.9 14 350   M    M   9 1      18 360
================================================================================
SM 1586  841       535   0  1.50    M    140.5          M       87
================================================================================
AV 58.7 31.1                               5.2 FASTST   M    M   3    MAX(MPH)
                                 MISC ---->  # 25 180               # 35  320
================================================================================
NOTES:
# LAST OF SEVERAL OCCURRENCES

COLUMN 17 PEAK WIND IN M.P.H.

PRELIMINARY LOCAL CLIMATOLOGICAL DATA (WS FORM: F-6) , PAGE 2

                                          STATION:  MCCALL ID
                                          MONTH:    APRIL
                                          YEAR:     2016
                                          LATITUDE:   44 52 N
                                          LONGITUDE: 116  6 W

[TEMPERATURE DATA]      [PRECIPITATION DATA]       SYMBOLS USED IN COLUMN 16

AVERAGE MONTHLY: 44.9   TOTAL FOR MONTH:   1.50    1 = FOG OR MIST
DPTR FM NORMAL:   8.6   DPTR FM NORMAL:   -0.23    2 = FOG REDUCING VISIBILITY
HIGHEST:    76 ON 21    GRTST 24HR  0.61 ON 12-13      TO 1/4 MILE OR LESS
LOWEST:     23 ON  5                               3 = THUNDER
                        SNOW, ICE PELLETS, HAIL    4 = ICE PELLETS
                        TOTAL MONTH:    M          5 = HAIL
                        GRTST 24HR    M  ON   M    6 = FREEZING RAIN OR DRIZZLE
                        GRTST DEPTH:  M  ON   M    7 = DUSTSTORM OR SANDSTORM:
                                                       VSBY 1/2 MILE OR LESS
                                                   8 = SMOKE OR HAZE
[NO. OF DAYS WITH]      [WEATHER - DAYS WITH]      9 = BLOWING SNOW
                                                   X = TORNADO
MAX 32 OR BELOW:   0    0.01 INCH OR MORE:   7
MAX 90 OR ABOVE:   0    0.10 INCH OR MORE:   5
MIN 32 OR BELOW:  19    0.50 INCH OR MORE:   1
MIN  0 OR BELOW:   0    1.00 INCH OR MORE:   0

[HDD (BASE 65) ]
TOTAL THIS MO.   535    CLEAR  (SCALE 0-3)  16
DPTR FM NORMAL  -239    PTCLDY (SCALE 4-7)   6
TOTAL FM JUL 1  7397    CLOUDY (SCALE 8-10)  5
DPTR FM NORMAL -1166

[CDD (BASE 65) ]
TOTAL THIS MO.     0
DPTR FM NORMAL     0    [PRESSURE DATA]
TOTAL FM JAN 1     0    HIGHEST SLP M ON M
DPTR FM NORMAL     0    LOWEST  SLP 29.54 ON M

[REMARKS]
