000
CXUS56 KMTR 221000
CF6OAK
PRELIMINARY LOCAL CLIMATOLOGICAL DATA (WS FORM: F-6)

                                          STATION:   OAKLAND AIRPORT
                                          MONTH:     JUNE
                                          YEAR:      2017
                                          LATITUDE:   37 43 N
                                          LONGITUDE: 122 13 W

  TEMPERATURE IN F:       :PCPN:    SNOW:  WIND      :SUNSHINE: SKY     :PK WND
================================================================================
1   2   3   4   5  6A  6B    7    8   9   10  11  12  13   14  15   16   17  18
                                     12Z  AVG MX 2MIN
DY MAX MIN AVG DEP HDD CDD  WTR  SNW DPTH SPD SPD DIR MIN PSBL S-S WX    SPD DR
================================================================================

 1  69  57  63   2   2   0 0.00  0.0    0  9.4 24 260   M    M   6        28 270
 2  74  55  65   4   0   0 0.00  0.0    0 10.3 20 270   M    M   4        22 270
 3  69  55  62   1   3   0 0.00  0.0    0  9.6 20 260   M    M   5        23 260
 4  69  53  61   0   4   0 0.00  0.0    0  9.9 22 270   M    M   3        27 270
 5  74  51  63   2   2   0 0.00  0.0    0 10.2 20 280   M    M   3 1      23 270
 6  67  54  61   0   4   0 0.00  0.0    0  9.9 20 280   M    M   5        24 280
 7  68  56  62   1   3   0 0.00  0.0    0 10.3 21 280   M    M   9        23 290
 8  69  61  65   4   0   0 0.03  0.0    0  9.1 22 220   M    M  10 1      27 220
 9  69  58  64   2   1   0 0.00  0.0    0 15.2 26 270   M    M   6        31 240
10  70  56  63   1   2   0 0.00  0.0    0 17.2 29 280   M    M   2        33 260
11  68  54  61  -1   4   0 0.00  0.0    0 18.5 33 280   M    M   3        40 280
12  69  52  61  -1   4   0 0.00  0.0    0  8.9 17 250   M    M   2        23 230
13  73  53  63   1   2   0 0.00  0.0    0  6.9 18 270   M    M   2        24 250
14  76  52  64   2   1   0 0.00  0.0    0  9.2 20 270   M    M   1        24 280
15  76  55  66   4   0   1 0.00  0.0    0  8.0 18 280   M    M   1        22 250
16  78  60  69   7   0   4 0.00  0.0    0  7.5 17 270   M    M   1        20 280
17  83  61  72  10   0   7 0.00  0.0    0  6.5 16 280   M    M   3        18 280
18  97  66  82  20   0  17 0.00  0.0    0  6.5 21 300   M    M   1 38     25 310
19  81  61  71   8   0   6 0.00  0.0    0 11.6 22 300   M    M   2 3      26 300
20  77  59  68   5   0   3 0.00  0.0    0  9.9 22 290   M    M   1        24 290
21  78  57  68   5   0   3 0.00  0.0    0  8.1 18 290   M    M   2        21 290
================================================================================
SM 1554 1186        32  41  0.03     0.0 212.7          M       72
================================================================================
AV 74.0 56.5                              10.1 FASTST   M    M   3    MAX(MPH)
                                 MISC ---->  # 33 280               # 40  280
================================================================================
NOTES:
# LAST OF SEVERAL OCCURRENCES

COLUMN 17 PEAK WIND IN M.P.H.

PRELIMINARY LOCAL CLIMATOLOGICAL DATA (WS FORM: F-6) , PAGE 2

                                          STATION:  OAKLAND AIRPORT
                                          MONTH:    JUNE
                                          YEAR:     2017
                                          LATITUDE:   37 43 N
                                          LONGITUDE: 122 13 W

[TEMPERATURE DATA]      [PRECIPITATION DATA]       SYMBOLS USED IN COLUMN 16

AVERAGE MONTHLY: 65.2   TOTAL FOR MONTH:   0.03    1 = FOG OR MIST
DPTR FM NORMAL:   3.5   DPTR FM NORMAL:   -0.13    2 = FOG REDUCING VISIBILITY
HIGHEST:    97 ON 18    GRTST 24HR  0.03 ON  8- 8      TO 1/4 MILE OR LESS
LOWEST:     51 ON  5                               3 = THUNDER
                        SNOW, ICE PELLETS, HAIL    4 = ICE PELLETS
                        TOTAL MONTH:   0.0 INCH    5 = HAIL
                        GRTST 24HR     0.0         6 = FREEZING RAIN OR DRIZZLE
                        GRTST DEPTH:   0           7 = DUSTSTORM OR SANDSTORM:
                                                       VSBY 1/2 MILE OR LESS
                                                   8 = SMOKE OR HAZE
[NO. OF DAYS WITH]      [WEATHER - DAYS WITH]      9 = BLOWING SNOW
                                                   X = TORNADO
MAX 32 OR BELOW:   0    0.01 INCH OR MORE:   1
MAX 90 OR ABOVE:   1    0.10 INCH OR MORE:   0
MIN 32 OR BELOW:   0    0.50 INCH OR MORE:   0
MIN  0 OR BELOW:   0    1.00 INCH OR MORE:   0

[HDD (BASE 65) ]
TOTAL THIS MO.    32    CLEAR  (SCALE 0-3)  14
DPTR FM NORMAL   -47    PTCLDY (SCALE 4-7)   5
TOTAL FM JUL 1  2021    CLOUDY (SCALE 8-10)  2
DPTR FM NORMAL  -828

[CDD (BASE 65) ]
TOTAL THIS MO.    41
DPTR FM NORMAL    31    [PRESSURE DATA]
TOTAL FM JAN 1    77    HIGHEST SLP M ON M
DPTR FM NORMAL    51    LOWEST  SLP 29.68 ON 21

[REMARKS]
