000
CXUS56 KMTR 301000
CF6OAK
PRELIMINARY LOCAL CLIMATOLOGICAL DATA (WS FORM: F-6)

                                          STATION:   OAKLAND AIRPORT
                                          MONTH:     APRIL
                                          YEAR:      2016
                                          LATITUDE:   37 43 N
                                          LONGITUDE: 122 13 W

  TEMPERATURE IN F:       :PCPN:    SNOW:  WIND      :SUNSHINE: SKY     :PK WND
================================================================================
1   2   3   4   5  6A  6B    7    8   9   10  11  12  13   14  15   16   17  18
                                     12Z  AVG MX 2MIN
DY MAX MIN AVG DEP HDD CDD  WTR  SNW DPTH SPD SPD DIR MIN PSBL S-S WX    SPD DR
================================================================================

 1  63  53  58   2   7   0 0.00  0.0    0 12.8 20 270   M    M   5        23 270
 2  69  51  60   4   5   0 0.00  0.0    0  7.8 22 280   M    M   8        24 280
 3  63  51  57   1   8   0 0.00  0.0    0  8.6 22 260   M    M   8        24 260
 4  68  54  61   5   4   0 0.00  0.0    0  6.4 16 260   M    M   4        20 250
 5  79  48  64   8   1   0 0.00  0.0    0  6.1 16 290   M    M   1        18 290
 6  86  57  72  16   0   7 0.00  0.0    0  5.5 14  60   M    M   4        17  50
 7  72  57  65   9   0   0 0.00  0.0    0  9.0 18 280   M    M   8        21 290
 8  68  57  63   6   2   0    T  0.0    0  7.8 15 280   M    M   9 18     20 250
 9  64  58  61   4   4   0 0.50  0.0    0  6.6 15 300   M    M  10 1      17 300
10  59  55  57   0   8   0 0.20  0.0    0 10.4 16 280   M    M   9 18     19 230
11  66  54  60   3   5   0 0.00  0.0    0  7.8 15 270   M    M   8 18     18 280
12  63  54  59   2   6   0 0.00  0.0    0 11.3 21 270   M    M   7        25 270
13  65  54  60   3   5   0 0.00  0.0    0 11.3 21 270   M    M   5        25 270
14  65  49  57   0   8   0 0.08    M    0 14.6 28 290   M    M   5 1      32 280
15  70  50  60   2   5   0 0.00  0.0    0 10.8 23 280   M    M   1        27 280
16  80  48  64   6   1   0 0.00    M    0  5.8 16 290   M    M   2        19 300
17  81  52  67   9   0   2 0.00  0.0    0  5.2 14 290   M    M   2        16 290
18  81  53  67   9   0   2    M  0.0    0  6.4 18 290   M    M   4        22 280
19  79  53  66   8   0   1    M  0.0    0  5.7 21 290   M    M   6        25 290
20  74  49  62   4   3   0 0.00  0.0    0  7.5 21 290   M    M   4        24 280
21  76  58  67   9   0   2    M  0.0    0 10.2 23 240   M    M   8        28 240
22  65  57  61   3   4   0    M  0.0    0 19.1 29 250   M    M   8 1      35 250
23  67  50  59   1   6   0 0.00  0.0    0 10.9 24 280   M    M   3        30 260
24  69  52  61   3   4   0 0.00  0.0    0 15.1 32 290   M    M   5        37 290
25  68  50  59   1   6   0    M  0.0    0 12.5 25 280   M    M   1        29 280
26  66  47  57  -1   8   0 0.00    M    0 11.2 26 270   M    M   6        30 270
27  65  54  60   2   5   0    M  0.0    0 15.3 30 280   M    M   5 1      34 280
28  68  48  58   0   7   0 0.00  0.0    0  8.8 21 260   M    M   2        24 230
29  66  52  59   0   6   0 0.00  0.0    0 11.8 25 260   M    M   5        30 260
================================================================================
SM 2025 1525       118  14  0.78     0.0 282.3          M      153
================================================================================
AV 69.8 52.6                               9.7 FASTST   M    M   5    MAX(MPH)
                                 MISC ---->  # 32 290               # 37  290
================================================================================
NOTES:
# LAST OF SEVERAL OCCURRENCES

COLUMN 17 PEAK WIND IN M.P.H.

PRELIMINARY LOCAL CLIMATOLOGICAL DATA (WS FORM: F-6) , PAGE 2

                                          STATION:  OAKLAND AIRPORT
                                          MONTH:    APRIL
                                          YEAR:     2016
                                          LATITUDE:   37 43 N
                                          LONGITUDE: 122 13 W

[TEMPERATURE DATA]      [PRECIPITATION DATA]       SYMBOLS USED IN COLUMN 16

AVERAGE MONTHLY: 61.2   TOTAL FOR MONTH:   0.78    1 = FOG OR MIST
DPTR FM NORMAL:   3.9   DPTR FM NORMAL:   -0.53    2 = FOG REDUCING VISIBILITY
HIGHEST:    86 ON  6    GRTST 24HR  0.50 ON  9- 9      TO 1/4 MILE OR LESS
LOWEST:     47 ON 26                               3 = THUNDER
                        SNOW, ICE PELLETS, HAIL    4 = ICE PELLETS
                        TOTAL MONTH:   0.0 INCH    5 = HAIL
                        GRTST 24HR     0.0         6 = FREEZING RAIN OR DRIZZLE
                        GRTST DEPTH:   0           7 = DUSTSTORM OR SANDSTORM:
                                                       VSBY 1/2 MILE OR LESS
                                                   8 = SMOKE OR HAZE
[NO. OF DAYS WITH]      [WEATHER - DAYS WITH]      9 = BLOWING SNOW
                                                   X = TORNADO
MAX 32 OR BELOW:   0    0.01 INCH OR MORE:   3
MAX 90 OR ABOVE:   0    0.10 INCH OR MORE:   2
MIN 32 OR BELOW:   0    0.50 INCH OR MORE:   1
MIN  0 OR BELOW:   0    1.00 INCH OR MORE:   0

[HDD (BASE 65) ]
TOTAL THIS MO.   118    CLEAR  (SCALE 0-3)   6
DPTR FM NORMAL  -109    PTCLDY (SCALE 4-7)  18
TOTAL FM JUL 1  1810    CLOUDY (SCALE 8-10)  5
DPTR FM NORMAL  -770

[CDD (BASE 65) ]
TOTAL THIS MO.    14
DPTR FM NORMAL    14    [PRESSURE DATA]
TOTAL FM JAN 1    15    HIGHEST SLP 30.03 ON 19
DPTR FM NORMAL    14    LOWEST  SLP 29.81 ON 22

[REMARKS]
