000
CXUS53 KOAX 241000
CF6OAX
PRELIMINARY LOCAL CLIMATOLOGICAL DATA (WS FORM: F-6)

                                          STATION:   VALLEY  NWS, NEBRASKA
                                          MONTH:     AUGUST
                                          YEAR:      2016
                                          LATITUDE:   41 19 N
                                          LONGITUDE:  96 22 W

  TEMPERATURE IN F:       :PCPN:    SNOW:  WIND      :SUNSHINE: SKY     :PK WND
================================================================================
1   2   3   4   5  6A  6B    7    8   9   10  11  12  13   14  15   16   17  18
                                     12Z  AVG MX 2MIN
DY MAX MIN AVG DEP HDD CDD  WTR  SNW DPTH SPD SPD DIR MIN PSBL S-S WX    SPD DR
================================================================================

 1  84  72  78   2   0  13 0.00  0.0    0   M   M   M   M    M   M        45  M
 2  87  69  78   2   0  13 0.50  0.0    0   M   M   M   M    M   M 13     33  M
 3  87  72  80   4   0  15 0.00  0.0    0   M   M   M   M    M   M 1      21  M
 4  91  70  81   5   0  16    T  0.0    0   M   M   M   M    M   M        26  M
 5  82  65  74  -2   0   9 0.00  0.0    0   M   M   M   M    M   M        20  M
 6  79  67  73  -3   0   8    T  0.0    0   M   M   M   M    M   M        15  M
 7  77  67  72  -4   0   7 0.00  0.0    0   M   M   M   M    M   M        16  M
 8  79  62  71  -5   0   6 0.00  0.0    0   M   M   M   M    M   M        16  M
 9  90  70  80   5   0  15 0.00  0.0    0   M   M   M   M    M   M 1      17  M
10  92  75  84   9   0  19 0.11  0.0    0   M   M   M   M    M   M 3      38  M
11  94  71  83   8   0  18 1.05  0.0    0   M   M   M   M    M   M 3      37  M
12  82  65  74  -1   0   9 0.42  0.0    0   M   M   M   M    M   M        30  M
13  85  61  73  -2   0   8 0.00  0.0    0   M   M   M   M    M   M        15  M
14  85  64  75   0   0  10 0.00  0.0    0   M   M   M   M    M   M        12  M
15  81  63  72  -2   0   7 0.00  0.0    0   M   M   M   M    M   M        16  M
16  84  67  76   2   0  11 0.56  0.0    0   M   M   M   M    M   M 3      20  M
17  87  67  77   3   0  12 0.00  0.0    0   M   M   M   M    M   M        13  M
18  85  72  79   5   0  14 0.00  0.0    0   M   M   M   M    M   M        25  M
19  82  65  74   0   0   9 1.66  0.0    0   M   M   M   M    M   M 3      24  M
20  74  59  67  -7   0   2 0.00  0.0    0   M   M   M   M    M   M        29  M
21  79  54  67  -6   0   2 0.00  0.0    0   M   M   M   M    M   M        18  M
22  83  64  74   1   0   9 0.00  0.0    0   M   M   M   M    M   M        28  M
23  84  65  75   2   0  10 2.62  0.0    0   M   M   M   M    M   M 3      46  M
================================================================================
SM 1933 1526         0 242  6.92     0.0     M          M        M
================================================================================
AV 84.0 66.3                                 M FASTST   M    M   5    MAX(MPH)
                                 MISC ---->     M   M                 46    M
================================================================================
NOTES:
# LAST OF SEVERAL OCCURRENCES

COLUMN 17 PEAK WIND IN M.P.H.

PRELIMINARY LOCAL CLIMATOLOGICAL DATA (WS FORM: F-6) , PAGE 2

                                          STATION:  VALLEY  NWS, NEBRASKA
                                          MONTH:    AUGUST
                                          YEAR:     2016
                                          LATITUDE:   41 19 N
                                          LONGITUDE:  96 22 W

[TEMPERATURE DATA]      [PRECIPITATION DATA]       SYMBOLS USED IN COLUMN 16

AVERAGE MONTHLY: 75.2   TOTAL FOR MONTH:   6.92    1 = FOG OR MIST
DPTR FM NORMAL:   0.4   DPTR FM NORMAL:    3.87    2 = FOG REDUCING VISIBILITY
HIGHEST:    94 ON 11    GRTST 24HR  2.62 ON 23-23      TO 1/4 MILE OR LESS
LOWEST:     54 ON 21                               3 = THUNDER
                        SNOW, ICE PELLETS, HAIL    4 = ICE PELLETS
                        TOTAL MONTH:   0.0 INCH    5 = HAIL
                        GRTST 24HR     0.0         6 = FREEZING RAIN OR DRIZZLE
                        GRTST DEPTH:   0           7 = DUSTSTORM OR SANDSTORM:
                                                       VSBY 1/2 MILE OR LESS
                                                   8 = SMOKE OR HAZE
[NO. OF DAYS WITH]      [WEATHER - DAYS WITH]      9 = BLOWING SNOW
                                                   X = TORNADO
MAX 32 OR BELOW:   0    0.01 INCH OR MORE:   7
MAX 90 OR ABOVE:   4    0.10 INCH OR MORE:   7
MIN 32 OR BELOW:   0    0.50 INCH OR MORE:   5
MIN  0 OR BELOW:   0    1.00 INCH OR MORE:   3

[HDD (BASE 65) ]
TOTAL THIS MO.     0    CLEAR  (SCALE 0-3)   0
DPTR FM NORMAL     0    PTCLDY (SCALE 4-7)   0
TOTAL FM JUL 1     0    CLOUDY (SCALE 8-10)  0
DPTR FM NORMAL    -1

[CDD (BASE 65) ]
TOTAL THIS MO.   242
DPTR FM NORMAL    15    [PRESSURE DATA]
TOTAL FM JAN 1  1039    HIGHEST SLP M ON M
DPTR FM NORMAL   147    LOWEST  SLP M ON M

[REMARKS]
