000
CXUS53 KGID 240730
CF6ODX
PRELIMINARY LOCAL CLIMATOLOGICAL DATA (WS FORM: F-6)

                                          STATION:   ORD NE
                                          MONTH:     MAY
                                          YEAR:      2015
                                          LATITUDE:   41 37 N
                                          LONGITUDE:  98 57 W

  TEMPERATURE IN F:       :PCPN:    SNOW:  WIND      :SUNSHINE: SKY     :PK WND
================================================================================
1   2   3   4   5  6A  6B    7    8   9   10  11  12  13   14  15   16   17  18
                                     12Z  AVG MX 2MIN
DY MAX MIN AVG DEP HDD CDD  WTR  SNW DPTH SPD SPD DIR MIN PSBL S-S WX    SPD DR
================================================================================

 1  76  49  63   9   2   0 0.00    M    M  4.5 14 360   M    M   2 8      18 360
 2  85  46  66  12   0   1 0.00    M    M  7.3 20 210   M    M   1 3      24 210
 3  85  46  66  11   0   1 0.00    M    M  9.8 28  20   M    M   0        35  20
 4  66  54  60   5   5   0    T    M    M 10.2 21  80   M    M   8        27  40
 5  73  54  64   9   1   0 0.02    M    M  9.8 25 140   M    M   8 1      31 150
 6  69  57  63   7   2   0 0.24    M    M 11.6 25 150   M    M   8 13     33 140
 7  61  49  55  -1  10   0 0.01    M    M 11.5 22 330   M    M  10 1      27 310
 8  66  40  53  -3  12   0 0.00    M    M  8.0 15  70   M    M   2        20  40
 9  51  45  48  -9  17   0 0.32    M    M  9.9 21  40   M    M  10 13     24  40
10  64  38  51  -6  14   0 0.09    M    M 15.2 29 300   M    M   8 13     38 300
11  52  37  45 -13  20   0 0.00    M    M 19.4 31 300   M    M   8        41 300
12  71  28  50  -8  15   0 0.00    M    M 12.7 30 180   M    M   1        38 190
13  73  48  61   3   4   0 0.27    M    M 16.4 33 190   M    M   5 1      42 190
14  75  52  64   5   1   0 0.20    M    M  6.1 14  30   M    M   7 1      16  30
15  74  52  63   4   2   0 0.33    M    M 10.3 26 140   M    M   4 13     37 140
16  76  59  68   9   0   3 0.03    M    M 15.2 29 200   M    M   3 3      36 200
17  71  49  60   0   5   0 0.59    M    M 13.0 29 300   M    M   4 138    41 270
18  62  42  52  -8  13   0 0.00    M    M 15.0 30 330   M    M   5        39 330
19  44  37  41 -19  24   0 0.38    M    M  7.8 17  30   M    M   8 1      23  30
20  50  38  44 -17  21   0    T    M    M  8.2 16 350   M    M   8 1      22 310
21  66  31  49 -12  16   0 0.00    M    M  3.5 12 200   M    M   0        16 200
22  56  36  46 -15  19   0 0.27    M    M  5.1 21 190   M    M   5 1      25 190
23  59  50  55  -7  10   0 0.07    M    M  8.4 14  80   M    M  10 1      18 100
================================================================================
SM 1525 1037       213   5  2.82    M    238.9          M      125
================================================================================
AV 66.3 45.1                              10.4 FASTST   M    M   5    MAX(MPH)
                                 MISC ---->  # 33 190               # 42  190
================================================================================
NOTES:
# LAST OF SEVERAL OCCURRENCES

COLUMN 17 PEAK WIND IN M.P.H.

PRELIMINARY LOCAL CLIMATOLOGICAL DATA (WS FORM: F-6) , PAGE 2

                                          STATION:  ORD NE
                                          MONTH:    MAY
                                          YEAR:     2015
                                          LATITUDE:   41 37 N
                                          LONGITUDE:  98 57 W

[TEMPERATURE DATA]      [PRECIPITATION DATA]       SYMBOLS USED IN COLUMN 16

AVERAGE MONTHLY: 55.7   TOTAL FOR MONTH:   2.82    1 = FOG OR MIST
DPTR FM NORMAL:  -2.2   DPTR FM NORMAL:    0.18    2 = FOG REDUCING VISIBILITY
HIGHEST:    85 ON  3, 2 GRTST 24HR  0.60 ON 16-17      TO 1/4 MILE OR LESS
LOWEST:     28 ON 12                               3 = THUNDER
                        SNOW, ICE PELLETS, HAIL    4 = ICE PELLETS
                        TOTAL MONTH:    M          5 = HAIL
                        GRTST 24HR    M  ON   M    6 = FREEZING RAIN OR DRIZZLE
                        GRTST DEPTH:  M  ON   M    7 = DUSTSTORM OR SANDSTORM:
                                                       VSBY 1/2 MILE OR LESS
                                                   8 = SMOKE OR HAZE
[NO. OF DAYS WITH]      [WEATHER - DAYS WITH]      9 = BLOWING SNOW
                                                   X = TORNADO
MAX 32 OR BELOW:   0    0.01 INCH OR MORE:  13
MAX 90 OR ABOVE:   0    0.10 INCH OR MORE:   8
MIN 32 OR BELOW:   2    0.50 INCH OR MORE:   1
MIN  0 OR BELOW:   0    1.00 INCH OR MORE:   0

[HDD (BASE 65) ]
TOTAL THIS MO.   213    CLEAR  (SCALE 0-3)   6
DPTR FM NORMAL    27    PTCLDY (SCALE 4-7)  11
TOTAL FM JUL 1  6494    CLOUDY (SCALE 8-10)  6
DPTR FM NORMAL   -45

[CDD (BASE 65) ]
TOTAL THIS MO.     5
DPTR FM NORMAL   -18    [PRESSURE DATA]
TOTAL FM JAN 1     9    HIGHEST SLP M ON M
DPTR FM NORMAL   -16    LOWEST  SLP 29.57 ON M

[REMARKS]
