000
CXUS55 KCAE 241400
CF6OGB
PRELIMINARY LOCAL CLIMATOLOGICAL DATA (WS FORM: F-6)

                                          STATION:   ORANGEBURG AIRPORT SC
                                          MONTH:     AUGUST
                                          YEAR:      2016
                                          LATITUDE:   33 27 N
                                          LONGITUDE:  80 51 W

  TEMPERATURE IN F:       :PCPN:    SNOW:  WIND      :SUNSHINE: SKY     :PK WND
================================================================================
1   2   3   4   5  6A  6B    7    8   9   10  11  12  13   14  15   16   17  18
                                     12Z  AVG MX 2MIN
DY MAX MIN AVG DEP HDD CDD  WTR  SNW DPTH SPD SPD DIR MIN PSBL S-S WX    SPD DR
================================================================================

 1  91  75  83   1   0  18 0.34    M    M  6.4 26 220   M    M   5 138    36 230
 2  90  74  82   0   0  17 0.02    M    M  6.3 14 340   M    M   5 3      20 300
 3  93  74  84   2   0  19 0.00    M    M  3.4 16  80   M    M   3 3      21  70
 4  90  76  83   1   0  18 0.21    M    M  3.8 10  30   M    M   8 13     19  40
 5  92  76  84   3   0  19 0.83    M    M  3.6 23 180   M    M   6 123    26 180
 6  93  77  85   4   0  20 0.00    M    M  6.9 14 210   M    M   4        16 210
 7  94  75  85   4   0  20 0.00    M    M  7.0 14 140   M    M   2        18 150
 8  92  77  85   4   0  20 0.01    M    M  7.6 18 140   M    M   2        26 180
 9  88  76  82   1   0  17 0.55    M    M  6.0 23 160   M    M   2 13     27 170
10  89   M   M   M   M   M    M    M    M  4.3 10 140   M    M   3         M  M
11  93  77  85   4   0  20 0.24    M    M  4.3 20  80   M    M   7 13     30  80
12  93  77  85   4   0  20    T    M    M  4.9 13 160   M    M   5        17 150
13  94  76  85   4   0  20    T    M    M  5.1 15 140   M    M   1 13     20 150
14  94  75  85   5   0  20 0.00    M    M  5.2 12 150   M    M   1        15 160
15  96  74  85   5   0  20    T    M    M  3.5 15 120   M    M   2 3      26 100
16  95  74  85   5   0  20 0.00    M    M  4.2 18 150   M    M   2        22 150
17  93  73  83   3   0  18 0.00    M    M  4.3 12 200   M    M   0 1      15 210
18  94  72  83   3   0  18 0.31    M    M  4.2 26 290   M    M   1 13     37 290
19  93  71  82   2   0  17 0.03    M    M  3.4 13 350   M    M   1 3      20 340
20  92  73  83   3   0  18 0.05    M    M  4.0 23 250   M    M   0 3      27 260
21  94  74  84   4   0  19 0.00    M    M  6.7 18 240   M    M   0        23 240
22  92  73  83   3   0  18 0.00    M    M  4.1 14  60   M    M   2        19  40
23  92  72  82   3   0  17 0.00    M    M  3.9 12  70   M    M   5        16  40
================================================================================
SM 2127 1641         0 413  2.59    M    113.1          M       67
================================================================================
AV 92.5 74.6                               4.9 FASTST   M    M   3    MAX(MPH)
                                 MISC ---->  # 26 220               # 37  290
================================================================================
NOTES:
# LAST OF SEVERAL OCCURRENCES

COLUMN 17 PEAK WIND IN M.P.H.

PRELIMINARY LOCAL CLIMATOLOGICAL DATA (WS FORM: F-6) , PAGE 2

                                          STATION:  ORANGEBURG AIRPORT SC
                                          MONTH:    AUGUST
                                          YEAR:     2016
                                          LATITUDE:   33 27 N
                                          LONGITUDE:  80 51 W

[TEMPERATURE DATA]      [PRECIPITATION DATA]       SYMBOLS USED IN COLUMN 16

AVERAGE MONTHLY: 83.5   TOTAL FOR MONTH:   2.59    1 = FOG OR MIST
DPTR FM NORMAL:   2.8   DPTR FM NORMAL:   -1.40    2 = FOG REDUCING VISIBILITY
HIGHEST:    96 ON 15    GRTST 24HR  0.98 ON 31- 1      TO 1/4 MILE OR LESS
LOWEST:     71 ON 19                               3 = THUNDER
                        SNOW, ICE PELLETS, HAIL    4 = ICE PELLETS
                        TOTAL MONTH:    M          5 = HAIL
                        GRTST 24HR    M  ON   M    6 = FREEZING RAIN OR DRIZZLE
                        GRTST DEPTH:  M  ON   M    7 = DUSTSTORM OR SANDSTORM:
                                                       VSBY 1/2 MILE OR LESS
                                                   8 = SMOKE OR HAZE
[NO. OF DAYS WITH]      [WEATHER - DAYS WITH]      9 = BLOWING SNOW
                                                   X = TORNADO
MAX 32 OR BELOW:   0    0.01 INCH OR MORE:  10
MAX 90 OR ABOVE:  21    0.10 INCH OR MORE:   6
MIN 32 OR BELOW:   0    0.50 INCH OR MORE:   2
MIN  0 OR BELOW:   0    1.00 INCH OR MORE:   0

[HDD (BASE 65) ]
TOTAL THIS MO.     0    CLEAR  (SCALE 0-3)  15
DPTR FM NORMAL     0    PTCLDY (SCALE 4-7)   8
TOTAL FM JUL 1     0    CLOUDY (SCALE 8-10)  0
DPTR FM NORMAL     0

[CDD (BASE 65) ]
TOTAL THIS MO.   413
DPTR FM NORMAL    51    [PRESSURE DATA]
TOTAL FM JAN 1  1912    HIGHEST SLP M ON M
DPTR FM NORMAL   328    LOWEST  SLP 29.81 ON  6

[REMARKS]
