000
CXUS55 KCAE 211400
CF6OGB
PRELIMINARY LOCAL CLIMATOLOGICAL DATA (WS FORM: F-6)

                                          STATION:   ORANGEBURG AIRPORT SC
                                          MONTH:     NOVEMBER
                                          YEAR:      2017
                                          LATITUDE:   33 27 N
                                          LONGITUDE:  80 51 W

  TEMPERATURE IN F:       :PCPN:    SNOW:  WIND      :SUNSHINE: SKY     :PK WND
================================================================================
1   2   3   4   5  6A  6B    7    8   9   10  11  12  13   14  15   16   17  18
                                     12Z  AVG MX 2MIN
DY MAX MIN AVG DEP HDD CDD  WTR  SNW DPTH SPD SPD DIR MIN PSBL S-S WX    SPD DR
================================================================================

 1  77  45  61   1   4   0 0.00    M    M  3.2 14 180   M    M   0 1      18 170
 2  79  56  68   8   0   3 0.00    M    M  0.9  8 350   M    M   1 1      10 350
 3  83  53  68   8   0   3 0.00    M    M  1.8  9 350   M    M   0 1      13 300
 4  82  57  70  11   0   5 0.00    M    M  2.3  9 130   M    M   1 1      17 120
 5  73  55  64   5   1   0 0.00    M    M  3.6  8  40   M    M   6 12     13 100
 6  79  53  66   7   0   1 0.00    M    M  2.0  9 220   M    M   5 12     11 230
 7  82  59  71  12   0   6 0.00    M    M  4.7 10 220   M    M   1 1      16 260
 8  65  49  57  -1   8   0 0.01    M    M  7.0 15  40   M    M   9 1      19  40
 9  51  48  50  -8  15   0 1.23    M    M  6.1 12  30   M    M  10 1      15  20
10  66  44  55  -3  10   0 0.00    M    M  5.8 16  20   M    M   1 1      20  20
11  55  39  47 -11  18   0 0.00    M    M 10.0 18  40   M    M   3        26  30
12  60  39  50  -7  15   0 0.00    M    M  7.0 12  20   M    M   5        16  40
13  64  47  56  -1   9   0 0.01    M    M  5.0 13 340   M    M   6 1      19 340
14  59  43  51  -6  14   0 0.00    M    M  7.4 15  50   M    M   2        19  40
15   M   M   M   M   M   M 0.00    M    M   M   M   M   M    M   0         M  M
16  70  38  54  -2  11   0 0.00    M    M  1.6 10  20   M    M   0 1      13  20
17  64  37  51  -5  14   0 0.00    M    M  3.5 14  60   M    M   0 1      20  80
18  73  38  56   0   9   0 0.00    M    M  6.5 21 220   M    M   3        26 220
19  65  41  53  -2  12   0 0.02    M    M  9.1 21 220   M    M   1 1      28 210
20  61  31  46  -9  19   0 0.00    M    0  2.1 10  20   M    M   0        12  30
================================================================================
SM 1308  872       159  18  1.27    M     89.6          M       54
================================================================================
AV 68.8 45.9                               4.7 FASTST   M    M   3    MAX(MPH)
                                 MISC ---->  # 21 220               # 28  210
================================================================================
NOTES:
# LAST OF SEVERAL OCCURRENCES

COLUMN 17 PEAK WIND IN M.P.H.

PRELIMINARY LOCAL CLIMATOLOGICAL DATA (WS FORM: F-6) , PAGE 2

                                          STATION:  ORANGEBURG AIRPORT SC
                                          MONTH:    NOVEMBER
                                          YEAR:     2017
                                          LATITUDE:   33 27 N
                                          LONGITUDE:  80 51 W

[TEMPERATURE DATA]      [PRECIPITATION DATA]       SYMBOLS USED IN COLUMN 16

AVERAGE MONTHLY: 57.4   TOTAL FOR MONTH:   1.27    1 = FOG OR MIST
DPTR FM NORMAL:  -0.3   DPTR FM NORMAL:   -0.62    2 = FOG REDUCING VISIBILITY
HIGHEST:    83 ON  3    GRTST 24HR  1.23 ON  9- 9      TO 1/4 MILE OR LESS
LOWEST:     31 ON 20                               3 = THUNDER
                        SNOW, ICE PELLETS, HAIL    4 = ICE PELLETS
                        TOTAL MONTH:    M          5 = HAIL
                        GRTST 24HR    M  ON   M    6 = FREEZING RAIN OR DRIZZLE
                        GRTST DEPTH:   0           7 = DUSTSTORM OR SANDSTORM:
                                                       VSBY 1/2 MILE OR LESS
                                                   8 = SMOKE OR HAZE
[NO. OF DAYS WITH]      [WEATHER - DAYS WITH]      9 = BLOWING SNOW
                                                   X = TORNADO
MAX 32 OR BELOW:   0    0.01 INCH OR MORE:   4
MAX 90 OR ABOVE:   0    0.10 INCH OR MORE:   1
MIN 32 OR BELOW:   1    0.50 INCH OR MORE:   1
MIN  0 OR BELOW:   0    1.00 INCH OR MORE:   1

[HDD (BASE 65) ]
TOTAL THIS MO.   159    CLEAR  (SCALE 0-3)  13
DPTR FM NORMAL     0    PTCLDY (SCALE 4-7)   5
TOTAL FM JUL 1   240    CLOUDY (SCALE 8-10)  2
DPTR FM NORMAL    -9

[CDD (BASE 65) ]
TOTAL THIS MO.    18
DPTR FM NORMAL     6    [PRESSURE DATA]
TOTAL FM JAN 1  2410    HIGHEST SLP M ON M
DPTR FM NORMAL   311    LOWEST  SLP 29.63 ON 19

[REMARKS]
