000
CXUS55 KCAE 241400
CF6OGB
PRELIMINARY LOCAL CLIMATOLOGICAL DATA (WS FORM: F-6)

                                          STATION:   ORANGEBURG AIRPORT SC
                                          MONTH:     SEPTEMBER
                                          YEAR:      2016
                                          LATITUDE:   33 27 N
                                          LONGITUDE:  80 51 W

  TEMPERATURE IN F:       :PCPN:    SNOW:  WIND      :SUNSHINE: SKY     :PK WND
================================================================================
1   2   3   4   5  6A  6B    7    8   9   10  11  12  13   14  15   16   17  18
                                     12Z  AVG MX 2MIN
DY MAX MIN AVG DEP HDD CDD  WTR  SNW DPTH SPD SPD DIR MIN PSBL S-S WX    SPD DR
================================================================================

 1  93  69  81   3   0  16 0.07    M    M  5.2 21 190   M    M   3 1      28 190
 2  77  68  73  -5   0   8 5.84    M    M 14.1 32  10   M    M   8 13     49  10
 3  88  63  76  -2   0  11 0.00    M    M  4.4 12  10   M    M   1        15 360
 4  86  67  77  -1   0  12 0.00    M    M  3.6 10  70   M    M   3        15  80
 5   M  65   M   M   M   M 0.00    M    M  2.0  6  99   M    M   0         M  M
 6  90  63  77   0   0  12 0.00    M    M  2.8  9 200   M    M   0 1      14 270
 7  92  65  79   2   0  14 0.00    M    M  4.3 12 250   M    M   0        15 270
 8  92  67  80   3   0  15 0.00    M    M  5.3 14 230   M    M   0 1      20 220
 9  91  69  80   3   0  15 0.00    M    M  5.2 12 160   M    M   2        15 170
10  92  69  81   5   0  16 0.00    M    M  6.4 13 210   M    M   2        14 210
11  93  72  83   7   0  18    T    M    M  5.8 14 220   M    M   3 3      17 220
12  90  70  80   4   0  15 3.17    M    M  2.5 22  40   M    M   3 13     33  40
13  86  71  79   3   0  14    T    M    M  5.6 20 150   M    M   7 13     25 150
14  84  73  79   3   0  14    T    M    M  7.8 15  70   M    M   6        21  80
15  88  71  80   5   0  15 0.00    M    M  6.9 14  30   M    M   3        20  30
16  85  69  77   2   0  12 0.00    M    M  6.3 16  40   M    M   2        22  50
17  85  69  77   2   0  12 0.00    M    M  4.1  9  30   M    M   4 1      14  50
18  91  69  80   6   0  15 0.00    M    M  2.6  9  30   M    M   2        13  20
19  90  70  80   6   0  15    T    M    M  4.6 24  30   M    M   4        31  40
20  83  68  76   2   0  11 0.02    M    M  4.7 14  30   M    M   7        17  30
21  78  70  74   0   0   9 0.40    M    M  7.9 18  10   M    M   7 1      26  30
22  81  70  76   3   0  11 0.02    M    M  6.9 14  40   M    M   9        18  40
23  83  72  78   5   0  13 0.06    M    M  5.0 14  50   M    M   9 1      21  40
================================================================================
SM 1918 1579         0 293  9.58    M    124.0          M       85
================================================================================
AV 87.2 68.7                               5.4 FASTST   M    M   4    MAX(MPH)
                                 MISC ---->  # 32  10               # 49   10
================================================================================
NOTES:
# LAST OF SEVERAL OCCURRENCES

COLUMN 17 PEAK WIND IN M.P.H.

PRELIMINARY LOCAL CLIMATOLOGICAL DATA (WS FORM: F-6) , PAGE 2

                                          STATION:  ORANGEBURG AIRPORT SC
                                          MONTH:    SEPTEMBER
                                          YEAR:     2016
                                          LATITUDE:   33 27 N
                                          LONGITUDE:  80 51 W

[TEMPERATURE DATA]      [PRECIPITATION DATA]       SYMBOLS USED IN COLUMN 16

AVERAGE MONTHLY: 77.9   TOTAL FOR MONTH:   9.58    1 = FOG OR MIST
DPTR FM NORMAL:   2.0   DPTR FM NORMAL:    6.71    2 = FOG REDUCING VISIBILITY
HIGHEST:    93 ON 11, 1 GRTST 24HR  5.91 ON  1- 2      TO 1/4 MILE OR LESS
LOWEST:     63 ON  6, 3                            3 = THUNDER
                        SNOW, ICE PELLETS, HAIL    4 = ICE PELLETS
                        TOTAL MONTH:    M          5 = HAIL
                        GRTST 24HR    M  ON   M    6 = FREEZING RAIN OR DRIZZLE
                        GRTST DEPTH:  M  ON   M    7 = DUSTSTORM OR SANDSTORM:
                                                       VSBY 1/2 MILE OR LESS
                                                   8 = SMOKE OR HAZE
[NO. OF DAYS WITH]      [WEATHER - DAYS WITH]      9 = BLOWING SNOW
                                                   X = TORNADO
MAX 32 OR BELOW:   0    0.01 INCH OR MORE:   7
MAX 90 OR ABOVE:  10    0.10 INCH OR MORE:   3
MIN 32 OR BELOW:   0    0.50 INCH OR MORE:   2
MIN  0 OR BELOW:   0    1.00 INCH OR MORE:   2

[HDD (BASE 65) ]
TOTAL THIS MO.     0    CLEAR  (SCALE 0-3)  13
DPTR FM NORMAL     0    PTCLDY (SCALE 4-7)   7
TOTAL FM JUL 1     0    CLOUDY (SCALE 8-10)  3
DPTR FM NORMAL     0

[CDD (BASE 65) ]
TOTAL THIS MO.   293
DPTR FM NORMAL    42    [PRESSURE DATA]
TOTAL FM JAN 1  2337    HIGHEST SLP M ON M
DPTR FM NORMAL   393    LOWEST  SLP 29.65 ON  2

[REMARKS]
