000
CXUS55 KCAE 261400
CF6OGB
PRELIMINARY LOCAL CLIMATOLOGICAL DATA (WS FORM: F-6)

                                          STATION:   ORANGEBURG AIRPORT SC
                                          MONTH:     MARCH
                                          YEAR:      2017
                                          LATITUDE:   33 27 N
                                          LONGITUDE:  80 51 W

  TEMPERATURE IN F:       :PCPN:    SNOW:  WIND      :SUNSHINE: SKY     :PK WND
================================================================================
1   2   3   4   5  6A  6B    7    8   9   10  11  12  13   14  15   16   17  18
                                     12Z  AVG MX 2MIN
DY MAX MIN AVG DEP HDD CDD  WTR  SNW DPTH SPD SPD DIR MIN PSBL S-S WX    SPD DR
================================================================================

 1  83  64  74  21   0   9 0.00    M    M 13.9 25 240   M    M   5        30 240
 2  73  44  59   6   6   0 0.14    M    M  8.4 26 270   M    M   4        33 270
 3  65  36  51  -2  14   0 0.00    M    M  7.8 23 280   M    M   0        29 280
 4  59  33  46  -8  19   0 0.00    M    M  4.0 13  70   M    M   0        18  30
 5  68  33  51  -3  14   0 0.00    M    M  3.0  9 150   M    M   0        13 140
 6  71  47  59   5   6   0    T    M    M  4.5 17 150   M    M   5        22 160
 7  75  45  60   6   5   0 0.01    M    M  8.2 21 180   M    M   2 1      27 180
 8  76  48  62   7   3   0    T    M    M  6.1 21 190   M    M   3        24 190
 9  77  40  59   4   6   0 0.00    M    M  4.8 15 240   M    M   0        21 200
10  79  49  64   9   1   0    T    M    M 11.2 25 290   M    M   1        37 310
11  63  39  51  -4  14   0    T    M    M  4.6 12  70   M    M   3        17 100
12  52  35  44 -12  21   0 0.20    M    M  8.7 22  40   M    M  10 1      27  40
13  47  32  40 -16  25   0 0.46    M    M  8.2 15  30   M    M   9 1      19  30
14  59  39  49  -7  16   0 0.08    M    M 11.8 23 300   M    M   8 1      30 290
15  47  28  38 -18  27   0 0.00    M    M  8.6 20 300   M    M   2        29 280
16  53  25  39 -18  26   0 0.00    M    M  4.1 16 260   M    M   0        20 270
17  67  27  47 -10  18   0 0.00    M    M  5.6 14 190   M    M   0        19 250
18  70  46  58   1   7   0    T    M    M 12.4 25 260   M    M   3        31 250
19  63  40  52  -6  13   0 0.00    M    M  7.6 21  10   M    M   0        28 360
20  71  35  53  -5  12   0 0.00    M    M  3.7 16 240   M    M   0        21 240
21  88  49  69  11   0   4 0.28    M    M  9.3 30 340   M    M   1 138    41 340
22  73  51  62   4   3   0 0.04    M    M  8.6 18  50   M    M   1 1      23  60
23  63  45  54  -4  11   0 0.00    M    M  8.0 16  40   M    M   1        22  40
24  75  45  60   1   5   0 0.00    M    M  6.8 15 160   M    M   3        20 190
25  77  52  65   6   0   0 0.00    M    M  6.3 16 180   M    M   2        24 160
================================================================================
SM 1694 1027       272  13  1.21    M    186.2          M       63
================================================================================
AV 67.8 41.1                               7.4 FASTST   M    M   3    MAX(MPH)
                                 MISC ---->  # 30 340               # 41  340
================================================================================
NOTES:
# LAST OF SEVERAL OCCURRENCES

COLUMN 17 PEAK WIND IN M.P.H.

PRELIMINARY LOCAL CLIMATOLOGICAL DATA (WS FORM: F-6) , PAGE 2

                                          STATION:  ORANGEBURG AIRPORT SC
                                          MONTH:    MARCH
                                          YEAR:     2017
                                          LATITUDE:   33 27 N
                                          LONGITUDE:  80 51 W

[TEMPERATURE DATA]      [PRECIPITATION DATA]       SYMBOLS USED IN COLUMN 16

AVERAGE MONTHLY: 54.4   TOTAL FOR MONTH:   1.21    1 = FOG OR MIST
DPTR FM NORMAL:  -1.5   DPTR FM NORMAL:   -2.01    2 = FOG REDUCING VISIBILITY
HIGHEST:    88 ON 21    GRTST 24HR  0.46 ON 13-13      TO 1/4 MILE OR LESS
LOWEST:     25 ON 16                               3 = THUNDER
                        SNOW, ICE PELLETS, HAIL    4 = ICE PELLETS
                        TOTAL MONTH:    M          5 = HAIL
                        GRTST 24HR    M  ON   M    6 = FREEZING RAIN OR DRIZZLE
                        GRTST DEPTH:  M  ON   M    7 = DUSTSTORM OR SANDSTORM:
                                                       VSBY 1/2 MILE OR LESS
                                                   8 = SMOKE OR HAZE
[NO. OF DAYS WITH]      [WEATHER - DAYS WITH]      9 = BLOWING SNOW
                                                   X = TORNADO
MAX 32 OR BELOW:   0    0.01 INCH OR MORE:   7
MAX 90 OR ABOVE:   0    0.10 INCH OR MORE:   4
MIN 32 OR BELOW:   4    0.50 INCH OR MORE:   0
MIN  0 OR BELOW:   0    1.00 INCH OR MORE:   0

[HDD (BASE 65) ]
TOTAL THIS MO.   272    CLEAR  (SCALE 0-3)  18
DPTR FM NORMAL    32    PTCLDY (SCALE 4-7)   5
TOTAL FM JUL 1  1581    CLOUDY (SCALE 8-10)  2
DPTR FM NORMAL  -591

[CDD (BASE 65) ]
TOTAL THIS MO.    13
DPTR FM NORMAL    -4    [PRESSURE DATA]
TOTAL FM JAN 1    39    HIGHEST SLP M ON M
DPTR FM NORMAL    19    LOWEST  SLP 29.73 ON 14

[REMARKS]
