000
CXHW52 PHFO 011250
CF6OGG
PRELIMINARY LOCAL CLIMATOLOGICAL DATA (WS FORM: F-6)

                                          STATION:   KAHULUI HI
                                          MONTH:     JUNE
                                          YEAR:      2015
                                          LATITUDE:   20 53 N
                                          LONGITUDE: 156 26 W

  TEMPERATURE IN F:       :PCPN:    SNOW:  WIND      :SUNSHINE: SKY     :PK WND
================================================================================
1   2   3   4   5  6A  6B    7    8   9   10  11  12  13   14  15   16   17  18
                                     12Z  AVG MX 2MIN
DY MAX MIN AVG DEP HDD CDD  WTR  SNW DPTH SPD SPD DIR MIN PSBL S-S WX    SPD DR
================================================================================

 1  85  69  77   0   0  12 0.01  0.0    0 11.7 22  40   M    M   7 18     28  40
 2  83  72  78   1   0  13 0.00  0.0    0 15.0 25  40   M    M   6        29  40
 3  86  71  79   2   0  14    T  0.0    0 13.6 24  40   M    M   7 18     31  40
 4  87  70  79   2   0  14 0.00  0.0    0 12.9 26  30   M    M   4        31  30
 5  88  65  77   0   0  12    T  0.0    0  5.7 18  30   M    M   3        24 350
 6  89  68  79   1   0  14 0.00  0.0    0 10.3 22  40   M    M   3        26  50
 7  86  65  76  -2   0  11 0.00  0.0    0 12.0 26  40   M    M   3        31  50
 8  84  72  78   0   0  13 0.00  0.0    0 13.4 25  30   M    M   4        32  30
 9  85  73  79   1   0  14 0.00  0.0    0 14.4 26  40   M    M   5        32  40
10  85  72  79   1   0  14 0.00  0.0    0 15.0 26  40   M    M   3        31  30
11  85  70  78   0   0  13 0.00  0.0    0 11.5 23  30   M    M   2        28  20
12  85  64  75  -3   0  10 0.00  0.0    0 11.3 21  30   M    M   3        24  40
13  86  65  76  -2   0  11 0.00  0.0    0 10.7 24  30   M    M   3        28  30
14  89  67  78   0   0  13 0.00  0.0    0  9.6 24  40   M    M   4        29  40
15  88  68  78   0   0  13 0.00  0.0    0 11.3 25  40   M    M   3        31  60
16  87  72  80   2   0  15    T  0.0    0 15.4 25  30   M    M   3        31  30
17  85  73  79   1   0  14    T  0.0    0 14.1 24  40   M    M   7        28  40
18  87  74  81   3   0  16    T  0.0    0 15.9 28  30   M    M   5        33  40
19  86  73  80   2   0  15 0.03  0.0    0 15.1 26  40   M    M   6 18     31  50
20  86  73  80   2   0  15    T  0.0    0 17.1 30  40   M    M   5        35  50
21  86  72  79   1   0  14    T  0.0    0 13.6 23  40   M    M   3        26  30
22  88  71  80   2   0  15 0.00  0.0    0 11.9 26  40   M    M   3        31  50
23  88  73  81   3   0  16    T  0.0    0 14.4 28  40   M    M   5        36  40
24  85  72  79   1   0  14    T  0.0    0 13.1 25  60   M    M   5 18     33  60
25  87  73  80   2   0  15    T  0.0    0 13.4 26  40   M    M   4        35  50
26  88  74  81   2   0  16 0.06  0.0    0 14.7 28  40   M    M   6 1      33  40
27  89  68  79   0   0  14 0.00  0.0    0 12.0 26  20   M    M   4 8      32  40
28  92  68  80   1   0  15 0.00  0.0    0  7.3 21  40   M    M   2        24  40
29  92  69  81   2   0  16 0.00  0.0    0  6.4 21  30   M    M   2        25  30
30  90  69  80   1   0  15 0.00  0.0    0  5.3 17  30   M    M   3        21  30
================================================================================
SM 2607 2105         0 416  0.10     0.0 368.1          M      123
================================================================================
AV 86.9 70.2                              12.3 FASTST   M    M   4    MAX(MPH)
                                 MISC ---->  # 30  40               # 36   40
================================================================================
NOTES:
# LAST OF SEVERAL OCCURRENCES

COLUMN 17 PEAK WIND IN M.P.H.

PRELIMINARY LOCAL CLIMATOLOGICAL DATA (WS FORM: F-6) , PAGE 2

                                          STATION:  KAHULUI HI
                                          MONTH:    JUNE
                                          YEAR:     2015
                                          LATITUDE:   20 53 N
                                          LONGITUDE: 156 26 W

[TEMPERATURE DATA]      [PRECIPITATION DATA]       SYMBOLS USED IN COLUMN 16

AVERAGE MONTHLY: 78.5   TOTAL FOR MONTH:   0.10    1 = FOG OR MIST
DPTR FM NORMAL:   0.5   DPTR FM NORMAL:   -0.10    2 = FOG REDUCING VISIBILITY
HIGHEST:    92 ON 29,28 GRTST 24HR  0.06 ON 25-26      TO 1/4 MILE OR LESS
LOWEST:     64 ON 12                               3 = THUNDER
                        SNOW, ICE PELLETS, HAIL    4 = ICE PELLETS
                        TOTAL MONTH:   0.0 INCH    5 = HAIL
                        GRTST 24HR     0.0         6 = FREEZING RAIN OR DRIZZLE
                        GRTST DEPTH:   0           7 = DUSTSTORM OR SANDSTORM:
                                                       VSBY 1/2 MILE OR LESS
                                                   8 = SMOKE OR HAZE
[NO. OF DAYS WITH]      [WEATHER - DAYS WITH]      9 = BLOWING SNOW
                                                   X = TORNADO
MAX 32 OR BELOW:   0    0.01 INCH OR MORE:   3
MAX 90 OR ABOVE:   3    0.10 INCH OR MORE:   0
MIN 32 OR BELOW:   0    0.50 INCH OR MORE:   0
MIN  0 OR BELOW:   0    1.00 INCH OR MORE:   0

[HDD (BASE 65) ]
TOTAL THIS MO.     0    CLEAR  (SCALE 0-3)   9
DPTR FM NORMAL     0    PTCLDY (SCALE 4-7)  21
TOTAL FM JUL 1     0    CLOUDY (SCALE 8-10)  0
DPTR FM NORMAL     0

[CDD (BASE 65) ]
TOTAL THIS MO.   416
DPTR FM NORMAL    28    [PRESSURE DATA]
TOTAL FM JAN 1  1743    HIGHEST SLP 30.10 ON  2
DPTR FM NORMAL    96    LOWEST  SLP 29.88 ON 15

[REMARKS]
#FINAL-06-15#
