000
CXUS56 KSGX 281445
CF6OKB
PRELIMINARY LOCAL CLIMATOLOGICAL DATA (WS FORM: F-6)

                                          STATION:   OCEANSIDE AIRPORT CA
                                          MONTH:     AUGUST
                                          YEAR:      2015
                                          LATITUDE:   33 13 N
                                          LONGITUDE: 117 21 W

  TEMPERATURE IN F:       :PCPN:    SNOW:  WIND      :SUNSHINE: SKY     :PK WND
================================================================================
1   2   3   4   5  6A  6B    7    8   9   10  11  12  13   14  15   16   17  18
                                     12Z  AVG MX 2MIN
DY MAX MIN AVG DEP HDD CDD  WTR  SNW DPTH SPD SPD DIR MIN PSBL S-S WX    SPD DR
================================================================================

 1  79  69  74   5   0   9 0.00  0.0    0  4.9 14 240   M    M   7        20 240
 2  78  69  74   5   0   9 0.00  0.0    0  3.6 13 230   M    M   8        17 230
 3  79  65  72   3   0   7 0.00  0.0    0  4.6 14 250   M    M   5        18 250
 4  82  64  73   4   0   8 0.00  0.0    0  4.3 15 250   M    M   M 18     21 250
 5  85  61  73   4   0   8 0.00  0.0    0  4.8 16 250   M    M   0        20 240
 6  79  65  72   3   0   7 0.00  0.0    0  5.2 14 230   M    M   4 128    17 240
 7  77  60  69   0   0   4 0.00  0.0    0  4.6 14 250   M    M   7        20 250
 8  78  60  69   0   0   4 0.00  0.0    0  4.3 16 250   M    M   4        23 250
 9  77  59  68  -1   0   3 0.00  0.0    0  3.6 15 240   M    M   5        20 240
10  77  59  68  -1   0   3 0.00  0.0    0  4.0 14 250   M    M   5        21 250
11  78  59  69  -1   0   4 0.00  0.0    0  3.5 15 250   M    M   4        20 250
12  80  56  68  -2   0   3 0.00  0.0    0  4.7 15 240   M    M   1 1      19 250
13  82  62  72   2   0   7 0.00  0.0    0  4.3 14 250   M    M   0        19 240
14  85  62  74   4   0   9 0.00  0.0    0  4.6 14 230   M    M   0        19 290
15  86  63  75   5   0  10 0.00  0.0    0  4.4 14 250   M    M   0        20 250
16  85  63  74   4   0   9 0.00  0.0    0  5.2 14 240   M    M   2 18     17 240
17  80  66  73   3   0   8 0.00  0.0    0  5.2 20 210   M    M   6 18     24 200
18  81  64  73   3   0   8 0.00  0.0    0  4.2 13 240   M    M   5        17 250
19  79  63  71   1   0   6 0.00  0.0    0  4.5 14 240   M    M   6 8      18 250
20  78  69  74   4   0   9 0.00  0.0    0  6.2 13 240   M    M   6        18 250
21  78  67  73   4   0   8 0.00  0.0    0  5.3 14 250   M    M   7        19 240
22  79  69  74   5   0   9 0.00  0.0    0  5.3 14 240   M    M   7 8      20 240
23  79  69  74   5   0   9 0.00  0.0    0  5.4 14 250   M    M   9 8      21 250
24  77  69  73   4   0   8 0.00  0.0    0  4.9 14 240   M    M   7 8      18 250
25  87  67  77   8   0  12    T  0.0    0  3.6 12 250   M    M   2 18     14 250
26  86  68  77   8   0  12 0.00  0.0    0  4.4 13 250   M    M   2 18     18 240
27  86  64  75   6   0  10 0.00  0.0    0  4.7 14 260   M    M   0 18     16 250
================================================================================
SM 2177 1731         0 203    T      0.0 124.3          M      109
================================================================================
AV 80.6 64.1                               4.6 FASTST   M    M   4    MAX(MPH)
                                 MISC ---->  # 20 210               # 24  200
================================================================================
NOTES:
# LAST OF SEVERAL OCCURRENCES

COLUMN 17 PEAK WIND IN M.P.H.

PRELIMINARY LOCAL CLIMATOLOGICAL DATA (WS FORM: F-6) , PAGE 2

                                          STATION:  OCEANSIDE AIRPORT CA
                                          MONTH:    AUGUST
                                          YEAR:     2015
                                          LATITUDE:   33 13 N
                                          LONGITUDE: 117 21 W

[TEMPERATURE DATA]      [PRECIPITATION DATA]       SYMBOLS USED IN COLUMN 16

AVERAGE MONTHLY: 72.4   TOTAL FOR MONTH:      T    1 = FOG OR MIST
DPTR FM NORMAL:   3.0   DPTR FM NORMAL:   -0.12    2 = FOG REDUCING VISIBILITY
HIGHEST:    87 ON 25    GRTST 24HR    T  ON 25-25      TO 1/4 MILE OR LESS
LOWEST:     56 ON 12                               3 = THUNDER
                        SNOW, ICE PELLETS, HAIL    4 = ICE PELLETS
                        TOTAL MONTH:   0.0 INCH    5 = HAIL
                        GRTST 24HR     0.0         6 = FREEZING RAIN OR DRIZZLE
                        GRTST DEPTH:   0           7 = DUSTSTORM OR SANDSTORM:
                                                       VSBY 1/2 MILE OR LESS
                                                   8 = SMOKE OR HAZE
[NO. OF DAYS WITH]      [WEATHER - DAYS WITH]      9 = BLOWING SNOW
                                                   X = TORNADO
MAX 32 OR BELOW:   0    0.01 INCH OR MORE:   0
MAX 90 OR ABOVE:   0    0.10 INCH OR MORE:   0
MIN 32 OR BELOW:   0    0.50 INCH OR MORE:   0
MIN  0 OR BELOW:   0    1.00 INCH OR MORE:   0

[HDD (BASE 65) ]
TOTAL THIS MO.     0    CLEAR  (SCALE 0-3)   9
DPTR FM NORMAL     0    PTCLDY (SCALE 4-7)  16
TOTAL FM JUL 1     0    CLOUDY (SCALE 8-10)  1
DPTR FM NORMAL    -3

[CDD (BASE 65) ]
TOTAL THIS MO.   203
DPTR FM NORMAL    87    [PRESSURE DATA]
TOTAL FM JAN 1   558    HIGHEST SLP M ON M
DPTR FM NORMAL   280    LOWEST  SLP 29.77 ON 16

[REMARKS]
