000
CXUS56 KSGX 231545
CF6OKB
PRELIMINARY LOCAL CLIMATOLOGICAL DATA (WS FORM: F-6)

                                          STATION:   OCEANSIDE AIRPORT CA
                                          MONTH:     NOVEMBER
                                          YEAR:      2017
                                          LATITUDE:   33 13 N
                                          LONGITUDE: 117 21 W

  TEMPERATURE IN F:       :PCPN:    SNOW:  WIND      :SUNSHINE: SKY     :PK WND
================================================================================
1   2   3   4   5  6A  6B    7    8   9   10  11  12  13   14  15   16   17  18
                                     12Z  AVG MX 2MIN
DY MAX MIN AVG DEP HDD CDD  WTR  SNW DPTH SPD SPD DIR MIN PSBL S-S WX    SPD DR
================================================================================

 1  72  59  66   6   0   1 0.01  0.0    0  3.6 14 250   M    M  10        17 240
 2  71  59  65   5   0   0 0.00  0.0    0  3.8 12 250   M    M  10        17 250
 3  72  47  60   1   5   0 0.00  0.0    0  3.5 15 280   M    M   1        20 290
 4  71  47  59   0   6   0 0.00  0.0    0  4.3 17 290   M    M   0        22 290
 5  72  50  61   2   4   0    T  0.0    0  3.9 13 240   M    M   4 1      17 240
 6  74  48  61   2   4   0 0.00  0.0    0  2.9 14 250   M    M   0 1      17 250
 7  76  54  65   6   0   0 0.00  0.0    0  3.3 16 280   M    M   1 8      20 300
 8  74  49  62   4   3   0 0.00  0.0    0  4.0 16 250   M    M   0        19 300
 9  72  48  60   2   5   0 0.00  0.0    0  4.2 17 290   M    M   3 1      23 290
10  71  47  59   1   6   0 0.00  0.0    0  3.9 14 240   M    M   2 1      17 250
11  70  43  57  -1   8   0 0.00  0.0    0  2.6 13 260   M    M   0 1      16 250
12  68  45  57  -1   8   0 0.00  0.0    0  3.4 14 250   M    M   0 1      17 250
13  72  46  59   2   6   0 0.00  0.0    0  2.6 13 250   M    M   1 128    20 300
14  73  42  58   1   7   0 0.00  0.0    0  3.8 12 260   M    M   0 18     20 270
15  77  46  62   5   3   0 0.00  0.0    0  1.8 14 270   M    M   0 1      17 280
16  79  49  64   7   1   0 0.00  0.0    0  2.7 12 250   M    M   1 8      16 270
17  73  55  64   8   1   0    T  0.0    0  3.6 14 260   M    M   5        17 250
18  73  45  59   3   6   0 0.00  0.0    0  3.2 18 280   M    M   0 18     23 290
19  77  38  58   2   7   0 0.00  0.0    0  3.0 15 270   M    M   0 1      19 260
20  73  37  55  -1  10   0 0.00  0.0    0  2.8 12 240   M    M   0        14 240
21  80  46  63   7   2   0 0.00  0.0    0  4.2 12 250   M    M   0 8      14 250
22  91  46  69  13   0   4 0.00  0.0    0  2.2 12 240   M    M   0        14 290
================================================================================
SM 1631 1046        92   5  0.01     0.0  73.3          M       38
================================================================================
AV 74.1 47.6                               3.3 FASTST   M    M   2    MAX(MPH)
                                 MISC ---->  # 18 280               # 23  290
================================================================================
NOTES:
# LAST OF SEVERAL OCCURRENCES

COLUMN 17 PEAK WIND IN M.P.H.

PRELIMINARY LOCAL CLIMATOLOGICAL DATA (WS FORM: F-6) , PAGE 2

                                          STATION:  OCEANSIDE AIRPORT CA
                                          MONTH:    NOVEMBER
                                          YEAR:     2017
                                          LATITUDE:   33 13 N
                                          LONGITUDE: 117 21 W

[TEMPERATURE DATA]      [PRECIPITATION DATA]       SYMBOLS USED IN COLUMN 16

AVERAGE MONTHLY: 60.8   TOTAL FOR MONTH:   0.01    1 = FOG OR MIST
DPTR FM NORMAL:   3.2   DPTR FM NORMAL:   -0.81    2 = FOG REDUCING VISIBILITY
HIGHEST:    91 ON 22    GRTST 24HR  0.01 ON  1- 1      TO 1/4 MILE OR LESS
LOWEST:     37 ON 20                               3 = THUNDER
                        SNOW, ICE PELLETS, HAIL    4 = ICE PELLETS
                        TOTAL MONTH:   0.0 INCH    5 = HAIL
                        GRTST 24HR     0.0         6 = FREEZING RAIN OR DRIZZLE
                        GRTST DEPTH:   0           7 = DUSTSTORM OR SANDSTORM:
                                                       VSBY 1/2 MILE OR LESS
                                                   8 = SMOKE OR HAZE
[NO. OF DAYS WITH]      [WEATHER - DAYS WITH]      9 = BLOWING SNOW
                                                   X = TORNADO
MAX 32 OR BELOW:   0    0.01 INCH OR MORE:   1
MAX 90 OR ABOVE:   1    0.10 INCH OR MORE:   0
MIN 32 OR BELOW:   0    0.50 INCH OR MORE:   0
MIN  0 OR BELOW:   0    1.00 INCH OR MORE:   0

[HDD (BASE 65) ]
TOTAL THIS MO.    92    CLEAR  (SCALE 0-3)  18
DPTR FM NORMAL   -74    PTCLDY (SCALE 4-7)   2
TOTAL FM JUL 1   121    CLOUDY (SCALE 8-10)  2
DPTR FM NORMAL  -147

[CDD (BASE 65) ]
TOTAL THIS MO.     5
DPTR FM NORMAL     5    [PRESSURE DATA]
TOTAL FM JAN 1   752    HIGHEST SLP M ON M
DPTR FM NORMAL   336    LOWEST  SLP 29.89 ON  1

[REMARKS]
