000
CXUS55 KSEW 010930
CF6OLM
PRELIMINARY LOCAL CLIMATOLOGICAL DATA (WS FORM: F-6)

                                          STATION:   OLYMPIA WA AIRPORT
                                          MONTH:     JULY
                                          YEAR:      2015
                                          LATITUDE:   46 58 N
                                          LONGITUDE: 122 54 W

  TEMPERATURE IN F:       :PCPN:    SNOW:  WIND      :SUNSHINE: SKY     :PK WND
================================================================================
1   2   3   4   5  6A  6B    7    8   9   10  11  12  13   14  15   16   17  18
                                     12Z  AVG MX 2MIN
DY MAX MIN AVG DEP HDD CDD  WTR  SNW DPTH SPD SPD DIR MIN PSBL S-S WX    SPD DR
================================================================================

 1  92  51  72  10   0   7 0.00  0.0    0  5.4 14  10   M    M   0        19  60
 2  96  54  75  13   0  10 0.00  0.0    0  4.2 12  10   M    M   0        15  60
 3  94  55  75  13   0  10 0.00  0.0    0  4.2 13 320   M    M   0        16 300
 4  93  53  73  11   0   8 0.00  0.0    0  3.9 12  10   M    M   0        16  20
 5  94  54  74  12   0   9 0.00  0.0    0  4.2 15  30   M    M   0 1      20  30
 6  86  54  70   8   0   5 0.00  0.0    0  6.5 15 210   M    M   0 1      19 220
 7  85  53  69   6   0   4 0.00  0.0    0  3.6 12  20   M    M   2        15  30
 8  88  54  71   8   0   6 0.00  0.0    0  3.2 12  50   M    M   0 8      15  30
 9  82  54  68   5   0   3 0.00  0.0    0  4.1  7 160   M    M   3        17 210
10  68  61  65   2   0   0    T  0.0    0  6.8 14 230   M    M  10        20 250
11  69  61  65   2   0   0 0.05  0.0    0  4.3 13 190   M    M  10        17 180
12  79  60  70   6   0   5    T  0.0    0  5.2 14 310   M    M   5        20 270
13  81  54  68   4   0   3    T  0.0    0  3.5 13 300   M    M   M        17 350
14  82  48  65   1   0   0 0.00  0.0    0  3.5 15 300   M    M   1        19 320
15  80  52  66   2   0   1 0.00  0.0    0  5.9 17 260   M    M   3        23 230
16  79  55  67   3   0   2 0.00  0.0    0  4.8 10 310   M    M   5        14 320
17  83  48  66   2   0   1 0.00  0.0    0  5.0 15 340   M    M   0        25 360
18  94  51  73   9   0   8 0.00  0.0    0  4.8 15  20   M    M   0        21  30
19  94  55  75  11   0  10 0.00  0.0    0  6.5 17 210   M    M   0        21 220
20  80  57  69   5   0   4 0.00  0.0    0 10.1 20 210   M    M   3        25 220
21  76  53  65   0   0   0 0.00  0.0    0  6.8 15 260   M    M   4        21 210
22  72  47  60  -5   5   0 0.00  0.0    0  3.5 13 240   M    M   5 1      19 320
23  78  52  65   0   0   0 0.00  0.0    0  5.5 13 260   M    M   3        19 220
24  73  51  62  -3   3   0    T  0.0    0  7.1 14 250   M    M   7        18 260
25  70  53  62  -3   3   0    T  0.0    0  6.3 14 250   M    M   9        18 300
26  72  54  63  -2   2   0 0.10  0.0    0  5.6 18 240   M    M  10        24 230
27  75  47  61  -4   4   0 0.00  0.0    0  2.9 13 320   M    M   5 1      17 310
28  82  47  65   0   0   0 0.00  0.0    0  4.0 14  30   M    M   0 1      20  60
29  91  49  70   5   0   5 0.00  0.0    0  4.5 13  20   M    M   0        20  30
30  96  50  73   8   0   8 0.00  0.0    0  4.9 15  30   M    M   0        21  40
31  98  50  74   9   0   9 0.00  0.0    0  2.9 14 310   M    M   0        16 310
================================================================================
SM 2582 1637        17 118  0.15     0.0 153.7          M       85
================================================================================
AV 83.3 52.8                               5.0 FASTST   M    M   3    MAX(MPH)
                                 MISC ---->  # 20 210               # 25  360
================================================================================
NOTES:
# LAST OF SEVERAL OCCURRENCES

COLUMN 17 PEAK WIND IN M.P.H.

PRELIMINARY LOCAL CLIMATOLOGICAL DATA (WS FORM: F-6) , PAGE 2

                                          STATION:  OLYMPIA WA AIRPORT
                                          MONTH:    JULY
                                          YEAR:     2015
                                          LATITUDE:   46 58 N
                                          LONGITUDE: 122 54 W

[TEMPERATURE DATA]      [PRECIPITATION DATA]       SYMBOLS USED IN COLUMN 16

AVERAGE MONTHLY: 68.0   TOTAL FOR MONTH:   0.15    1 = FOG OR MIST
DPTR FM NORMAL:   4.2   DPTR FM NORMAL:   -0.48    2 = FOG REDUCING VISIBILITY
HIGHEST:    98 ON 31    GRTST 24HR  0.10 ON 26-26      TO 1/4 MILE OR LESS
LOWEST:     47 ON 28,27                            3 = THUNDER
                        SNOW, ICE PELLETS, HAIL    4 = ICE PELLETS
                        TOTAL MONTH:   0.0 INCH    5 = HAIL
                        GRTST 24HR     0.0         6 = FREEZING RAIN OR DRIZZLE
                        GRTST DEPTH:   0           7 = DUSTSTORM OR SANDSTORM:
                                                       VSBY 1/2 MILE OR LESS
                                                   8 = SMOKE OR HAZE
[NO. OF DAYS WITH]      [WEATHER - DAYS WITH]      9 = BLOWING SNOW
                                                   X = TORNADO
MAX 32 OR BELOW:   0    0.01 INCH OR MORE:   2
MAX 90 OR ABOVE:  10    0.10 INCH OR MORE:   1
MIN 32 OR BELOW:   0    0.50 INCH OR MORE:   0
MIN  0 OR BELOW:   0    1.00 INCH OR MORE:   0

[HDD (BASE 65) ]
TOTAL THIS MO.    17    CLEAR  (SCALE 0-3)  18
DPTR FM NORMAL   -63    PTCLDY (SCALE 4-7)   8
TOTAL FM JUL 1    17    CLOUDY (SCALE 8-10)  4
DPTR FM NORMAL   -63

[CDD (BASE 65) ]
TOTAL THIS MO.   118
DPTR FM NORMAL    75    [PRESSURE DATA]
TOTAL FM JAN 1   191    HIGHEST SLP M ON M
DPTR FM NORMAL   134    LOWEST  SLP 29.71 ON  8

[REMARKS]
#FINAL-07-15#
