000
CXAK56 PAOM 010911
CF6OME

PRELIMINARY LOCAL CLIMATOLOGICAL DATA (WS FORM: F-6)

                                          STATION:   NOME
                                          MONTH:     07
                                          YEAR:      2015
                                          LATITUDE:   64 31 N
                                          LONGITUDE: 165 27 W

  TEMPERATURE IN F:       :PCPN:    SNOW:  WIND      :SUNSHINE: SKY     :PK WND
================================================================================
1   2   3   4   5  6A  6B    7     8   9   10  11  12  13   14  15   16  17  18
                                      12Z  AVG MX 2MIN
DY MAX MIN AVG DEP HDD CDD  WTR   SNW DPTH SPD SPD DIR MIN PSBL S-S WX   SPD DR
================================================================================

 1  45  43  44  -8  21   0     T  0.0   0  8.7 15  220   M    M   M 1     18 210
 2  45  43  44  -8  21   0  0.02  0.0   0 11.4 17  250   M    M   M 1     21 240
 3  50  44  47  -5  18   0  0.00  0.0   0  5.4 13  130   M    M   M 1     14 130
 4  71  47  59   7   6   0  0.00  0.0   0 10.7 23  120   M    M   M 8     27  90
 5  69  55  62  10   3   0  0.00  0.0   0 12.8 21   80   M    M   M       26  80
 6  67  58  63  11   2   0  0.18  0.0   0 11.9 22  110   M    M   M 18    25 120
 7  59  49  54   2  11   0  0.14  0.0   0 10.4 24  120   M    M   M 128   31 120
 8  59  48  54   2  11   0  0.01  0.0   0  6.2 12  270   M    M   M 1     13 240
 9  65  49  57   4   8   0  0.00  0.0   0  8.3 17  140   M    M   M 2     22 110
10  64  51  58   5   7   0  0.10  0.0   0  7.3 16   30   M    M   M 1     19  30
11  68  55  62   9   3   0  0.02  0.0   0  9.7 16   30   M    M   M       20  30
12  68  53  61   8   4   0  0.00  0.0   0  5.8 10   30   M    M   M 8     12  30
13  69  52  61   8   4   0     T  0.0   0  3.1 13  280   M    M   M 18    15 140
14  63  55  59   6   6   0  0.17  0.0   0  3.9 10   60   M    M   M 138   14  50
15  64  54  59   6   6   0  0.01  0.0   0  3.5 17  130   M    M   M 8     20 130
16  67  55  61   8   4   0  0.04  0.0   0 10.9 22  100   M    M   M 138   27 110
17  70  53  62   9   3   0  0.66  0.0   0  8.6 23   40   M    M   M 135   31  50
18  53  47  50  -3  15   0  0.00  0.0   0 12.4 21  280   M    M   M       24 270
19  51  47  49  -3  16   0     T  0.0   0  7.6 14  200   M    M   M 1     16 200
20  58  47  53   1  12   0     T  0.0   0  6.7 14  130   M    M   M 1     16 130
21  63  52  58   6   7   0  0.02  0.0   0 11.9 23  130   M    M   M 1     28 130
22  60  50  55   3  10   0  0.07  0.0   0  8.8 21  270   M    M   M 1     24 270
23  61  49  55   3  10   0     T  0.0   0 16.6 30  260   M    M   M 3     35 260
24  52  46  49  -3  16   0  0.00  0.0   0 11.5 18  270   M    M   M 1     22 260
25  54  47  51  -1  14   0     T  0.0   0  5.3 14  270   M    M   M 1     17 250
26  65  48  57   5   8   0  0.00  0.0   0 10.9 24  260   M    M   M       27 280
27  66  42  54   2  11   0  0.00  0.0   0 10.3 18  260   M    M   M       20 260
28  62  46  54   2  11   0  0.00  0.0   0  5.1 12  210   M    M   M       15 200
29  60  48  54   2  11   0  0.00  0.0   0  5.4 14  140   M    M   M 1     19 190
30  60  45  53   1  12   0  0.00  0.0   0  6.9 15  250   M    M   M 1     19 250
31  52  46  49  -3  16   0     T  0.0   0 12.2 22  220   M    M   M 1     25 220
================================================================================
SM 1880 1524       307   0  1.44 0.0    270.2           M        M
================================================================================
AV 60.6 49.2                              8.7 FASTST  PSBL  %   M    MAX(MPH)
                                 MISC ---->     30  260                 35 260
================================================================================
NOTES:
# LAST OF SEVERAL OCCURRENCES

COLUMN 17 PEAK WIND IN M.P.H.

PRELIMINARY LOCAL CLIMATOLOGICAL DATA (WS FORM: F-6) , PAGE 2

                                          STATION:   NOME
                                          MONTH:     07
                                          YEAR:      2015
                                          LATITUDE:  64 31 N
                                          LONGITUDE: 165 27 W

[TEMPERATURE DATA]      [PRECIPITATION DATA]       SYMBOLS USED IN COLUMN 16

AVERAGE MONTHLY:54.9   TOTAL FOR MONTH: 1.44       1 = FOG
DPTR FM NORMAL:  2.6   DPTR FM NORMAL: -0.67       2 = FOG REDUCING VISIBILITY
HIGHEST:    71 ON  4    GRTST 24HR   0.66 ON 17        TO 1/4 MILE OR LESS
LOWEST:     42 ON 27                               3 = THUNDER
                        SNOW, ICE PELLETS, HAIL    4 = ICE PELLETS
                        TOTAL MONTH: 0.0         5 = HAIL
                        GRTST 24HR   0.0           6 = GLAZE OR RIME
                        GRTST DEPTH:    0          7 = BLOWING DUST OR SAND:
                                                       VSBY 1/2 MILE OR LESS
                                                   8 = SMOKE OR HAZE
[NO. OF DAYS WITH]      [WEATHER - DAYS WITH]      9 = BLOWING SNOW
                                                   X = TORNADO
MAX 32 OR BELOW:   0    0.01 INCH OR MORE:  12
MAX 70 OR ABOVE:   2    0.10 INCH OR MORE:   5
MIN 32 OR BELOW:   0    0.50 INCH OR MORE:   1
MIN  0 OR BELOW:   0    1.00 INCH OR MORE:   0

[HDD (BASE 65) ]
TOTAL THIS MO.   307    CLEAR  (SCALE 0-3)   M
DPTR FM NORMAL   -93    PTCLDY (SCALE 4-7)   M
SEASONAL TOTAL   307    CLOUDY (SCALE 8-10)  M
DPTR FM NORMAL   -93

[CDD (BASE 65) ]
TOTAL THIS MO.     0
DPTR FM NORMAL     0    [PRESSURE DATA]
SEASONAL TOTAL     5    HIGHEST SLP     M
DPTR FM NORMAL     5    LOWEST  SLP     M

[REMARKS]
#FINAL-07-15#
