000
CXAK56 PAFG 261436
CF6OME
PRELIMINARY LOCAL CLIMATOLOGICAL DATA (WS FORM: F-6)

                                          STATION:   NOME AK
                                          MONTH:     MARCH
                                          YEAR:      2017
                                          LATITUDE:   64 30 N
                                          LONGITUDE: 165 26 W

  TEMPERATURE IN F:       :PCPN:    SNOW:  WIND      :SUNSHINE: SKY     :PK WND
================================================================================
1   2   3   4   5  6A  6B    7    8   9   10  11  12  13   14  15   16   17  18
                                     12Z  AVG MX 2MIN
DY MAX MIN AVG DEP HDD CDD  WTR  SNW DPTH SPD SPD DIR MIN PSBL S-S WX    SPD DR
================================================================================

 1   4 -23  -9 -18  74   0 0.00  0.0   38  1.1  8  10   M    M   4         9  50
 2   7 -16  -4 -13  69   0 0.00  0.0   38  2.3 10  90   M    M   5        13 100
 3   7 -13  -3 -12  68   0    T  0.4   38  3.0 10  80   M    M   6 1      12  70
 4  12  -4   4  -5  61   0 0.00  0.0   38  0.9  6  30   M    M   9 1       7  20
 5   6 -11  -2 -11  67   0    T  0.1   38  2.7 10 340   M    M   8 12     11 330
 6   1 -15  -7 -16  72   0    T  0.1   38  3.8  9 280   M    M  10 128    11 270
 7  -3 -21 -12 -22  77   0    T    T   38  0.8  6  40   M    M   5 128     9  60
 8   5 -19  -7 -17  72   0    T    T   38  3.6 10  80   M    M   5 18     12  80
 9  15   2   9  -1  56   0 0.00  0.0   38  8.2 14  90   M    M   8        16  80
10  15  -8   4  -6  61   0 0.00  0.0   38  2.0  8  80   M    M   7 1       9  80
11  25   4  15   5  50   0    T    T   38  1.1  8 290   M    M   7 1       8 300
12  21  -1  10   0  55   0 0.00  0.0   38  3.1 12 280   M    M   1        12 270
13  19  -8   6  -4  59   0 0.00  0.0   37  4.5 17 350   M    M   3        19 340
14  11 -16  -2 -12  67   0    T    T   37  7.0 29 340   M    M   3 19     33 330
15   9 -16  -3 -13  68   0 0.00  0.0   37  2.9 20 350   M    M   0        21 340
16   3 -18  -7 -17  72   0 0.00  0.0   37  7.5 14  80   M    M   4 1      18  70
17   8   1   5  -5  60   0 0.01  0.2   37 13.9 23  70   M    M  10 18     27  70
18  10 -12  -1 -11  66   0 0.00  0.0   37  2.0  7 330   M    M   1 1       8 320
19   6 -16  -5 -15  70   0 0.00  0.0   37  0.7  7 280   M    M   1 8       8 280
20  10 -12  -1 -11  66   0 0.00  0.0   37  1.1  7 310   M    M   3         8 260
21  10 -15  -2 -13  67   0 0.00  0.0   37  0.3  5  20   M    M   2 1       8  70
22  12 -17  -2 -13  67   0    T    T   37  1.5  8 260   M    M   5 1      10 270
23  15   5  10  -1  55   0    T  0.1   37  3.2 10 100   M    M  10        11 100
24  16  -2   7  -4  58   0    T    T   37  1.4  7 280   M    M   4         8 290
25  15  -7   4  -7  61   0 0.00  0.0   37  0.6  5 270   M    M   1         7 280
================================================================================
SM  259 -258      1618   0  0.01     0.9  79.2          M      122
================================================================================
AV 10.4-10.3                               3.2 FASTST   M    M   5    MAX(MPH)
                                 MISC ---->  # 29 340               # 33  330
================================================================================
NOTES:
# LAST OF SEVERAL OCCURRENCES

COLUMN 17 PEAK WIND IN M.P.H.

PRELIMINARY LOCAL CLIMATOLOGICAL DATA (WS FORM: F-6) , PAGE 2

                                          STATION:  NOME AK
                                          MONTH:    MARCH
                                          YEAR:     2017
                                          LATITUDE:   64 30 N
                                          LONGITUDE: 165 26 W

[TEMPERATURE DATA]      [PRECIPITATION DATA]       SYMBOLS USED IN COLUMN 16

AVERAGE MONTHLY:  0.0   TOTAL FOR MONTH:   0.01    1 = FOG OR MIST
DPTR FM NORMAL:  -9.9   DPTR FM NORMAL:   -0.52    2 = FOG REDUCING VISIBILITY
HIGHEST:    25 ON 11    GRTST 24HR  0.01 ON 17-17      TO 1/4 MILE OR LESS
LOWEST:    -23 ON  1                               3 = THUNDER
                        SNOW, ICE PELLETS, HAIL    4 = ICE PELLETS
                        TOTAL MONTH:   0.9 INCH    5 = HAIL
                        GRTST 24HR   0.4 ON   M    6 = FREEZING RAIN OR DRIZZLE
                        GRTST DEPTH:  38 ON 12,11  7 = DUSTSTORM OR SANDSTORM:
                                                       VSBY 1/2 MILE OR LESS
                                                   8 = SMOKE OR HAZE
[NO. OF DAYS WITH]      [WEATHER - DAYS WITH]      9 = BLOWING SNOW
                                                   X = TORNADO
MAX 32 OR BELOW:  25    0.01 INCH OR MORE:   1
MAX 90 OR ABOVE:   0    0.10 INCH OR MORE:   0
MIN 32 OR BELOW:  25    0.50 INCH OR MORE:   0
MIN  0 OR BELOW:  21    1.00 INCH OR MORE:   0

[HDD (BASE 65) ]
TOTAL THIS MO.  1618    CLEAR  (SCALE 0-3)   9
DPTR FM NORMAL   240    PTCLDY (SCALE 4-7)  12
TOTAL FM JUL 1 10413    CLOUDY (SCALE 8-10)  4
DPTR FM NORMAL  -244

[CDD (BASE 65) ]
TOTAL THIS MO.     0
DPTR FM NORMAL     0    [PRESSURE DATA]
TOTAL FM JAN 1     0    HIGHEST SLP M ON M
DPTR FM NORMAL     0    LOWEST  SLP 29.86 ON M

[REMARKS]
