000
CXAK56 PAOM 301147
CF6OME

PRELIMINARY LOCAL CLIMATOLOGICAL DATA (WS FORM: F-6)

                                          STATION:   NOME
                                          MONTH:     05
                                          YEAR:      2016
                                          LATITUDE:   64 31 N
                                          LONGITUDE: 165 27 W

  TEMPERATURE IN F:       :PCPN:    SNOW:  WIND      :SUNSHINE: SKY     :PK WND
================================================================================
1   2   3   4   5  6A  6B    7     8   9   10  11  12  13   14  15   16  17  18
                                      12Z  AVG MX 2MIN
DY MAX MIN AVG DEP HDD CDD  WTR   SNW DPTH SPD SPD DIR MIN PSBL S-S WX   SPD DR
================================================================================

 1  46  34  40  10  25   0     T  0.0   0  6.4 16  350   M    M   M       20 340
 2  42  28  35   5  30   0  0.00  0.0   0  4.4 15  250   M    M   M       18 250
 3  41  28  35   4  30   0  0.00  0.0   0  4.1 10  260   M    M   M       12 230
 4  42  28  35   4  30   0  0.00  0.0   0  3.4 10  160   M    M   M       13 160
 5  49  33  41   9  24   0  0.00  0.0   0  5.2 14  140   M    M   M       17 150
 6  53  34  44  12  21   0  0.00  0.0   0  8.3 17  260   M    M   M       20 260
 7  54  29  42   9  23   0  0.00  0.0   0  4.2 15  140   M    M   M       19 170
 8  46  37  42   9  23   0  0.07  0.0   0 10.3 20  120   M    M   M 1     23 120
 9  40  38  39   5  26   0  0.14  0.0   0 16.2 24  130   M    M   M 1     30 110
10  43  37  40   6  25   0  0.34  0.0   0 17.9 26  110   M    M   M 1     34 110
11  43  37  40   5  25   0  0.07  0.0   0 11.6 29  110   M    M   M 1     35 110
12  44  34  39   4  26   0  0.02  0.0   0  7.2 13  140   M    M   M 2     14 140
13  54  29  42   6  23   0  0.00  0.0   0  7.7 20  260   M    M   M 12    23 260
14  50  34  42   6  23   0  0.00  0.0   0  7.7 15  250   M    M   M       17 250
15  53  31  42   5  23   0  0.00  0.0   0  8.3 15  260   M    M   M       17 260
16  54  32  43   6  22   0  0.00  0.0   0  6.2 14  270   M    M   M       16 270
17  57  43  50  12  15   0  0.00  0.0   0  8.4 22  120   M    M   M       27 120
18  51  38  45   7  20   0  0.02  0.0   0 17.3 28  140   M    M   M 1     34 150
19  47  35  41   3  24   0  0.01  0.0   0 14.9 29  110   M    M   M 1     34 120
20  52  39  46   7  19   0     T  0.0   0 10.7 20  120   M    M   M       25 120
21  46  36  41   2  24   0  0.01  0.0   0 12.9 24  210   M    M   M 1     27 220
22  43  35  39  -1  26   0     T  0.0   0 11.2 20  250   M    M   M 1     22 250
23  38  34  36  -4  29   0  0.11  0.0   0 15.9 23  210   M    M   M 1     27 160
24  37  33  35  -5  30   0     T    T   0 10.9 22  220   M    M   M 1     27 220
25  39  36  38  -3  27   0  0.38  0.0   0  8.2 13  170   M    M   M 1     15 180
26  42  38  40  -1  25   0  0.05  0.0   0  7.5 14  190   M    M   M 1     17 180
27  57  33  45   4  20   0  0.00  0.0   0  4.3 13  240   M    M   M       16 170
28  65  50  58  16   7   0  0.00  0.0   0  9.9 20  130   M    M   M       24 130
29  73  48  61  19   4   0  0.00  0.0   0  4.6 10  250   M    M   M       13 220
================================================================================
SM 1401 1021       669   0  1.22     T    265.8           M        M
================================================================================
AV 48.3 35.2                              9.2 FASTST  PSBL  %   M    MAX(MPH)
                                 MISC ---->  #  29  110                 35 110
================================================================================
NOTES:
# LAST OF SEVERAL OCCURRENCES

COLUMN 17 PEAK WIND IN M.P.H.

PRELIMINARY LOCAL CLIMATOLOGICAL DATA (WS FORM: F-6) , PAGE 2

                                          STATION:   NOME
                                          MONTH:     05
                                          YEAR:      2016
                                          LATITUDE:  64 31 N
                                          LONGITUDE: 165 27 W

[TEMPERATURE DATA]      [PRECIPITATION DATA]       SYMBOLS USED IN COLUMN 16

AVERAGE MONTHLY:41.8   TOTAL FOR MONTH: 1.22       1 = FOG
DPTR FM NORMAL:  5.4   DPTR FM NORMAL: 0.42       2 = FOG REDUCING VISIBILITY
HIGHEST:    73 ON 29    GRTST 24HR   0.38 ON 25        TO 1/4 MILE OR LESS
LOWEST:     28 ON  4                               3 = THUNDER
                        SNOW, ICE PELLETS, HAIL    4 = ICE PELLETS
                        TOTAL MONTH:     T         5 = HAIL
                        GRTST 24HR     T ON 24     6 = GLAZE OR RIME
                        GRTST DEPTH:    0          7 = BLOWING DUST OR SAND:
                                                       VSBY 1/2 MILE OR LESS
                                                   8 = SMOKE OR HAZE
[NO. OF DAYS WITH]      [WEATHER - DAYS WITH]      9 = BLOWING SNOW
                                                   X = TORNADO
MAX 32 OR BELOW:   0    0.01 INCH OR MORE:  11
MAX 70 OR ABOVE:   1    0.10 INCH OR MORE:   4
MIN 32 OR BELOW:   7    0.50 INCH OR MORE:   0
MIN  0 OR BELOW:   0    1.00 INCH OR MORE:   0

[HDD (BASE 65) ]
TOTAL THIS MO.   669    CLEAR  (SCALE 0-3)   M
DPTR FM NORMAL  -161    PTCLDY (SCALE 4-7)   M
SEASONAL TOTAL 11463    CLOUDY (SCALE 8-10)  M
DPTR FM NORMAL -1680

[CDD (BASE 65) ]
TOTAL THIS MO.     0
DPTR FM NORMAL     0    [PRESSURE DATA]
SEASONAL TOTAL     0    HIGHEST SLP     M
DPTR FM NORMAL     0    LOWEST  SLP     M

[REMARKS]
