000
CXAK56 PAOM 300908
CF6OME

PRELIMINARY LOCAL CLIMATOLOGICAL DATA (WS FORM: F-6)

                                          STATION:   NOME
                                          MONTH:     08
                                          YEAR:      2014
                                          LATITUDE:   64 31 N
                                          LONGITUDE: 165 27 W

  TEMPERATURE IN F:       :PCPN:    SNOW:  WIND      :SUNSHINE: SKY     :PK WND
================================================================================
1   2   3   4   5  6A  6B    7     8   9   10  11  12  13   14  15   16  17  18
                                      12Z  AVG MX 2MIN
DY MAX MIN AVG DEP HDD CDD  WTR   SNW DPTH SPD SPD DIR MIN PSBL S-S WX   SPD DR
================================================================================

 1  58  51  55   3  10   0     T  0.0   0  8.1 18  250   M    M   M 1     22 250
 2  70  48  59   8   6   0  0.00  0.0   0  4.8 15  260   M    M   M 12    18 270
 3  65  49  57   6   8   0  0.00  0.0   0  3.0  8  280   M    M   M       10 270
 4  69  50  60   9   5   0  0.00  0.0   0  6.5 17  250   M    M   M       20 240
 5  69  53  61  10   4   0  0.00  0.0   0  6.5 13  250   M    M   M 8     15 350
 6  64  50  57   6   8   0  0.00  0.0   0  7.6 16  140   M    M   M       19 150
 7  67  58  63  12   2   0  0.00  0.0   0 12.3 21  120   M    M   M       25 100
 8  65  52  59   8   6   0  0.12  0.0   0 10.6 21  110   M    M   M 1     28 100
 9  71  56  64  13   1   0  0.01  0.0   0  7.8 14   70   M    M   M 3     18  40
10  71  55  63  12   2   0  0.00  0.0   0  6.3 15  140   M    M   M       19 140
11  77  52  65  14   0   0  0.00  0.0   0  8.1 17  350   M    M   M       21 350
12  71  60  66  15   0   1     T  0.0   0  8.1 18   40   M    M   M       23  50
13  69  54  62  11   3   0  0.00  0.0   0  8.1 18  140   M    M   M       23 130
14  65  51  58   8   7   0  0.01  0.0   0  5.6 14  120   M    M   M 1     16 130
15  67  47  57   7   8   0  0.01  0.0   0  5.1 14  350   M    M   M       18 350
16  60  54  57   7   8   0  0.27  0.0   0  1.9  8  340   M    M   M 1      9 340
17  62  56  59   9   6   0     T  0.0   0  6.3 12  160   M    M   M       15 150
18  58  49  54   4  11   0  0.00  0.0   0  9.4 16  250   M    M   M       19 270
19  56  51  54   4  11   0  0.03  0.0   0 10.4 18  240   M    M   M 1     21 230
20  57  47  52   2  13   0  0.50  0.0   0  6.3 17  260   M    M   M 1     20 250
21  56  44  50   0  15   0  0.00  0.0   0  5.8 13  270   M    M   M       17 250
22  59  40  50   0  15   0  0.00  0.0   0  2.5  8  220   M    M   M        9 220
23  65  47  56   6   9   0     T  0.0   0  7.4 15  130   M    M   M       18 130
24  69  56  63  14   2   0  0.00  0.0   0 12.5 22   40   M    M   M       28  30
25  65  46  56   7   9   0  0.00  0.0   0  8.6 16  260   M    M   M       20 270
26  57  46  52   3  13   0     T  0.0   0  6.0 13  220   M    M   M 1     17 240
27  57  50  54   5  11   0  0.01  0.0   0  5.9 16  260   M    M   M 1     19 270
28  53  37  45  -4  20   0  0.01  0.0   0 10.1 20  310   M    M   M       24 310
29  51  34  43  -6  22   0  0.00  0.0   0  8.8 17  300   M    M   M       22 290
================================================================================
SM 1843 1443       235   1  0.97 0.0    210.4           M        M
================================================================================
AV 63.6 49.8                              7.3 FASTST  PSBL  %   M    MAX(MPH)
                                 MISC ---->     22   40               # 28  30
================================================================================
NOTES:
# LAST OF SEVERAL OCCURRENCES

COLUMN 17 PEAK WIND IN M.P.H.

PRELIMINARY LOCAL CLIMATOLOGICAL DATA (WS FORM: F-6) , PAGE 2

                                          STATION:   NOME
                                          MONTH:     08
                                          YEAR:      2014
                                          LATITUDE:  64 31 N
                                          LONGITUDE: 165 27 W

[TEMPERATURE DATA]      [PRECIPITATION DATA]       SYMBOLS USED IN COLUMN 16

AVERAGE MONTHLY:56.7   TOTAL FOR MONTH: 0.97       1 = FOG
DPTR FM NORMAL:  6.4   DPTR FM NORMAL: -2.06       2 = FOG REDUCING VISIBILITY
HIGHEST:    77 ON 11    GRTST 24HR   0.50 ON 20        TO 1/4 MILE OR LESS
LOWEST:     34 ON 29                               3 = THUNDER
                        SNOW, ICE PELLETS, HAIL    4 = ICE PELLETS
                        TOTAL MONTH: 0.0         5 = HAIL
                        GRTST 24HR   0.0           6 = GLAZE OR RIME
                        GRTST DEPTH:    0          7 = BLOWING DUST OR SAND:
                                                       VSBY 1/2 MILE OR LESS
                                                   8 = SMOKE OR HAZE
[NO. OF DAYS WITH]      [WEATHER - DAYS WITH]      9 = BLOWING SNOW
                                                   X = TORNADO
MAX 32 OR BELOW:   0    0.01 INCH OR MORE:   9
MAX 70 OR ABOVE:   5    0.10 INCH OR MORE:   3
MIN 32 OR BELOW:   0    0.50 INCH OR MORE:   1
MIN  0 OR BELOW:   0    1.00 INCH OR MORE:   0

[HDD (BASE 65) ]
TOTAL THIS MO.   235    CLEAR  (SCALE 0-3)   M
DPTR FM NORMAL  -195    PTCLDY (SCALE 4-7)   M
SEASONAL TOTAL   658    CLOUDY (SCALE 8-10)  M
DPTR FM NORMAL  -172

[CDD (BASE 65) ]
TOTAL THIS MO.     1
DPTR FM NORMAL     1    [PRESSURE DATA]
SEASONAL TOTAL     3    HIGHEST SLP     M
DPTR FM NORMAL     3    LOWEST  SLP     M

[REMARKS]
