000
CXUS53 KARX 270930
CF6ONA
PRELIMINARY LOCAL CLIMATOLOGICAL DATA (WS FORM: F-6)

                                          STATION:   WINONA_MUNI_(AWOS) MN
                                          MONTH:     MARCH
                                          YEAR:      2017
                                          LATITUDE:   44  4 N
                                          LONGITUDE:  91 42 W

  TEMPERATURE IN F:       :PCPN:    SNOW:  WIND      :SUNSHINE: SKY     :PK WND
================================================================================
1   2   3   4   5  6A  6B    7    8   9   10  11  12  13   14  15   16   17  18
                                     12Z  AVG MX 2MIN
DY MAX MIN AVG DEP HDD CDD  WTR  SNW DPTH SPD SPD DIR MIN PSBL S-S WX    SPD DR
================================================================================

 1  36  30  33   M  32   0    M  2.1    3 10.6 18 320   M    M   9        27 320
 2  30  18  24   M  41   0 0.00  0.0    5  7.7 14 330   M    M   4        18 310
 3  30   9  20   M  45   0    M    M    5  3.7  8 130   M    M   3         M  M
 4  41  25  33   M  32   0 0.00  0.0    4 11.4 18 120   M    M   2        25 120
 5  54  34  44   M  21   0 0.00  0.0    1  6.1 13 130   M    M   7        16 170
 6  63  50  57   M   8   0 0.37  0.0    0  9.8 14 140   M    M   9 13     23 160
 7  52  34  43   M  22   0    T  0.0    0 12.6 22 240   M    M   4        31 240
 8  39  32  36   M  29   0 0.00  0.0    0 19.3 30 290   M    M   1        44 290
 9  36  23  30   M  35   0 0.00  0.0    0 10.1 15 340   M    M   5        24 340
10  23  12  18   M  47   0 0.00  0.0    0 11.5 18 330   M    M   0        27 330
11  25  14  20   M  45   0 0.00  0.0    0  7.2 12 320   M    M   3        17 340
12  30  12  21   M  44   0    M    M    0  4.0 10 150   M    M   5         M  M
13  30  19  25   M  40   0    M    M    3  5.9  9  50   M    M   8 8      18  30
14  30  10  20   M  45   0 0.00  0.0    3  4.7 10 330   M    M   1         M  M
15  34  10  22   M  43   0 0.00  0.0    M  4.4 12 240   M    M   0         M  M
16  41  14  28   M  37   0 0.01  0.0    M  6.3 13 140   M    M   6        17 160
17  48  32  40   M  25   0 0.02  0.0    0  9.1 18 290   M    M   7 1      28 300
18  39  30  35   M  30   0 0.00  0.0    0  9.1 18 330   M    M   6        28 330
19  55  28  42   M  23   0 0.00  0.0    0  5.0 13 140   M    M   1        20 160
20  59  34  47   M  18   0 0.00  0.0    0  3.2  9 320   M    M   2         M  M
21  41  30  36   M  29   0 0.00  0.0    0  8.0 16 300   M    M   0        23 350
22  41  23  32   M  33   0 0.00  0.0    0  7.7 13 130   M    M   2        18 130
23  43  34  39   M  26   0 0.04  0.0    0  9.8 14 150   M    M  10 3      23 210
24  41  37  39   M  26   0 0.71  0.0    0  3.9  8  80   M    M  10 13      M  M
25  41  36  39   M  26   0 0.06  0.0    0  8.1 12 100   M    M  10 1       M  M
26  43  36  40   M  25   0 0.02  0.0    0  2.9  9 330   M    M  10 1       M  M
================================================================================
SM 1045  666       827   0  1.23     2.1 202.1          M      125
================================================================================
AV 40.2 25.6                               7.8 FASTST   M    M   5    MAX(MPH)
                                 MISC ---->  # 30 290               # 44  290
================================================================================
NOTES:
# LAST OF SEVERAL OCCURRENCES

COLUMN 17 PEAK WIND IN M.P.H.

PRELIMINARY LOCAL CLIMATOLOGICAL DATA (WS FORM: F-6) , PAGE 2

                                          STATION:  WINONA_MUNI_(AWOS) MN
                                          MONTH:    MARCH
                                          YEAR:     2017
                                          LATITUDE:   44  4 N
                                          LONGITUDE:  91 42 W

[TEMPERATURE DATA]      [PRECIPITATION DATA]       SYMBOLS USED IN COLUMN 16

AVERAGE MONTHLY: 32.9   TOTAL FOR MONTH:   1.23    1 = FOG OR MIST
DPTR FM NORMAL:     M   DPTR FM NORMAL:       M    2 = FOG REDUCING VISIBILITY
HIGHEST:    63 ON  6    GRTST 24HR  0.71 ON 24-24      TO 1/4 MILE OR LESS
LOWEST:      9 ON  3                               3 = THUNDER
                        SNOW, ICE PELLETS, HAIL    4 = ICE PELLETS
                        TOTAL MONTH:   2.1 INCHES  5 = HAIL
                        GRTST 24HR   2.1 ON  1- 1  6 = FREEZING RAIN OR DRIZZLE
                        GRTST DEPTH:   5 ON  3, 2  7 = DUSTSTORM OR SANDSTORM:
                                                       VSBY 1/2 MILE OR LESS
                                                   8 = SMOKE OR HAZE
[NO. OF DAYS WITH]      [WEATHER - DAYS WITH]      9 = BLOWING SNOW
                                                   X = TORNADO
MAX 32 OR BELOW:   7    0.01 INCH OR MORE:   7
MAX 90 OR ABOVE:   0    0.10 INCH OR MORE:   2
MIN 32 OR BELOW:  18    0.50 INCH OR MORE:   1
MIN  0 OR BELOW:   0    1.00 INCH OR MORE:   0

[HDD (BASE 65) ]
TOTAL THIS MO.   827    CLEAR  (SCALE 0-3)   9
DPTR FM NORMAL     M    PTCLDY (SCALE 4-7)  10
TOTAL FM JUL 1  5401    CLOUDY (SCALE 8-10)  7
DPTR FM NORMAL     M

[CDD (BASE 65) ]
TOTAL THIS MO.     0
DPTR FM NORMAL     M    [PRESSURE DATA]
TOTAL FM JAN 1     0    HIGHEST SLP M ON M
DPTR FM NORMAL     M    LOWEST  SLP M ON M

[REMARKS]
