000
CXUS56 KBOI 231002
CF6ONO
PRELIMINARY LOCAL CLIMATOLOGICAL DATA (WS FORM: F-6)

                                          STATION:   ONTARIO OR
                                          MONTH:     JULY
                                          YEAR:      2017
                                          LATITUDE:   44  1 N
                                          LONGITUDE: 117  1 W

  TEMPERATURE IN F:       :PCPN:    SNOW:  WIND      :SUNSHINE: SKY     :PK WND
================================================================================
1   2   3   4   5  6A  6B    7    8   9   10  11  12  13   14  15   16   17  18
                                     12Z  AVG MX 2MIN
DY MAX MIN AVG DEP HDD CDD  WTR  SNW DPTH SPD SPD DIR MIN PSBL S-S WX    SPD DR
================================================================================

 1  97  54  76   3   0  11 0.00    M    M  3.6 22 320   M    M   0        29 320
 2  98  71  85  12   0  20 0.00    M    M  6.1 21 320   M    M   0        26 320
 3  99  71  85  12   0  20 0.00    M    M  7.0 15 290   M    M   0        20 340
 4  99  57  78   4   0  13 0.00    M    M  3.0  9 250   M    M   0 8      11 250
 5  99  65  82   8   0  17 0.00    M    M  4.9 13 240   M    M   0        15 110
 6 102  59  81   7   0  16 0.00    M    M  2.1  8 100   M    M   0        11 100
 7 103  61  82   7   0  17 0.00    M    M  2.7 12 310   M    M   0        14 300
 8 105  67  86  11   0  21 0.00    M    M  4.4 17 170   M    M   0        26 180
 9 103  68  86  11   0  21 0.00    M    M  6.5 21 330   M    M   0        27 330
10  99  74  87  12   0  22 0.00    M    M 12.1 24 240   M    M   0        30 320
11  93  67  80   4   0  15 0.00    M    M  8.1 21 300   M    M   0        27 290
12  98  58  78   2   0  13 0.00    M    M  2.6 10 240   M    M   0        12 240
13 102  60  81   5   0  16 0.00    M    M  2.8  9 320   M    M   0        12 310
14 103  70  87  11   0  22 0.00    M    M  3.5 13 280   M    M   0        17 310
15 101  66  84   8   0  19 0.01    M    M  7.0 28 310   M    M   0        36 330
16  94  68  81   4   0  16 0.00    M    M 12.5 28 310   M    M   0        35 310
17  94  63  79   2   0  14 0.00    M    M  7.6 23 330   M    M   0        28 330
18  98  63  81   4   0  16 0.00    M    M  5.7 23 310   M    M   0        31 310
19  97  65  81   4   0  16 0.00    M    M  4.3 16 290   M    M   0 8      22 300
20  96  64  80   3   0  15 0.00    M    M  8.7 21 330   M    M   0 8      27 320
21  95  65  80   3   0  15 0.00    M    M  8.2 22 310   M    M   0 8      29 310
22  98  70  84   7   0  19 0.00    M    M  6.7 20 310   M    M   0        26 320
================================================================================
SM 2173 1426         0 374  0.01    M    130.1          M        0
================================================================================
AV 98.8 64.8                               5.9 FASTST   M    M   0    MAX(MPH)
                                 MISC ---->  # 28 310               # 36  330
================================================================================
NOTES:
# LAST OF SEVERAL OCCURRENCES

COLUMN 17 PEAK WIND IN M.P.H.

PRELIMINARY LOCAL CLIMATOLOGICAL DATA (WS FORM: F-6) , PAGE 2

                                          STATION:  ONTARIO OR
                                          MONTH:    JULY
                                          YEAR:     2017
                                          LATITUDE:   44  1 N
                                          LONGITUDE: 117  1 W

[TEMPERATURE DATA]      [PRECIPITATION DATA]       SYMBOLS USED IN COLUMN 16

AVERAGE MONTHLY: 81.8   TOTAL FOR MONTH:   0.01    1 = FOG OR MIST
DPTR FM NORMAL:   6.3   DPTR FM NORMAL:   -0.24    2 = FOG REDUCING VISIBILITY
HIGHEST:   105 ON  8    GRTST 24HR  0.01 ON 15-15      TO 1/4 MILE OR LESS
LOWEST:     54 ON  1                               3 = THUNDER
                        SNOW, ICE PELLETS, HAIL    4 = ICE PELLETS
                        TOTAL MONTH:    M          5 = HAIL
                        GRTST 24HR    M  ON   M    6 = FREEZING RAIN OR DRIZZLE
                        GRTST DEPTH:  M  ON   M    7 = DUSTSTORM OR SANDSTORM:
                                                       VSBY 1/2 MILE OR LESS
                                                   8 = SMOKE OR HAZE
[NO. OF DAYS WITH]      [WEATHER - DAYS WITH]      9 = BLOWING SNOW
                                                   X = TORNADO
MAX 32 OR BELOW:   0    0.01 INCH OR MORE:   1
MAX 90 OR ABOVE:  22    0.10 INCH OR MORE:   0
MIN 32 OR BELOW:   0    0.50 INCH OR MORE:   0
MIN  0 OR BELOW:   0    1.00 INCH OR MORE:   0

[HDD (BASE 65) ]
TOTAL THIS MO.     0    CLEAR  (SCALE 0-3)  22
DPTR FM NORMAL     0    PTCLDY (SCALE 4-7)   0
TOTAL FM JUL 1     0    CLOUDY (SCALE 8-10)  0
DPTR FM NORMAL     0

[CDD (BASE 65) ]
TOTAL THIS MO.   374
DPTR FM NORMAL   140    [PRESSURE DATA]
TOTAL FM JAN 1   578    HIGHEST SLP M ON M
DPTR FM NORMAL   169    LOWEST  SLP 29.69 ON 10

[REMARKS]
