000
CXUS52 KMFL 251000
CF6OPF
PRELIMINARY LOCAL CLIMATOLOGICAL DATA (WS FORM: F-6)

                                          STATION:   OPA-LOCKA ARPT
                                          MONTH:     OCTOBER
                                          YEAR:      2014
                                          LATITUDE:   25 53 N
                                          LONGITUDE:  80 17 W

  TEMPERATURE IN F:       :PCPN:    SNOW:  WIND      :SUNSHINE: SKY     :PK WND
================================================================================
1   2   3   4   5  6A  6B    7    8   9   10  11  12  13   14  15   16   17  18
                                     12Z  AVG MX 2MIN
DY MAX MIN AVG DEP HDD CDD  WTR  SNW DPTH SPD SPD DIR MIN PSBL S-S WX    SPD DR
================================================================================

 1  93  77  85   3   0  20 0.04  0.0    0  6.8 22 270   M    M   1 3      28 270
 2  93  78  86   4   0  21    T  0.0    0  5.6 14 270   M    M   3 38     18 280
 3  94  76  85   3   0  20 0.58  0.0    0  4.0 22 250   M    M   2 13     28 240
 4  91  76  84   2   0  19 0.00  0.0    0  7.2 20 280   M    M   1        29 280
 5  86  70  78  -4   0  13 0.00  0.0    M  7.9 15 320   M    M   1        20 330
 6  86  71  79  -2   0  14 0.00  0.0    0  8.5 20  90   M    M   2 8      23  90
 7  84  73  79  -2   0  14 0.03  0.0    0  4.1 17 140   M    M   1 3      21 140
 8  88  74  81   0   0  16 0.00  0.0    0  6.3 16  70   M    M   2 8      19  60
 9  89  77  83   2   0  18 0.00  0.0    0 10.5 21  80   M    M   2 8      24  60
10  89  76  83   2   0  18 0.00  0.0    0 11.1 21  90   M    M   2        26  80
11  89  76  83   2   0  18    T  0.0    0  8.1 16  70   M    M   2 8      19  80
12  88  75  82   2   0  17    T  0.0    0  9.6 20  90   M    M   3 8      24  90
13  88  77  83   3   0  18 0.37  0.0    0 11.7 30  70   M    M   4 18     34  70
14  89  76  83   3   0  18 0.30  0.0    0  9.9 20 140   M    M   3 1      24 120
15  89  74  82   2   0  17 0.25  0.0    0  4.0 23 150   M    M   2 13     34 150
16  84  71  78  -2   0  13 0.00  0.0    0  9.2 18 320   M    M   0        23 330
17  84  67  76  -3   0  11 0.00  0.0    0  4.6 12 340   M    M   0        17 330
18  86  65  76  -3   0  11 0.00  0.0    0  4.0 12 170   M    M   0        15 310
19  86  70  78  -1   0  13 0.00  0.0    0  5.7 14 100   M    M   1        17  90
20  86  69  78  -1   0  13 0.07  0.0    0  4.4 15 100   M    M   5 8      19 110
21  80  74  77  -2   0  12 0.03  0.0    0  5.0 18 210   M    M   4        22 210
22  85  73  79   1   0  14 0.08  0.0    0  2.6 12  80   M    M   3 3      13  90
23  81  73  77  -1   0  12 0.44  0.0    0  9.4 22  40   M    M   7 1      26  40
24  79  72  76  -2   0  11 0.15  0.0    0 12.5 21  50   M    M  10        28  60
================================================================================
SM 2087 1760         0 371  2.34     0.0 172.7          M       61
================================================================================
AV 87.0 73.3                               7.2 FASTST   M    M   3    MAX(MPH)
                                 MISC ---->  # 30  70               # 34   70
================================================================================
NOTES:
# LAST OF SEVERAL OCCURRENCES

COLUMN 17 PEAK WIND IN M.P.H.

PRELIMINARY LOCAL CLIMATOLOGICAL DATA (WS FORM: F-6) , PAGE 2

                                          STATION:  OPA-LOCKA ARPT
                                          MONTH:    OCTOBER
                                          YEAR:     2014
                                          LATITUDE:   25 53 N
                                          LONGITUDE:  80 17 W

[TEMPERATURE DATA]      [PRECIPITATION DATA]       SYMBOLS USED IN COLUMN 16

AVERAGE MONTHLY: 80.1   TOTAL FOR MONTH:   2.34    1 = FOG OR MIST
DPTR FM NORMAL:  -0.1   DPTR FM NORMAL:   -3.02    2 = FOG REDUCING VISIBILITY
HIGHEST:    94 ON  3    GRTST 24HR  0.58 ON  3- 3      TO 1/4 MILE OR LESS
LOWEST:     65 ON 18                               3 = THUNDER
                        SNOW, ICE PELLETS, HAIL    4 = ICE PELLETS
                        TOTAL MONTH:   0.0 INCH    5 = HAIL
                        GRTST 24HR     0.0         6 = FREEZING RAIN OR DRIZZLE
                        GRTST DEPTH:   0           7 = DUSTSTORM OR SANDSTORM:
                                                       VSBY 1/2 MILE OR LESS
                                                   8 = SMOKE OR HAZE
[NO. OF DAYS WITH]      [WEATHER - DAYS WITH]      9 = BLOWING SNOW
                                                   X = TORNADO
MAX 32 OR BELOW:   0    0.01 INCH OR MORE:  11
MAX 90 OR ABOVE:   4    0.10 INCH OR MORE:   6
MIN 32 OR BELOW:   0    0.50 INCH OR MORE:   1
MIN  0 OR BELOW:   0    1.00 INCH OR MORE:   0

[HDD (BASE 65) ]
TOTAL THIS MO.     0    CLEAR  (SCALE 0-3)  19
DPTR FM NORMAL     0    PTCLDY (SCALE 4-7)   4
TOTAL FM JUL 1     0    CLOUDY (SCALE 8-10)  1
DPTR FM NORMAL     0

[CDD (BASE 65) ]
TOTAL THIS MO.   371
DPTR FM NORMAL     7    [PRESSURE DATA]
TOTAL FM JAN 1  4088    HIGHEST SLP M ON M
DPTR FM NORMAL   288    LOWEST  SLP 29.80 ON 24

[REMARKS]
