000
CXUS54 KMRX 261000
CF6OQT
PRELIMINARY LOCAL CLIMATOLOGICAL DATA (WS FORM: F-6)

                                          STATION:   OAK_RIDGE_(ASOS)
                                          MONTH:     FEBRUARY
                                          YEAR:      2015
                                          LATITUDE:   36  1 N
                                          LONGITUDE:  84 14 W

  TEMPERATURE IN F:       :PCPN:    SNOW:  WIND      :SUNSHINE: SKY     :PK WND
================================================================================
1   2   3   4   5  6A  6B    7    8   9   10  11  12  13   14  15   16   17  18
                                     12Z  AVG MX 2MIN
DY MAX MIN AVG DEP HDD CDD  WTR  SNW DPTH SPD SPD DIR MIN PSBL S-S WX    SPD DR
================================================================================

 1  50  37  44   5  21   0 0.68    M    M  1.7 13 280   M    M   7 1      19 290
 2  52  27  40   1  25   0 0.01    M    M  6.6 18 280   M    M   M 1      29 260
 3  45  20  33  -6  32   0 0.00    M    M  1.2  8 200   M    M   2        11 190
 4  51  24  38  -1  27   0 0.00    M    M  2.2 10 250   M    M   0        16 250
 5  45  25  35  -5  30   0 0.00    M    M  6.4 16  60   M    M   4        25 310
 6  48  16  32  -8  33   0 0.00    M    M  1.3  9 190   M    M   0        12 190
 7  63  27  45   5  20   0 0.00    M    M  4.7 15 200   M    M   0        23 210
 8  62  39  51  11  14   0 0.00    M    M  5.5 10 200   M    M   7        17 220
 9  60  39  50  10  15   0 0.02    M    M  3.5 13 360   M    M  10 1      18 330
10  45  30  38  -2  27   0 0.00  0.0    0  5.5 13  70   M    M   8        19  70
11  57  26  42   1  23   0 0.00  0.0    0  1.8  7 220   M    M   1 1      10 260
12  42  24  33  -8  32   0 0.01    M    M  6.5 15 320   M    M   6        25  10
13  38  20  29 -12  36   0 0.00    M    M  1.9  9 190   M    M   1        14  20
14  48  22  35  -7  30   0 0.00    M    M  8.4 21 270   M    M   7        36 290
15  30  11  21 -21  44   0 0.00  0.0    0  6.0 15 330   M    M   3        21  70
16  32  24  28 -14  37   0 1.05    M    M  3.9 12  70   M    M  10 16     17  50
17  30  16  23 -19  42   0 0.01    M    M  2.4  8 350   M    M   5 1      15  10
18  28  14  21 -21  44   0 0.04    M    M  6.4 20 270   M    M   7 128    32 240
19  18   4  11 -32  54   0 0.00  0.0    0  5.4 14 270   M    M   M        19 270
20  26   4  15 -28  50   0 0.08    T    0  1.8  7 180   M    M   M 6       9 180
21  41  24  33 -10  32   0 1.78    M    0  3.7 12 260   M    M   M 16     17 260
22  46  36  41  -3  24   0    T  0.0    0  2.5  8  60   M    M   M 12     11  70
23  37  28  33 -11  32   0 0.00    M    M  6.1 13  50   M    M   6        21  80
24  35  23  29 -15  36   0 0.15    M    M  2.8  9 200   M    M   8 1      12 190
25  38  18  28 -17  37   0 0.21    M    M  2.5  9  90   M    M   3 1      14 260
================================================================================
SM 1067  578       797   0  4.04    T    100.7          M       95
================================================================================
AV 42.7 23.1                               4.0 FASTST   M    M   5    MAX(MPH)
                                 MISC ---->  # 21 270               # 36  290
================================================================================
NOTES:
# LAST OF SEVERAL OCCURRENCES

COLUMN 17 PEAK WIND IN M.P.H.

PRELIMINARY LOCAL CLIMATOLOGICAL DATA (WS FORM: F-6) , PAGE 2

                                          STATION:  OAK_RIDGE_(ASOS)
                                          MONTH:    FEBRUARY
                                          YEAR:     2015
                                          LATITUDE:   36  1 N
                                          LONGITUDE:  84 14 W

[TEMPERATURE DATA]      [PRECIPITATION DATA]       SYMBOLS USED IN COLUMN 16

AVERAGE MONTHLY: 32.9   TOTAL FOR MONTH:   4.04    1 = FOG OR MIST
DPTR FM NORMAL:  -8.5   DPTR FM NORMAL:   -0.07    2 = FOG REDUCING VISIBILITY
HIGHEST:    63 ON  7    GRTST 24HR  1.83 ON 20-21      TO 1/4 MILE OR LESS
LOWEST:      4 ON 20,19                            3 = THUNDER
                        SNOW, ICE PELLETS, HAIL    4 = ICE PELLETS
                        TOTAL MONTH:    T          5 = HAIL
                        GRTST 24HR    T  ON 20-20  6 = FREEZING RAIN OR DRIZZLE
                        GRTST DEPTH:   0           7 = DUSTSTORM OR SANDSTORM:
                                                       VSBY 1/2 MILE OR LESS
                                                   8 = SMOKE OR HAZE
[NO. OF DAYS WITH]      [WEATHER - DAYS WITH]      9 = BLOWING SNOW
                                                   X = TORNADO
MAX 32 OR BELOW:   6    0.01 INCH OR MORE:  11
MAX 90 OR ABOVE:   0    0.10 INCH OR MORE:   5
MIN 32 OR BELOW:  21    0.50 INCH OR MORE:   3
MIN  0 OR BELOW:   0    1.00 INCH OR MORE:   2

[HDD (BASE 65) ]
TOTAL THIS MO.   797    CLEAR  (SCALE 0-3)   7
DPTR FM NORMAL   207    PTCLDY (SCALE 4-7)  11
TOTAL FM JUL 1  3074    CLOUDY (SCALE 8-10)  2
DPTR FM NORMAL   172

[CDD (BASE 65) ]
TOTAL THIS MO.     0
DPTR FM NORMAL     0    [PRESSURE DATA]
TOTAL FM JAN 1     0    HIGHEST SLP M ON M
DPTR FM NORMAL     0    LOWEST  SLP 29.66 ON  1

[REMARKS]
