000
CXUS51 KBOX 010541
CF6ORH

PRELIMINARY LOCAL CLIMATOLOGICAL DATA (WS FORM: F-6)

                                          STATION:   WORCESTER MA
                                          MONTH:     FEBRUARY
                                          YEAR:      2015
                                          LATITUDE:   42 16 N
                                          LONGITUDE:  71 52 W

  TEMPERATURE IN F:       :PCPN:    SNOW:  WIND      :SUNSHINE: SKY     :PK WND
================================================================================
1   2   3   4   5  6A  6B    7    8   9   10  11  12  13   14  15   16   17  18
                                     12Z  AVG MX 2MIN
DY MAX MIN AVG DEP HDD CDD  WTR  SNW DPTH SPD SPD DIR MIN PSBL S-S WX    SPD DR
================================================================================

 1  28   5  17  -8  48   0 0.00  0.0    M  8.4 16 270   M    M   1        21 290
 2  16   7  12 -13  53   0 0.95 17.4    M 13.6 20  30   M    M  10 12     40  50
 3  18   0   9 -16  56   0 0.00  0.0    M 13.3 29 300   M    M   1 9      46 300
 4  34   9  22  -3  43   0 0.05  0.5    M 11.3 18 220   M    M   9 1      24 220
 5  34   4  19  -6  46   0 0.18  4.6    M 14.1 23 320   M    M   6 1      36 320
 6  16   0   8 -17  57   0 0.00  0.0    M 11.4 21 280   M    M   2 8      25 320
 7  24  13  19  -7  46   0 0.06  0.7    M  9.6 17 270   M    M   9 18     23 260
 8  25  10  18  -8  47   0 0.38  5.4    M 10.6 20  40   M    M  10 1      27  40
 9  14  10  12 -14  53   0 0.56  8.3    M 15.9 21  40   M    M  10 12     30  30
10  30  13  22  -4  43   0    T    T    M 10.7 20  30   M    M   7        27  40
11  22   9  16 -10  49   0    T    T    M  8.6 20  40   M    M   2        29  50
12  28   9  19  -7  46   0 0.04  0.8    M  9.4 24 300   M    M   7 1      33 290
13  16   0   8 -19  57   0    T    T    M 13.4 26 310   M    M   1 89     32 280
14  21  -3   9 -18  56   0 0.28  4.8    M  8.1 16  10   M    M   7 1      23  10
15  18  -7   6 -21  59   0 0.36  5.3    M 21.2 33 300   M    M   6 1289   47 310
16  13  -9   2 -25  63   0 0.00  0.0    M 18.6 37 290   M    M   0 8      50 290
17  21   6  14 -13  51   0    T  0.1    M  3.9 16 280   M    M   9        20 260
18  27  10  19  -9  46   0 0.02  0.7    M  5.5 12 250   M    M   4 1      15 240
19  22   3  13 -15  52   0    T  0.1    M 14.5 29 270   M    M   5 189    39 280
20  13  -2   6 -22  59   0 0.00  0.0    M 21.7 33 280   M    M   0 89     45 280
21  29  -1  14 -14  51   0 0.29  3.8    M 13.2 24 200   M    M   6 18     32 210
22  37  27  32   4  33   0 0.10  0.8    M  8.6 20 240   M    M   6 1      24 260
23  28  -2  13 -16  52   0 0.00  0.0    M 15.7 29 300   M    M   1        41 290
24  16  -7   5 -24  60   0    T    T    M  9.0 16 200   M    M   0        22 180
25  30  13  22  -7  43   0 0.00  0.0    M 12.5 25 270   M    M   2 18     36 290
26  22  13  18 -11  47   0 0.01  0.1    M  6.4 20 290   M    M   7        24 300
27  24   8  16 -14  49   0 0.00  0.0    M  9.2 18 300   M    M   2        23 300
28  26   5  16 -14  49   0 0.00  0.0    M 10.2 17 300   M    M   0        21 290
================================================================================
SM  652  143      1414   0  3.28    53.4 328.6          M      130
================================================================================
AV 23.3  5.1                              11.7 FASTST   M    M   5    MAX(MPH)
                                 MISC ---->    37   M                 50    M
================================================================================
NOTES:
# LAST OF SEVERAL OCCURRENCES

COLUMN 17 PEAK WIND IN M.P.H.

PRELIMINARY LOCAL CLIMATOLOGICAL DATA (WS FORM: F-6) , PAGE 2

                                          STATION:  WORCESTER MA
                                          MONTH:    FEBRUARY
                                          YEAR:     2015
                                          LATITUDE:   42 16 N
                                          LONGITUDE:  71 52 W

[TEMPERATURE DATA]      [PRECIPITATION DATA]       SYMBOLS USED IN COLUMN 16

AVERAGE MONTHLY: 14.2   TOTAL FOR MONTH:   3.28    1 = FOG OR MIST
DPTR FM NORMAL: -12.8   DPTR FM NORMAL:    0.05    2 = FOG REDUCING VISIBILITY
HIGHEST:    37 ON 22    GRTST 24HR  0.95 ON  2- 2      TO 1/4 MILE OR LESS
LOWEST:     -9 ON 16                               3 = THUNDER
                        SNOW, ICE PELLETS, HAIL    4 = ICE PELLETS
                        TOTAL MONTH:  53.4 INCHES  5 = HAIL
                        GRTST 24HR  17.4 ON   M    6 = FREEZING RAIN OR DRIZZLE
                        GRTST DEPTH:   0           7 = DUSTSTORM OR SANDSTORM:
                                                       VSBY 1/2 MILE OR LESS
                                                   8 = SMOKE OR HAZE
[NO. OF DAYS WITH]      [WEATHER - DAYS WITH]      9 = BLOWING SNOW
                                                   X = TORNADO
MAX 32 OR BELOW:  25    0.01 INCH OR MORE:  13
MAX 90 OR ABOVE:   0    0.10 INCH OR MORE:   8
MIN 32 OR BELOW:  28    0.50 INCH OR MORE:   2
MIN  0 OR BELOW:  10    1.00 INCH OR MORE:   0

[HDD (BASE 65) ]
TOTAL THIS MO.  1414    CLEAR  (SCALE 0-3)  12
DPTR FM NORMAL   350    PTCLDY (SCALE 4-7)  10
TOTAL FM JUL 1  5114    CLOUDY (SCALE 8-10)  6
DPTR FM NORMAL   277

[CDD (BASE 65) ]
TOTAL THIS MO.     0
DPTR FM NORMAL     0    [PRESSURE DATA]
TOTAL FM JAN 1     0    HIGHEST SLP M ON M
DPTR FM NORMAL     0    LOWEST  SLP 29.30 ON 15

[REMARKS]
#FINAL-02-15#
