000
CXUS56 KMFR 211000
CF6OTH
PRELIMINARY LOCAL CLIMATOLOGICAL DATA (WS FORM: F-6)

                                          STATION:   NORTH BEND OR
                                          MONTH:     FEBRUARY
                                          YEAR:      2017
                                          LATITUDE:   43 25 N
                                          LONGITUDE: 124 15 W

  TEMPERATURE IN F:       :PCPN:    SNOW:  WIND      :SUNSHINE: SKY     :PK WND
================================================================================
1   2   3   4   5  6A  6B    7    8   9   10  11  12  13   14  15   16   17  18
                                     12Z  AVG MX 2MIN
DY MAX MIN AVG DEP HDD CDD  WTR  SNW DPTH SPD SPD DIR MIN PSBL S-S WX    SPD DR
================================================================================

 1  50  45  48   2  17   0 0.00    M    M  6.7 16 110   M    M   3        22 110
 2  57  45  51   5  14   0 0.23    M    M  9.6 17 100   M    M   9        25 100
 3  54  45  50   4  15   0 1.23    M    M 13.0 28 210   M    M  10        45 220
 4  54  48  51   5  14   0 1.26    M    M 16.4 22 210   M    M  10        35 200
 5  61  45  53   7  12   0 1.63    M    M 16.7 30 210   M    M  10        41 210
 6  48  41  45  -1  20   0 0.24    M    M  9.5 17 260   M    M   9        37 220
 7  54  43  49   3  16   0 0.30    M    M  5.5 13 190   M    M  10        22 190
 8  61  48  55   9  10   0 1.22    M    M  9.4 21 190   M    M  10        33 190
 9  61  48  55   9  10   0 0.81    M    M 16.0 27 210   M    M   9        43 200
10  52  39  46   0  19   0 0.24    M    M  9.2 15 270   M    M   7        28 230
11  54  36  45  -1  20   0 0.01    M    M  5.8 18 360   M    M   3        22 360
12  55  36  46   0  19   0 0.00    M    M  4.1 13 360   M    M   M         M  M
13  55  39  47   1  18   0 0.00    M    M  4.7 10 250   M    M   M         M  M
14  57  39  48   2  17   0 0.00    M    M  4.6 10 140   0    0   0         M  M
15  64  55  60  14   5   0 1.41    M    M 11.7 18 190   M    M  10        30 190
16  55  48  52   6  13   0 1.85    M    M  9.7 21 200   M    M  10        31 200
17  54  45  50   4  15   0 0.02    M    M  7.0 15 360   M    M   5        24 360
18  52  45  49   3  16   0 0.06    M    M 10.7 17 320   M    M   9        27 330
19  55  45  50   3  15   0 0.18    M    M 11.2 25 210   M    M   8        32 210
20  54  46  50   3  15   0 0.95    M    M  8.1 22 280   M    M  10        27 190
================================================================================
SM 1107  881       300   0 11.64    M    189.6            0    142
================================================================================
AV 55.4 44.1                               9.5 FASTST    0   0   8    MAX(MPH)
                                 MISC ---->    30   M                 45    M
================================================================================
NOTES:
# LAST OF SEVERAL OCCURRENCES

COLUMN 17 PEAK WIND IN M.P.H.

PRELIMINARY LOCAL CLIMATOLOGICAL DATA (WS FORM: F-6) , PAGE 2

                                          STATION:  NORTH BEND OR
                                          MONTH:    FEBRUARY
                                          YEAR:     2017
                                          LATITUDE:   43 25 N
                                          LONGITUDE: 124 15 W

[TEMPERATURE DATA]      [PRECIPITATION DATA]       SYMBOLS USED IN COLUMN 16

AVERAGE MONTHLY: 49.7   TOTAL FOR MONTH:  11.64    1 = FOG OR MIST
DPTR FM NORMAL:   3.6   DPTR FM NORMAL:    6.24    2 = FOG REDUCING VISIBILITY
HIGHEST:    64 ON 15    GRTST 24HR  1.85 ON 16-16      TO 1/4 MILE OR LESS
LOWEST:     36 ON 12,11                            3 = THUNDER
                        SNOW, ICE PELLETS, HAIL    4 = ICE PELLETS
                        TOTAL MONTH:    M          5 = HAIL
                        GRTST 24HR    M  ON   M    6 = FREEZING RAIN OR DRIZZLE
                        GRTST DEPTH:  M  ON   M    7 = DUSTSTORM OR SANDSTORM:
                                                       VSBY 1/2 MILE OR LESS
                                                   8 = SMOKE OR HAZE
[NO. OF DAYS WITH]      [WEATHER - DAYS WITH]      9 = BLOWING SNOW
                                                   X = TORNADO
MAX 32 OR BELOW:   0    0.01 INCH OR MORE:  16
MAX 90 OR ABOVE:   0    0.10 INCH OR MORE:  13
MIN 32 OR BELOW:   0    0.50 INCH OR MORE:   8
MIN  0 OR BELOW:   0    1.00 INCH OR MORE:   6

[HDD (BASE 65) ]
TOTAL THIS MO.   300    CLEAR  (SCALE 0-3)   3
DPTR FM NORMAL   -77    PTCLDY (SCALE 4-7)   2
TOTAL FM JUL 1  2598    CLOUDY (SCALE 8-10) 13
DPTR FM NORMAL  -434

[CDD (BASE 65) ]
TOTAL THIS MO.     0
DPTR FM NORMAL     0    [PRESSURE DATA]
TOTAL FM JAN 1     0    HIGHEST SLP M ON M
DPTR FM NORMAL     0    LOWEST  SLP  0.00 ON 14

[REMARKS]
