000
CXAK56 PAOT 271220
CF6OTZ

PRELIMINARY LOCAL CLIMATOLOGICAL DATA (WS FORM: F-6)

                                          STATION:   KOTZEBUE
                                          MONTH:     02
                                          YEAR:      2015
                                          LATITUDE:   66 53 N
                                          LONGITUDE: 162 36 W

  TEMPERATURE IN F:       :PCPN:    SNOW:  WIND      :SUNSHINE: SKY     :PK WND
================================================================================
1   2   3   4   5  6A  6B    7     8   9   10  11  12  13   14  15   16  17  18
                                      12Z  AVG MX 2MIN
DY MAX MIN AVG DEP HDD CDD  WTR   SNW DPTH SPD SPD DIR MIN PSBL S-S WX   SPD DR
================================================================================

 1  18   4  11  14  54   0     T    T   4 19.8 36  120   M    M   M 19    41 120
 2  16   4  10  13  55   0  0.00  0.0   4 10.7 24  110   M    M   M 1     29 110
 3  10  -4   3   5  62   0     T    T   4 10.1 21  290   M    M   M 1     24 290
 4  -3 -10  -6  -4  71   0  0.00  0.0   4  0.0  9   90   M    M   M 1     10  60
 5  -7 -11  -9  -7  74   0  0.00  0.0   4  4.6 12   70   M    M   M       13 100
 6  -1 -11  -6  -4  71   0  0.00  0.0   4  0.0 32  340   M    M   M       38 350
 7   0 -12  -6  -4  71   0  0.00  0.0   4 11.1 25  340   M    M   M       30 340
 8  -5 -16 -10  -8  75   0  0.00  0.0   4  3.1  9   10   M    M   M       11  20
 9   4 -15  -5  -4  70   0  0.00  0.0   4  2.0  6   50   M    M   M        7  60
10   1 -15  -7  -6  72   0  0.00  0.0   4  3.0  8   80   M    M   M        9  90
11   0 -16  -8  -7  73   0  0.00  0.0   4  2.2  8   20   M    M   M       10  40
12   0 -17  -8  -7  73   0  0.00  0.0   4  3.3  9   40   M    M   M       11  30
13   9   0   5   6  60   0  0.03  0.3   4  4.3 10   10   M    M   M 1     11  30
14   9 -12  -1   0  66   0     T    T   4  6.2 12  270   M    M   M 1     14 270
15  23  -4  10  11  55   0     T    T   4  9.2 22   90   M    M   M 1     26 100
16  27  15  21  21  44   0  0.00  0.0   4 15.4 29  100   M    M   M       35 100
17  32  22  27  27  38   0  0.02  0.2   4 15.8 23  110   M    M   M 1     27 110
18  32  18  25  25  40   0  0.04  0.4   4 12.7 21  150   M    M   M 1     24 150
19  26  13  20  20  45   0  0.02  0.2   4  5.8 15  180   M    M   M 1     18 180
20  30  16  23  23  42   0  0.11  1.1   5  8.3 20  100   M    M   M 1     23  90
21  34  27  31  31  34   0  0.02  0.1   5 23.8 33  110   M    M   M 1     40 100
22  37  33  35  35  30   0  0.01  0.0   4 22.7 29  110   M    M   M 1     33 110
23  36  13  25  25  40   0  0.15  0.0   4 14.2 25  120   M    M   M 1     29 120
24  27   8  18  18  47   0     T    T   5 21.1 33  130   M    M   M 19    42 130
25  27  21  24  24  41   0  0.02  0.3   5 27.6 37  160   M    M   M 19    44 150
26  35  24  30  30  35   0  0.04  0.4   5 22.9 32  150   M    M   M 19    37 190
================================================================================
SM  417   75      1438   0  0.46 3.0    279.9           M        M
================================================================================
AV 16.0  2.9                             10.8 FASTST  PSBL  %   M    MAX(MPH)
                                 MISC ---->     37  160                 44 150
================================================================================
NOTES:
# LAST OF SEVERAL OCCURRENCES

COLUMN 17 PEAK WIND IN M.P.H.

PRELIMINARY LOCAL CLIMATOLOGICAL DATA (WS FORM: F-6) , PAGE 2

                                          STATION:   KOTZEBUE
                                          MONTH:     02
                                          YEAR:      2015
                                          LATITUDE:  66 53 N
                                          LONGITUDE: 162 36 W

[TEMPERATURE DATA]      [PRECIPITATION DATA]       SYMBOLS USED IN COLUMN 16

AVERAGE MONTHLY:9.5   TOTAL FOR MONTH: 0.46       1 = FOG
DPTR FM NORMAL: 10.5   DPTR FM NORMAL: -0.15       2 = FOG REDUCING VISIBILITY
HIGHEST:    37 ON 22    GRTST 24HR   0.15 ON 23        TO 1/4 MILE OR LESS
LOWEST:    -17 ON 12                               3 = THUNDER
                        SNOW, ICE PELLETS, HAIL    4 = ICE PELLETS
                        TOTAL MONTH: 3.0 INCHES  5 = HAIL
                        GRTST 24HR   1.1 ON 20     6 = GLAZE OR RIME
                        GRTST DEPTH:    5 ON 26    7 = BLOWING DUST OR SAND:
                                                       VSBY 1/2 MILE OR LESS
                                                   8 = SMOKE OR HAZE
[NO. OF DAYS WITH]      [WEATHER - DAYS WITH]      9 = BLOWING SNOW
                                                   X = TORNADO
MAX 32 OR BELOW:  22    0.01 INCH OR MORE:  10
MAX 70 OR ABOVE:   0    0.10 INCH OR MORE:   2
MIN 32 OR BELOW:  25    0.50 INCH OR MORE:   0
MIN  0 OR BELOW:  13    1.00 INCH OR MORE:   0

[HDD (BASE 65) ]
TOTAL THIS MO.  1443    CLEAR  (SCALE 0-3)   M
DPTR FM NORMAL  -270    PTCLDY (SCALE 4-7)   M
SEASONAL TOTAL  8762    CLOUDY (SCALE 8-10)  M
DPTR FM NORMAL -1350

[CDD (BASE 65) ]
TOTAL THIS MO.     0
DPTR FM NORMAL     0    [PRESSURE DATA]
SEASONAL TOTAL     0    HIGHEST SLP     M
DPTR FM NORMAL     0    LOWEST  SLP     M

[REMARKS]
