000
CXAK56 PAFG 211338
CF6OTZ
PRELIMINARY LOCAL CLIMATOLOGICAL DATA (WS FORM: F-6)

                                          STATION:   KOTZEBUE AK
                                          MONTH:     OCTOBER
                                          YEAR:      2017
                                          LATITUDE:   66 52 N
                                          LONGITUDE: 162 38 W

  TEMPERATURE IN F:       :PCPN:    SNOW:  WIND      :SUNSHINE: SKY     :PK WND
================================================================================
1   2   3   4   5  6A  6B    7    8   9   10  11  12  13   14  15   16   17  18
                                     12Z  AVG MX 2MIN
DY MAX MIN AVG DEP HDD CDD  WTR  SNW DPTH SPD SPD DIR MIN PSBL S-S WX    SPD DR
================================================================================

 1  45  40  43   9  22   0 0.00  0.0    0 12.5 18  90   M    M  10        23 210
 2  44  39  42   9  23   0 0.04  0.0    0 13.9 22  90   M    M   6        26  80
 3  44  41  43  10  22   0 0.26  0.0    0 12.0 18 120   M    M  10 1      21 120
 4  43  38  41   9  24   0 0.09  0.0    0  9.1 21 100   M    M  10 12     24  90
 5  45  40  43  12  22   0 0.03  0.0    0 14.8 25  90   M    M   9 1      29  80
 6  43  37  40   9  25   0    T  0.0    0  6.6 12 340   M    M   7        14  20
 7  39  35  37   7  28   0 0.05    T    0  9.1 18 110   M    M  10 1      20 110
 8  38  34  36   6  29   0 0.02    T    0 10.1 20 280   M    M   9 1      23 260
 9  41  33  37   8  28   0 0.14  0.7    0 15.6 30 120   M    M   9 1      36 120
10  42  38  40  12  25   0 0.13  0.0    0 20.3 29 220   M    M  10 18     34 260
11  40  35  38  10  27   0    T  0.0    0 14.4 37 110   M    M   5        46 110
12  39  36  38  11  27   0 0.47  0.0    0 30.5 44 110   M    M   9 1      56 110
13  43  36  40  14  25   0 0.02  0.0    0 19.4 29 130   M    M   4 1      35 140
14  38  33  36  10  29   0 0.04  0.0    0 13.6 18 110   M    M   6 1      23 120
15  35  33  34   9  31   0 0.04    T    0 12.6 17 120   M    M  10 1      19 120
16  36  32  34  10  31   0    T    T    0  6.4 12 110   M    M  10 1      13 100
17  32  25  29   5  36   0 0.00  0.0    0 11.1 17 350   M    M   6        21 350
18  30  23  27   4  38   0 0.00  0.0    0 10.3 20 360   M    M   3        23 360
19  28  18  23   1  42   0 0.08    M    0  8.0 18 110   M    M   7 1      21 110
20  20  13  17  -5  48   0    T    M    0 12.1 20  80   M    M   6 18     23  80
================================================================================
SM  765  659       582   0  1.41     0.7 262.4          M      156
================================================================================
AV 38.3 33.0                              13.1 FASTST   M    M   8    MAX(MPH)
                                 MISC ---->  # 44 110               # 56  110
================================================================================
NOTES:
# LAST OF SEVERAL OCCURRENCES

COLUMN 17 PEAK WIND IN M.P.H.

PRELIMINARY LOCAL CLIMATOLOGICAL DATA (WS FORM: F-6) , PAGE 2

                                          STATION:  KOTZEBUE AK
                                          MONTH:    OCTOBER
                                          YEAR:     2017
                                          LATITUDE:   66 52 N
                                          LONGITUDE: 162 38 W

[TEMPERATURE DATA]      [PRECIPITATION DATA]       SYMBOLS USED IN COLUMN 16

AVERAGE MONTHLY: 35.6   TOTAL FOR MONTH:   1.41    1 = FOG OR MIST
DPTR FM NORMAL:   7.7   DPTR FM NORMAL:    0.66    2 = FOG REDUCING VISIBILITY
HIGHEST:    45 ON  5, 1 GRTST 24HR  0.47 ON 12-12      TO 1/4 MILE OR LESS
LOWEST:     13 ON 20                               3 = THUNDER
                        SNOW, ICE PELLETS, HAIL    4 = ICE PELLETS
                        TOTAL MONTH:   0.7 INCH    5 = HAIL
                        GRTST 24HR   0.7 ON  9- 9  6 = FREEZING RAIN OR DRIZZLE
                        GRTST DEPTH:   0           7 = DUSTSTORM OR SANDSTORM:
                                                       VSBY 1/2 MILE OR LESS
                                                   8 = SMOKE OR HAZE
[NO. OF DAYS WITH]      [WEATHER - DAYS WITH]      9 = BLOWING SNOW
                                                   X = TORNADO
MAX 32 OR BELOW:   4    0.01 INCH OR MORE:  13
MAX 90 OR ABOVE:   0    0.10 INCH OR MORE:   4
MIN 32 OR BELOW:   5    0.50 INCH OR MORE:   0
MIN  0 OR BELOW:   0    1.00 INCH OR MORE:   0

[HDD (BASE 65) ]
TOTAL THIS MO.   582    CLEAR  (SCALE 0-3)   1
DPTR FM NORMAL  -164    PTCLDY (SCALE 4-7)   8
TOTAL FM JUL 1  1915    CLOUDY (SCALE 8-10) 11
DPTR FM NORMAL  -250

[CDD (BASE 65) ]
TOTAL THIS MO.     0
DPTR FM NORMAL     0    [PRESSURE DATA]
TOTAL FM JAN 1     1    HIGHEST SLP M ON M
DPTR FM NORMAL    -4    LOWEST  SLP 29.27 ON M

[REMARKS]
