000
CXAK56 PAOT 290906
CF6OTZ

PRELIMINARY LOCAL CLIMATOLOGICAL DATA (WS FORM: F-6)

                                          STATION:   KOTZEBUE
                                          MONTH:     06
                                          YEAR:      2015
                                          LATITUDE:   66 53 N
                                          LONGITUDE: 162 36 W

  TEMPERATURE IN F:       :PCPN:    SNOW:  WIND      :SUNSHINE: SKY     :PK WND
================================================================================
1   2   3   4   5  6A  6B    7     8   9   10  11  12  13   14  15   16  17  18
                                      12Z  AVG MX 2MIN
DY MAX MIN AVG DEP HDD CDD  WTR   SNW DPTH SPD SPD DIR MIN PSBL S-S WX   SPD DR
================================================================================

 1  61  41  51  12  14   0  0.00  0.0   0 14.4 24   70   M    M   M       30  80
 2  59  44  52  12  13   0  0.00  0.0   0 13.3 22   50   M    M   M       26  50
 3  52  38  45   5  20   0  0.00  0.0   0 13.8 22   70   M    M   M       26  70
 4  48  35  42   2  23   0  0.00  0.0   0  9.5 17   10   M    M   M 8     20  10
 5  44  37  41   0  24   0     T  0.0   0 10.4 18  290   M    M   M 8     20 280
 6  50  36  43   2  22   0     T  0.0   0  8.4 20  150   M    M   M       23 130
 7  54  44  49   7  16   0     T  0.0   0  9.3 18  200   M    M   M       22 200
 8  47  39  43   1  22   0  0.08  0.0   0  7.4 14  150   M    M   M       17 160
 9  46  40  43   0  22   0  0.07  0.0   0  8.2 24  310   M    M   M       28 310
10  41  36  39  -4  26   0     T  0.0   0 20.7 30  280   M    M   M       35 290
11  43  33  38  -6  27   0  0.00  0.0   0 12.7 24  300   M    M   M       28 300
12  54  38  46   2  19   0     T  0.0   0 13.7 28  160   M    M   M       32 160
13  53  43  48   3  17   0  0.00  0.0   0 13.4 24  160   M    M   M       27 160
14  62  43  53   8  12   0  0.00  0.0   0  6.9 15  310   M    M   M       18 310
15  53  46  50   4  15   0  0.01  0.0   0 11.7 17  270   M    M   M 1     21 270
16  59  47  53   7  12   0  0.00  0.0   0  8.2 15  310   M    M   M       17 290
17  55  49  52   5  13   0  0.00  0.0   0 12.7 24  280   M    M   M       27 280
18  79  52  66  19   0   1  0.00  0.0   0  8.9 15  350   M    M   M       19 360
19  70  62  66  19   0   1  0.00  0.0   0  7.6 14  300   M    M   M       17 300
20  70  62  66  18   0   1  0.00  0.0   0  6.6 10  290   M    M   M       12 280
21  70  62  66  18   0   1  0.00  0.0   0  9.2 20  300   M    M   M       23 300
22  65  58  62  13   3   0  0.00  0.0   0 10.7 20  270   M    M   M       23 270
23  70  57  64  15   1   0  0.00  0.0   0  6.5 13  200   M    M   M       15 180
24  62  52  57   7   8   0  0.00  0.0   0  9.8 18  310   M    M   M       22 310
25  54  47  51   1  14   0  0.03  0.0   0  9.1 21  300   M    M   M       24 310
26  47  43  45  -6  20   0     T  0.0   0 11.9 21  310   M    M   M 18    25 310
27  52  45  49  -2  16   0  0.00  0.0   0  0.0 20  300   M    M   M       24 280
28  66  49  58   7   7   0  0.00  0.0   0  8.1 16  170   M    M   M       20 180
================================================================================
SM 1586 1278       386   4  0.19 0.0    283.1           M        M
================================================================================
AV 56.6 45.6                             10.1 FASTST  PSBL  %   M    MAX(MPH)
                                 MISC ---->     30  280                 35 290
================================================================================
NOTES:
# LAST OF SEVERAL OCCURRENCES

COLUMN 17 PEAK WIND IN M.P.H.

PRELIMINARY LOCAL CLIMATOLOGICAL DATA (WS FORM: F-6) , PAGE 2

                                          STATION:   KOTZEBUE
                                          MONTH:     06
                                          YEAR:      2015
                                          LATITUDE:  66 53 N
                                          LONGITUDE: 162 36 W

[TEMPERATURE DATA]      [PRECIPITATION DATA]       SYMBOLS USED IN COLUMN 16

AVERAGE MONTHLY:51.1   TOTAL FOR MONTH: 0.19       1 = FOG
DPTR FM NORMAL:  5.8   DPTR FM NORMAL: -0.33       2 = FOG REDUCING VISIBILITY
HIGHEST:    79 ON 18    GRTST 24HR   0.08 ON  8        TO 1/4 MILE OR LESS
LOWEST:     33 ON 11                               3 = THUNDER
                        SNOW, ICE PELLETS, HAIL    4 = ICE PELLETS
                        TOTAL MONTH: 0.0         5 = HAIL
                        GRTST 24HR   0.0           6 = GLAZE OR RIME
                        GRTST DEPTH:    0          7 = BLOWING DUST OR SAND:
                                                       VSBY 1/2 MILE OR LESS
                                                   8 = SMOKE OR HAZE
[NO. OF DAYS WITH]      [WEATHER - DAYS WITH]      9 = BLOWING SNOW
                                                   X = TORNADO
MAX 32 OR BELOW:   0    0.01 INCH OR MORE:   4
MAX 70 OR ABOVE:   5    0.10 INCH OR MORE:   0
MIN 32 OR BELOW:   0    0.50 INCH OR MORE:   0
MIN  0 OR BELOW:   0    1.00 INCH OR MORE:   0

[HDD (BASE 65) ]
TOTAL THIS MO.   386    CLEAR  (SCALE 0-3)   M
DPTR FM NORMAL  -169    PTCLDY (SCALE 4-7)   M
SEASONAL TOTAL 13522    CLOUDY (SCALE 8-10)  M
DPTR FM NORMAL -1839

[CDD (BASE 65) ]
TOTAL THIS MO.     4
DPTR FM NORMAL     4    [PRESSURE DATA]
SEASONAL TOTAL     4    HIGHEST SLP     M
DPTR FM NORMAL     4    LOWEST  SLP     M

[REMARKS]
