000
CXUS53 KARX 290930
CF6OVS
PRELIMINARY LOCAL CLIMATOLOGICAL DATA (WS FORM: F-6)

                                          STATION:   BOSCOBEL_(ASOS) WI
                                          MONTH:     MARCH
                                          YEAR:      2015
                                          LATITUDE:   43  9 N
                                          LONGITUDE:  90 41 W

  TEMPERATURE IN F:       :PCPN:    SNOW:  WIND      :SUNSHINE: SKY     :PK WND
================================================================================
1   2   3   4   5  6A  6B    7    8   9   10  11  12  13   14  15   16   17  18
                                     12Z  AVG MX 2MIN
DY MAX MIN AVG DEP HDD CDD  WTR  SNW DPTH SPD SPD DIR MIN PSBL S-S WX    SPD DR
================================================================================

 1  29   3  16 -14  49   0    T    T    M  5.6 17 290   M    M   5 18     22 280
 2  29   0  15 -15  50   0 0.00  0.0    M  3.2  9 180   M    M   4 18     13 180
 3  33  17  25  -5  40   0 0.03    M    M  5.5 16 280   M    M   9 18     20 280
 4  18   4  11 -20  54   0 0.00  0.0    M  7.3 18 320   M    M   1        26 300
 5  16 -10   3 -28  62   0 0.00  0.0    M  3.8 13 260   M    M   0 18     17 230
 6  34 -11  12 -20  53   0 0.00  0.0    M  5.1 17 210   M    M   1 18     23 210
 7  46  15  31  -1  34   0 0.00  0.0    M  5.8 20 300   M    M   2 18     28 270
 8  48  26  37   5  28   0 0.00  0.0    M  5.3 15 270   M    M   2 1      21 220
 9  54  25  40   7  25   0 0.00  0.0    0  4.8 17 220   M    M   1 1      22 220
10  60  23  42   9  23   0 0.00  0.0    0  3.8 13 220   M    M   2 128    16 210
11  62  23  43  10  22   0 0.00  0.0    0  1.0  7  60   M    M   1 128    10 250
12  62  24  43   9  22   0 0.00  0.0    0  4.4 18 180   M    M   0 18     28 190
13  70  29  50  16  15   0 0.00  0.0    0  4.2 14 270   M    M   0 18     19 220
14  64  30  47  13  18   0 0.00  0.0    0  5.3 21 290   M    M   0 18     29 290
15  66  23  45  10  20   0 0.00  0.0    0  5.8 24 220   M    M   0 18     34 240
16  80  36  58  23   7   0 0.00  0.0    0  8.1 21 360   M    M   1        31 270
17  48  27  38   2  27   0 0.00  0.0    0  8.4 21  20   M    M   1 8      28  20
18  51  25  38   2  27   0 0.00  0.0    0  1.8  8 270   M    M   4 8      11 300
19  50  32  41   5  24   0 0.00  0.0    0  3.3 13 190   M    M  10        18 190
20  60  36  48  11  17   0 0.00  0.0    0  6.6 16 290   M    M   4 8      21 290
21  53  32  43   6  22   0 0.00  0.0    0  6.3 18 360   M    M   1        25 340
22  35  23  29  -9  36   0 0.20    M    M  4.6 12  80   M    M   8 128    16  40
23  35  14  25 -13  40   0 0.46    M    M  5.2 12  80   M    M   9 128    19  60
24  40  13  27 -11  38   0 0.32    M    M  5.3 15  90   M    M   5 168    24 110
25  42  31  37  -2  28   0 0.06    M    M  8.6 23 260   M    M   9 16     32 260
26  36  28  32  -7  33   0 0.00  0.0    M  6.5 16 320   M    M   7        22 290
27  35  14  25 -15  40   0 0.00    M    M  4.6 15 360   M    M   0 8      19  50
28  41  13  27 -13  38   0 0.00  0.0    M  3.8 13 180   M    M   0 18     19 180
================================================================================
SM 1297  545       892   0  1.07    T    144.0          M       87
================================================================================
AV 46.3 19.5                               5.1 FASTST   M    M   3    MAX(MPH)
                                 MISC ---->  # 24 220               # 34  240
================================================================================
NOTES:
# LAST OF SEVERAL OCCURRENCES

COLUMN 17 PEAK WIND IN M.P.H.

PRELIMINARY LOCAL CLIMATOLOGICAL DATA (WS FORM: F-6) , PAGE 2

                                          STATION:  BOSCOBEL_(ASOS) WI
                                          MONTH:    MARCH
                                          YEAR:     2015
                                          LATITUDE:   43  9 N
                                          LONGITUDE:  90 41 W

[TEMPERATURE DATA]      [PRECIPITATION DATA]       SYMBOLS USED IN COLUMN 16

AVERAGE MONTHLY: 32.9   TOTAL FOR MONTH:   1.07    1 = FOG OR MIST
DPTR FM NORMAL:  -1.9   DPTR FM NORMAL:   -0.58    2 = FOG REDUCING VISIBILITY
HIGHEST:    80 ON 16    GRTST 24HR  0.46 ON 23-23      TO 1/4 MILE OR LESS
LOWEST:    -11 ON  6                               3 = THUNDER
                        SNOW, ICE PELLETS, HAIL    4 = ICE PELLETS
                        TOTAL MONTH:    T          5 = HAIL
                        GRTST 24HR    T  ON  1- 1  6 = FREEZING RAIN OR DRIZZLE
                        GRTST DEPTH:   0           7 = DUSTSTORM OR SANDSTORM:
                                                       VSBY 1/2 MILE OR LESS
                                                   8 = SMOKE OR HAZE
[NO. OF DAYS WITH]      [WEATHER - DAYS WITH]      9 = BLOWING SNOW
                                                   X = TORNADO
MAX 32 OR BELOW:   4    0.01 INCH OR MORE:   5
MAX 90 OR ABOVE:   0    0.10 INCH OR MORE:   3
MIN 32 OR BELOW:  26    0.50 INCH OR MORE:   0
MIN  0 OR BELOW:   3    1.00 INCH OR MORE:   0

[HDD (BASE 65) ]
TOTAL THIS MO.   892    CLEAR  (SCALE 0-3)  17
DPTR FM NORMAL    44    PTCLDY (SCALE 4-7)   7
TOTAL FM JUL 1  6538    CLOUDY (SCALE 8-10)  4
DPTR FM NORMAL   316

[CDD (BASE 65) ]
TOTAL THIS MO.     0
DPTR FM NORMAL     0    [PRESSURE DATA]
TOTAL FM JAN 1     0    HIGHEST SLP M ON M
DPTR FM NORMAL     0    LOWEST  SLP 29.66 ON  3

[REMARKS]
