098
CXUS55 KPAH 240631
CF6OWB
PRELIMINARY LOCAL CLIMATOLOGICAL DATA (WS FORM: F-6)

                                          STATION:   OWENSBORO KY
                                          MONTH:     JULY
                                          YEAR:      2016
                                          LATITUDE:   37 45 N
                                          LONGITUDE:  87 10 W

  TEMPERATURE IN F:       :PCPN:    SNOW:  WIND      :SUNSHINE: SKY     :PK WND
================================================================================
1   2   3   4   5  6A  6B    7    8   9   10  11  12  13   14  15   16   17  18
                                     12Z  AVG MX 2MIN
DY MAX MIN AVG DEP HDD CDD  WTR  SNW DPTH SPD SPD DIR MIN PSBL S-S WX    SPD DR
================================================================================

 1  87  70  79  -1   0  14    T  0.0    0  7.5 14 330   M    M   4        19 320
 2  83  64  74  -6   0   9    T  0.0    0  6.7 12  50   M    M   3        14  60
 3  89  69  79  -1   0  14 1.10  0.0    0  8.1 21 300   M    M   5 13     29 270
 4  79  71  75  -5   0  10 1.10  0.0    0  6.7 22 350   M    M   8 13     30 340
 5  90  73  82   2   0  17    T  0.0    0  5.0 12 290   M    M   5 18     16 310
 6  90  71  81   1   0  16 1.18  0.0    0  8.2 32 250   M    M   6 13     40 250
 7  86  70  78  -2   0  13 0.51  0.0    0  7.0 32 280   M    M   6 13     45 270
 8  90  72  81   0   0  16 0.12  0.0    0  7.9 47 260   M    M   3 123    61 260
 9  86  68  77  -4   0  12 0.00  0.0    0  4.3 12 300   M    M   1        15 300
10  88  69  79  -2   0  14 0.00  0.0    0  3.8 10  50   M    M   1        13  50
11  89  69  79  -2   0  14    T  0.0    0  6.3 13 160   M    M   1        18 150
12  83  72  78  -3   0  13 3.14  0.0    0  6.5 23 220   M    M   5 13     28 250
13  93  74  84   3   0  19    T  0.0    0  9.1 18 230   M    M   2        29 300
14  87  69  78  -3   0  13 0.21  0.0    0  5.6 15 230   M    M   4 13      M  M
15  91  67  79  -1   0  14 0.41  0.0    0  3.7 32 290   M    M   1 3      27  M
16  87  71  79  -1   0  14    T  0.0    0  3.6  9 330   M    M   1        10  40
17  92  71  82   2   0  17 0.00  0.0    0  6.5 14 180   M    M   1        16 210
18  89  73  81   1   0  16 0.09  0.0    0  4.4 26  70   M    M   2 13     29  80
19  94  75  85   5   0  20    T  0.0    0  2.6 12  20   M    M   1 13      8  10
20  88  73  81   1   0  16 1.49  0.0    0  4.0 27 220   M    M   3 13     32 200
21  94  73  84   4   0  19 0.00  0.0    0  2.9  7 210   M    M   2 1       M  M
22  90  75  83   3   0  18 0.01  0.0    0  3.3 13 350   M    M   1 1      16  10
23  93  74  84   4   0  19 0.00  0.0    0  3.5  9 190   M    M   2 8      12 140
================================================================================
SM 2038 1633         0 347  9.36     0.0 127.2          M       68
================================================================================
AV 88.6 71.0                               5.5 FASTST   M    M   3    MAX(MPH)
                                 MISC ---->    47   M               # 61  260
================================================================================
NOTES:
# LAST OF SEVERAL OCCURRENCES

COLUMN 17 PEAK WIND IN M.P.H.

PRELIMINARY LOCAL CLIMATOLOGICAL DATA (WS FORM: F-6) , PAGE 2

                                          STATION:  OWENSBORO KY
                                          MONTH:    JULY
                                          YEAR:     2016
                                          LATITUDE:   37 45 N
                                          LONGITUDE:  87 10 W

[TEMPERATURE DATA]      [PRECIPITATION DATA]       SYMBOLS USED IN COLUMN 16

AVERAGE MONTHLY: 79.8   TOTAL FOR MONTH:   9.36    1 = FOG OR MIST
DPTR FM NORMAL:  -0.5   DPTR FM NORMAL:    6.68    2 = FOG REDUCING VISIBILITY
HIGHEST:    94 ON 21,19 GRTST 24HR  3.14 ON 12-12      TO 1/4 MILE OR LESS
LOWEST:     64 ON  2                               3 = THUNDER
                        SNOW, ICE PELLETS, HAIL    4 = ICE PELLETS
                        TOTAL MONTH:   0.0 INCH    5 = HAIL
                        GRTST 24HR     0.0         6 = FREEZING RAIN OR DRIZZLE
                        GRTST DEPTH:   0           7 = DUSTSTORM OR SANDSTORM:
                                                       VSBY 1/2 MILE OR LESS
                                                   8 = SMOKE OR HAZE
[NO. OF DAYS WITH]      [WEATHER - DAYS WITH]      9 = BLOWING SNOW
                                                   X = TORNADO
MAX 32 OR BELOW:   0    0.01 INCH OR MORE:  11
MAX 90 OR ABOVE:  10    0.10 INCH OR MORE:   9
MIN 32 OR BELOW:   0    0.50 INCH OR MORE:   6
MIN  0 OR BELOW:   0    1.00 INCH OR MORE:   5

[HDD (BASE 65) ]
TOTAL THIS MO.     0    CLEAR  (SCALE 0-3)  14
DPTR FM NORMAL     0    PTCLDY (SCALE 4-7)   8
TOTAL FM JUL 1     0    CLOUDY (SCALE 8-10)  1
DPTR FM NORMAL     0

[CDD (BASE 65) ]
TOTAL THIS MO.   347
DPTR FM NORMAL    -9    [PRESSURE DATA]
TOTAL FM JAN 1   930    HIGHEST SLP M ON M
DPTR FM NORMAL    19    LOWEST  SLP M ON M

[REMARKS]
