865
CXUS55 KLOX 281155
CF6OXR
PRELIMINARY LOCAL CLIMATOLOGICAL DATA (WS FORM: F-6)

                                          STATION:   OXNARD AIRPORT CA
                                          MONTH:     JUNE
                                          YEAR:      2017
                                          LATITUDE:   34 12 N
                                          LONGITUDE: 119 12 W

  TEMPERATURE IN F:       :PCPN:    SNOW:  WIND      :SUNSHINE: SKY     :PK WND
================================================================================
1   2   3   4   5  6A  6B    7    8   9   10  11  12  13   14  15   16   17  18
                                     12Z  AVG MX 2MIN
DY MAX MIN AVG DEP HDD CDD  WTR  SNW DPTH SPD SPD DIR MIN PSBL S-S WX    SPD DR
================================================================================

 1  70  59  65   4   0   0 0.00  0.0    0  5.3 13 250   M    M   4        18 250
 2  69  58  64   2   1   0 0.00  0.0    0  6.3 16 270   M    M   4        19 270
 3  69  58  64   2   1   0 0.00  0.0    M  5.6 14 270   M    M   8 18     18 250
 4  67  59  63   1   2   0 0.00  0.0    0  4.1 13 260   M    M   8 1      16 280
 5  66  58  62   0   3   0 0.00  0.0    0  4.6 14 260   M    M  10 18     18 260
 6  68  59  64   2   1   0 0.00  0.0    0  7.0 16 260   M    M  10 18     20 260
 7  68  59  64   2   1   0 0.00  0.0    0  7.4 16 270   M    M  10 1       M  M
 8  69  58  64   2   1   0 0.00  0.0    0  8.6 18 270   M    M   7        21 260
 9  71  55  63   1   2   0 0.00  0.0    0  8.8 21 270   M    M   4        26 280
10  69  60  65   3   0   0 0.00  0.0    0  7.1 15 280   M    M   7        19 280
11  70  57  64   2   1   0 0.00  0.0    0 11.7 24 260   M    M   3        31 270
12  70  52  61  -1   4   0 0.00  0.0    0  7.9 25 260   M    M   0        34 230
13  70  52  61  -1   4   0 0.00  0.0    0  5.9 16 260   M    M   0        20 270
14  73  56  65   2   0   0 0.00  0.0    0  5.4 14 270   M    M   0 18     17 280
15  75  57  66   3   0   1 0.00  0.0    0  4.6 13 260   M    M   0 8      16 290
16  75  61  68   5   0   3 0.00  0.0    0   M  13 280   M    M   2 18      M  M
17  71  62  67   4   0   2 0.00  0.0    0  5.6 12 240   M    M   5 18     17 260
18  71  61  66   3   0   1 0.00  0.0    0  5.6 12 160   M    M   5 18     17 240
19  71  61  66   3   0   1 0.00  0.0    0  5.8 15 250   M    M   8 12     20 260
20  71  60  66   3   0   1 0.00  0.0    0  9.1 20 280   M    M   6 1      22 280
21  72  60  66   3   0   1 0.00  0.0    0  8.1 16 260   M    M   4 18     21 270
22  69  61  65   1   0   0 0.00  0.0    0  5.4 14 220   M    M  10 18     19 180
23  68  61  65   1   0   0    T  0.0    0  7.3 16 270   M    M  10 1      21 260
24  71  60  66   2   0   1 0.00  0.0    0  8.5 16 260   M    M   4 1      20 260
25  73  60  67   3   0   2 0.00  0.0    0  8.3 23 270   M    M   1 1      26 270
26  74  58  66   2   0   1 0.00  0.0    0  7.8 21 270   M    M   0 1      23 270
27  71  57  64   0   1   0 0.00  0.0    0  8.1 16 260   M    M   0        22 240
================================================================================
SM 1901 1579        22  14    T      0.0 179.9          M      130
================================================================================
AV 70.4 58.5                               6.9 FASTST   M    M   5    MAX(MPH)
                                 MISC ---->  # 25 260               # 34  230
================================================================================
NOTES:
# LAST OF SEVERAL OCCURRENCES

COLUMN 17 PEAK WIND IN M.P.H.

PRELIMINARY LOCAL CLIMATOLOGICAL DATA (WS FORM: F-6) , PAGE 2

                                          STATION:  OXNARD AIRPORT CA
                                          MONTH:    JUNE
                                          YEAR:     2017
                                          LATITUDE:   34 12 N
                                          LONGITUDE: 119 12 W

[TEMPERATURE DATA]      [PRECIPITATION DATA]       SYMBOLS USED IN COLUMN 16

AVERAGE MONTHLY: 64.4   TOTAL FOR MONTH:      T    1 = FOG OR MIST
DPTR FM NORMAL:   1.7   DPTR FM NORMAL:   -0.06    2 = FOG REDUCING VISIBILITY
HIGHEST:    75 ON 16,15 GRTST 24HR    T  ON 23-23      TO 1/4 MILE OR LESS
LOWEST:     52 ON 13,12                            3 = THUNDER
                        SNOW, ICE PELLETS, HAIL    4 = ICE PELLETS
                        TOTAL MONTH:   0.0 INCH    5 = HAIL
                        GRTST 24HR     0.0         6 = FREEZING RAIN OR DRIZZLE
                        GRTST DEPTH:   0           7 = DUSTSTORM OR SANDSTORM:
                                                       VSBY 1/2 MILE OR LESS
                                                   8 = SMOKE OR HAZE
[NO. OF DAYS WITH]      [WEATHER - DAYS WITH]      9 = BLOWING SNOW
                                                   X = TORNADO
MAX 32 OR BELOW:   0    0.01 INCH OR MORE:   0
MAX 90 OR ABOVE:   0    0.10 INCH OR MORE:   0
MIN 32 OR BELOW:   0    0.50 INCH OR MORE:   0
MIN  0 OR BELOW:   0    1.00 INCH OR MORE:   0

[HDD (BASE 65) ]
TOTAL THIS MO.    22    CLEAR  (SCALE 0-3)   8
DPTR FM NORMAL   -46    PTCLDY (SCALE 4-7)  12
TOTAL FM JUL 1  1231    CLOUDY (SCALE 8-10)  7
DPTR FM NORMAL  -800

[CDD (BASE 65) ]
TOTAL THIS MO.    14
DPTR FM NORMAL    13    [PRESSURE DATA]
TOTAL FM JAN 1    25    HIGHEST SLP M ON M
DPTR FM NORMAL    10    LOWEST  SLP 29.64 ON 21

[REMARKS]
