000
CXUS53 KDDC 281200
CF6P28
PRELIMINARY LOCAL CLIMATOLOGICAL DATA (WS FORM: F-6)

                                          STATION:   MEDICINE LODGE KS
                                          MONTH:     JULY
                                          YEAR:      2014
                                          LATITUDE:   37 17 N
                                          LONGITUDE:  98 35 W

  TEMPERATURE IN F:       :PCPN:    SNOW:  WIND      :SUNSHINE: SKY     :PK WND
================================================================================
1   2   3   4   5  6A  6B    7    8   9   10  11  12  13   14  15   16   17  18
                                     12Z  AVG MX 2MIN
DY MAX MIN AVG DEP HDD CDD  WTR  SNW DPTH SPD SPD DIR MIN PSBL S-S WX    SPD DR
================================================================================

 1  82  64  73  -7   0   8 0.37  0.0    0  5.5 25  10   M    M   0        32  10
 2  76  60  68 -13   0   3 0.00  0.0    0  4.7 16  20   M    M   0        22  20
 3  83  58  71 -10   0   6 0.00  0.0    0  7.8 15 140   M    M   0        22 170
 4  89  62  76  -5   0  11 0.00  0.0    0 10.0 18 170   M    M   0        27 170
 5  94  71  83   2   0  18 0.00  0.0    0 11.5 20 210   M    M   0        26 210
 6  97  71  84   3   0  19 0.00  0.0    0  7.9 15 220   M    M   0        19 190
 7 100  68  84   2   0  19 0.00  0.0    0  8.5 21 220   M    M   0        28 220
 8  85  68  77  -5   0  12 0.00  0.0    0 10.4 25  40   M    M   0        33  30
 9  91  62  77  -5   0  12 0.00  0.0    0  7.0 17 170   M    M   0        26 180
10  84  65  75  -7   0  10 1.37  0.0    0 13.2 38  30   M    M   0        51  40
11  96  68  82   0   0  17 0.00  0.0    0  9.6 22 180   M    M   0        27 170
12  94  70  82   0   0  17 0.00  0.0    0 10.6 25 210   M    M   0        34 230
13  89  71  80  -2   0  15 0.00  0.0    0  8.1 22  20   M    M   0        26  20
14  95  69  82   0   0  17 0.01  0.0    0  5.6 21  50   M    M   0        30 340
15  79  57  68 -14   0   3 0.00  0.0    0  3.9 21  40   M    M   0        25  40
16  68  60  64 -18   1   0 0.45  0.0    0  5.4 13 140   M    M   0        19 190
17  65  58  62 -20   3   0 0.26  0.0    0  7.6 13  90   M    M   0        19  90
18  68  60  64 -18   1   0 0.02  0.0    0  6.6 14 180   M    M   0        17 130
19  81  58  70 -12   0   5 0.00  0.0    0  8.1 18 180   M    M   0        23 180
20  93  64  79  -4   0  14 0.00  0.0    0 11.1 20 180   M    M   0        26 180
21  97  71  84   1   0  19 0.00  0.0    0  9.0 18 170   M    M   0        25 180
22  99  72  86   3   0  21 0.00  0.0    0  5.2 14 180   M    M   0        16 190
23  94  69  82  -1   0  17 0.00  0.0    0  6.8 22  20   M    M   0        25  20
24  95  68  82  -1   0  17 0.00  0.0    0  8.6 15 150   M    M   0        23 170
25 102  72  87   4   0  22 0.00  0.0    0 11.2 24 200   M    M   0        34 210
26 104  73  89   6   0  24 0.00  0.0    0  7.9 16 220   M    M   0        20 220
27  89  68  79  -4   0  14 0.06  0.0    0  7.6 29  60   M    M   0        36  50
================================================================================
SM 2389 1777         5 340  2.54     0.0 219.4          M        0
================================================================================
AV 88.5 65.8                               8.1 FASTST   M    M   0    MAX(MPH)
                                 MISC ---->  # 38  30               # 51   40
================================================================================
NOTES:
# LAST OF SEVERAL OCCURRENCES

COLUMN 17 PEAK WIND IN M.P.H.

PRELIMINARY LOCAL CLIMATOLOGICAL DATA (WS FORM: F-6) , PAGE 2

                                          STATION:  MEDICINE LODGE KS
                                          MONTH:    JULY
                                          YEAR:     2014
                                          LATITUDE:   37 17 N
                                          LONGITUDE:  98 35 W

[TEMPERATURE DATA]      [PRECIPITATION DATA]       SYMBOLS USED IN COLUMN 16

AVERAGE MONTHLY: 77.1   TOTAL FOR MONTH:   2.54    1 = FOG OR MIST
DPTR FM NORMAL:  -4.9   DPTR FM NORMAL:   -0.45    2 = FOG REDUCING VISIBILITY
HIGHEST:   104 ON 26    GRTST 24HR  1.37 ON 10-10      TO 1/4 MILE OR LESS
LOWEST:     57 ON 15                               3 = THUNDER
                        SNOW, ICE PELLETS, HAIL    4 = ICE PELLETS
                        TOTAL MONTH:   0.0 INCH    5 = HAIL
                        GRTST 24HR     0.0         6 = FREEZING RAIN OR DRIZZLE
                        GRTST DEPTH:   0           7 = DUSTSTORM OR SANDSTORM:
                                                       VSBY 1/2 MILE OR LESS
                                                   8 = SMOKE OR HAZE
[NO. OF DAYS WITH]      [WEATHER - DAYS WITH]      9 = BLOWING SNOW
                                                   X = TORNADO
MAX 32 OR BELOW:   0    0.01 INCH OR MORE:   7
MAX 90 OR ABOVE:  14    0.10 INCH OR MORE:   4
MIN 32 OR BELOW:   0    0.50 INCH OR MORE:   1
MIN  0 OR BELOW:   0    1.00 INCH OR MORE:   1

[HDD (BASE 65) ]
TOTAL THIS MO.     5    CLEAR  (SCALE 0-3)  27
DPTR FM NORMAL     5    PTCLDY (SCALE 4-7)   0
TOTAL FM JUL 1     5    CLOUDY (SCALE 8-10)  0
DPTR FM NORMAL     5

[CDD (BASE 65) ]
TOTAL THIS MO.   340
DPTR FM NORMAL  -120    [PRESSURE DATA]
TOTAL FM JAN 1   951    HIGHEST SLP M ON M
DPTR FM NORMAL   -18    LOWEST  SLP 29.69 ON 25

[REMARKS]
