000
CXUS55 KRIW 280945
CF6P60
PRELIMINARY LOCAL CLIMATOLOGICAL DATA (WS FORM: F-6)

                                          STATION:   LAKE YELLOWSTONE WY
                                          MONTH:     AUGUST
                                          YEAR:      2016
                                          LATITUDE:   44 32 N
                                          LONGITUDE: 110 25 W

  TEMPERATURE IN F:       :PCPN:    SNOW:  WIND      :SUNSHINE: SKY     :PK WND
================================================================================
1   2   3   4   5  6A  6B    7    8   9   10  11  12  13   14  15   16   17  18
                                     12Z  AVG MX 2MIN
DY MAX MIN AVG DEP HDD CDD  WTR  SNW DPTH SPD SPD DIR MIN PSBL S-S WX    SPD DR
================================================================================

 1  78  39  59   2   6   0 0.00  0.0    0  2.9 17 300   M    M   0        26 330
 2  82  37  60   3   5   0 0.00  0.0    0  4.4 17 280   M    M   0        28 290
 3  72  41  57   0   8   0 0.00  0.0    0  5.1 16 280   M    M   0        27 250
 4  76  31  54  -3  11   0 0.00  0.0    0  2.5 10  70   M    M   0        16 110
 5  77  34  56  -1   9   0 0.00  0.0    0  2.0 10 140   M    M   0        18 140
 6  77  44  61   4   4   0 0.02  0.0    0  3.0 12 330   M    M   0        20 220
 7  67  40  54  -3  11   0 0.04  0.0    0  2.6 12 300   M    M   0        21 300
 8  75  36  56  -1   9   0 0.00  0.0    0  4.1 20 270   M    M   0        28 230
 9  75  37  56   0   9   0 0.00  0.0    0  3.2 15 280   M    M   0        26 300
10   M  34   M   M   M   M 0.00  0.0    0  2.3  5  99   M    M   0         M  M
11   M   M   M   M   M   M    M    M    M   M   M   M   M    M   M         M  M
12   M   M   M   M   M   M    M    M    M   M   M   M   M    M   M         M  M
13   M   M   M   M   M   M    M    M    M   M   M   M   M    M   M         M  M
14   M   M   M   M   M   M    M    M    M   M   M   M   M    M   M         M  M
15  75  36  56   0   9   0 0.00  0.0    0  2.4 21 320   M    M   0        34 300
16  77  36  57   1   8   0 0.00  0.0    0  2.0 12 280   M    M   0        19 290
17  74  39  57   2   8   0 0.00  0.0    0  1.7 15 350   M    M   0        27  20
18  70  46  58   3   7   0 0.12  0.0    0  1.2  9 120   M    M   0        13  90
19  63  33  48  -7  17   0 0.00  0.0    0  3.1 10 310   M    M   0        18  50
20  69  27  48  -7  17   0 0.00  0.0    0  2.5 10 140   M    M   0        15 130
21  76  33  55   0  10   0 0.00  0.0    0  3.4 13 270   M    M   0        23 280
22  73  36  55   1  10   0 0.00  0.0    0  5.4 15 270   M    M   0        31 280
23  66  32  49  -5  16   0 0.00  0.0    0  3.4 14 290   M    M   0        21 260
24  61  30  46  -8  19   0 0.10  0.0    0  2.1 10 280   M    M   0        15 260
25  61  28  45  -9  20   0 0.00  0.0    0  2.1  9 330   M    M   0        20 350
26  64  39  52  -2  13   0 0.03    M    0  2.7 13 280   M    M   0        22 280
27  69  30  50  -3  15   0 0.00  0.0    0  3.7 15 270   M    M   0        27 260
================================================================================
SM 1577  818       241   0  0.31     0.0  67.8          M        0
================================================================================
AV 71.7 35.6                               2.9 FASTST   M    M   0    MAX(MPH)
                                 MISC ---->  # 21 320               # 34  300
================================================================================
NOTES:
# LAST OF SEVERAL OCCURRENCES

COLUMN 17 PEAK WIND IN M.P.H.

PRELIMINARY LOCAL CLIMATOLOGICAL DATA (WS FORM: F-6) , PAGE 2

                                          STATION:  LAKE YELLOWSTONE WY
                                          MONTH:    AUGUST
                                          YEAR:     2016
                                          LATITUDE:   44 32 N
                                          LONGITUDE: 110 25 W

[TEMPERATURE DATA]      [PRECIPITATION DATA]       SYMBOLS USED IN COLUMN 16

AVERAGE MONTHLY: 53.6   TOTAL FOR MONTH:   0.31    1 = FOG OR MIST
DPTR FM NORMAL:  -2.0   DPTR FM NORMAL:   -0.98    2 = FOG REDUCING VISIBILITY
HIGHEST:    82 ON  2    GRTST 24HR  0.12 ON 18-18      TO 1/4 MILE OR LESS
LOWEST:     27 ON 20                               3 = THUNDER
                        SNOW, ICE PELLETS, HAIL    4 = ICE PELLETS
                        TOTAL MONTH:   0.0 INCH    5 = HAIL
                        GRTST 24HR     0.0         6 = FREEZING RAIN OR DRIZZLE
                        GRTST DEPTH:   0           7 = DUSTSTORM OR SANDSTORM:
                                                       VSBY 1/2 MILE OR LESS
                                                   8 = SMOKE OR HAZE
[NO. OF DAYS WITH]      [WEATHER - DAYS WITH]      9 = BLOWING SNOW
                                                   X = TORNADO
MAX 32 OR BELOW:   0    0.01 INCH OR MORE:   5
MAX 90 OR ABOVE:   0    0.10 INCH OR MORE:   2
MIN 32 OR BELOW:   6    0.50 INCH OR MORE:   0
MIN  0 OR BELOW:   0    1.00 INCH OR MORE:   0

[HDD (BASE 65) ]
TOTAL THIS MO.   241    CLEAR  (SCALE 0-3)  23
DPTR FM NORMAL   -13    PTCLDY (SCALE 4-7)   0
TOTAL FM JUL 1   549    CLOUDY (SCALE 8-10)  0
DPTR FM NORMAL    12

[CDD (BASE 65) ]
TOTAL THIS MO.     0
DPTR FM NORMAL     0    [PRESSURE DATA]
TOTAL FM JAN 1     0    HIGHEST SLP M ON M
DPTR FM NORMAL     0    LOWEST  SLP 29.83 ON  9

[REMARKS]
