000
CXUS53 KPAH 292302
CF6PAH
PRELIMINARY LOCAL CLIMATOLOGICAL DATA (WS FORM: F-6)

                                          STATION:   PADUCAH KY
                                          MONTH:     JULY
                                          YEAR:      2014
                                          LATITUDE:   37  4 N
                                          LONGITUDE:  88 46 W

  TEMPERATURE IN F:       :PCPN:    SNOW:  WIND      :SUNSHINE: SKY     :PK WND
================================================================================
1   2   3   4   5  6A  6B    7    8   9   10  11  12  13   14  15   16   17  18
                                     12Z  AVG MX 2MIN
DY MAX MIN AVG DEP HDD CDD  WTR  SNW DPTH SPD SPD DIR MIN PSBL S-S WX    SPD DR
================================================================================

 1  92  71  82   3   0  17 0.93  0.0    0  9.6 28 340   M    M   5 138    34 330
 2  86  66  76  -3   0  11 0.00  0.0    0  5.8 14 300   M    M   2 1      17 310
 3  77  61  69 -10   0   4 0.00  0.0    0  5.2 15 350   M    M   5        18 350
 4  83  58  71  -8   0   6 0.00  0.0    0  3.7 12  40   M    M   2 1      16  70
 5  85  57  71  -8   0   6 0.00  0.0    0  0.8 13 120   M    M   0 18     15 330
 6  87  62  75  -4   0  10 0.00  0.0    0  5.0 13 220   M    M   0        18 220
 7  91  71  81   2   0  16 0.00  0.0    0  8.8 21 240   M    M   2        30 220
 8  86  71  79   0   0  14 0.51  0.0    0  9.1 24 300   M    M   3 13     31 290
 9  88  67  78  -1   0  13 0.00  0.0    0  3.3 10 310   M    M   1 1      15 280
10  87  69  78  -1   0  13 0.00  0.0    0  4.0 10  20   M    M   3        15  50
11  92  66  79   0   0  14 0.00  0.0    0  1.7  8 130   M    M   0 18     13 140
12  91  70  81   2   0  16 0.00  0.0    0  4.1 14 240   M    M   0 18     17 250
13  94  75  85   6   0  20 0.00  0.0    0  7.7 17 240   M    M   0        24 220
14  89  73  81   2   0  16 0.38  0.0    0  6.1 16 290   M    M   5 13     23 280
15  79  59  69 -10   0   4 0.00  0.0    0  7.5 15 340   M    M   2        19 330
16  80  58  69 -10   0   4 0.00  0.0    0  3.0 10 320   M    M   2        14  20
17  82  56  69 -10   0   4 0.00  0.0    0  2.1 10 100   M    M   1 1      17 140
18  80  63  72  -7   0   7 0.00  0.0    0  3.0 10 150   M    M   5        17 150
19  82  62  72  -7   0   7 0.00  0.0    0  5.0 14  30   M    M   3 18     17  30
20  86  58  72  -7   0   7 0.00  0.0    0  2.1  8  40   M    M   4 128    12  50
21  89  61  75  -4   0  10 0.00  0.0    0  1.6  8 340   M    M   0 18     20  30
22  93  65  79   0   0  14 0.00  0.0    0  1.8 12 260   M    M   0 18     14 250
23  82  70  76  -3   0  11 0.22  0.0    0  5.9 23 210   M    M   3 138    32 210
24  84  59  72  -7   0   7 0.00  0.0    0  6.5 15  30   M    M   1        22  30
25  83  57  70  -9   0   5 0.00  0.0    0  2.9 10 150   M    M   0 12     14  20
26  93  67  80   1   0  15 0.00  0.0    0  8.3 16 240   M    M   0 18     22 200
27  95  74  85   6   0  20 0.00  0.0    0 10.1 18 270   M    M   2 8      25 260
28  86  63  75  -4   0  10 0.00  0.0    0  8.0 16 340   M    M   3        21 340
================================================================================
SM 2422 1809         0 301  2.04     0.0 142.7          M       54
================================================================================
AV 86.5 64.6                               5.1 FASTST   M    M   2    MAX(MPH)
                                 MISC ---->  # 28 340               # 34  330
================================================================================
NOTES:
# LAST OF SEVERAL OCCURRENCES

COLUMN 17 PEAK WIND IN M.P.H.

PRELIMINARY LOCAL CLIMATOLOGICAL DATA (WS FORM: F-6) , PAGE 2

                                          STATION:  PADUCAH KY
                                          MONTH:    JULY
                                          YEAR:     2014
                                          LATITUDE:   37  4 N
                                          LONGITUDE:  88 46 W

[TEMPERATURE DATA]      [PRECIPITATION DATA]       SYMBOLS USED IN COLUMN 16

AVERAGE MONTHLY: 75.6   TOTAL FOR MONTH:   2.04    1 = FOG OR MIST
DPTR FM NORMAL:  -3.4   DPTR FM NORMAL:   -2.02    2 = FOG REDUCING VISIBILITY
HIGHEST:    95 ON 27    GRTST 24HR  0.93 ON  1- 1      TO 1/4 MILE OR LESS
LOWEST:     56 ON 17                               3 = THUNDER
                        SNOW, ICE PELLETS, HAIL    4 = ICE PELLETS
                        TOTAL MONTH:   0.0 INCH    5 = HAIL
                        GRTST 24HR     0.0         6 = FREEZING RAIN OR DRIZZLE
                        GRTST DEPTH:   0           7 = DUSTSTORM OR SANDSTORM:
                                                       VSBY 1/2 MILE OR LESS
                                                   8 = SMOKE OR HAZE
[NO. OF DAYS WITH]      [WEATHER - DAYS WITH]      9 = BLOWING SNOW
                                                   X = TORNADO
MAX 32 OR BELOW:   0    0.01 INCH OR MORE:   4
MAX 90 OR ABOVE:   8    0.10 INCH OR MORE:   4
MIN 32 OR BELOW:   0    0.50 INCH OR MORE:   2
MIN  0 OR BELOW:   0    1.00 INCH OR MORE:   0

[HDD (BASE 65) ]
TOTAL THIS MO.     0    CLEAR  (SCALE 0-3)  23
DPTR FM NORMAL     0    PTCLDY (SCALE 4-7)   5
TOTAL FM JUL 1     0    CLOUDY (SCALE 8-10)  0
DPTR FM NORMAL     0

[CDD (BASE 65) ]
TOTAL THIS MO.   301
DPTR FM NORMAL   -91    [PRESSURE DATA]
TOTAL FM JAN 1   984    HIGHEST SLP M ON M
DPTR FM NORMAL   100    LOWEST  SLP 29.74 ON  1

[REMARKS]
