000
CXUS54 KLZK 241330
CF6PBF
PRELIMINARY LOCAL CLIMATOLOGICAL DATA (WS FORM: F-6)

                                          STATION:   Pine Bluff
                                          MONTH:     OCTOBER
                                          YEAR:      2014
                                          LATITUDE:   34 10 N
                                          LONGITUDE:  91 56 W

  TEMPERATURE IN F:       :PCPN:    SNOW:  WIND      :SUNSHINE: SKY     :PK WND
================================================================================
1   2   3   4   5  6A  6B    7    8   9   10  11  12  13   14  15   16   17  18
                                     12Z  AVG MX 2MIN
DY MAX MIN AVG DEP HDD CDD  WTR  SNW DPTH SPD SPD DIR MIN PSBL S-S WX    SPD DR
================================================================================

 1  90  63  77   9   0  12 0.12  0.0    0  5.3 15 190   M    M   4 38     21  50
 2  90  65  78  10   0  13 0.90  0.0    0 11.4 35 270   M    M   5 138    45 270
 3  78  55  67  -1   0   2 0.00  0.0    0 11.0 23 330   M    M   2        30 340
 4  71  45  58  -9   7   0 0.00  0.0    0  7.0 20 290   M    M   0        24 300
 5  79  48  64  -3   1   0 0.00  0.0    0  8.0 23 240   M    M   0        29 240
 6  79  58  69   2   0   4 0.50  0.0    0  7.2 24 350   M    M   2 13     33 340
 7  86  61  74   8   0   9 0.00  0.0    0  8.7 18 220   M    M   0        24 220
 8  83  67  75   9   0  10 0.00  0.0    0  3.7 13 330   M    M   4 12     19 330
 9  87  63  75   9   0  10    T  0.0    0  3.4 14 180   M    M   3 12     19 210
10  85  64  75  10   0  10 0.74  0.0    0  7.5 22 340   M    M   4 13     32 340
11  67  58  63  -2   2   0 0.94  0.0    0  7.7 20  10   M    M  10 13     25  10
12  74  60  67   3   0   2 0.10  0.0    0  5.9 14 190   M    M   9 123    21 210
13  75  59  67   3   0   2 1.74  0.0    0 11.8 26 170   M    M   9 13     39 170
14  70  54  62  -2   3   0 0.00  0.0    0 10.5 22 270   M    M   4        29 280
15  74  49  62  -2   3   0 0.00  0.0    0  8.1 21 280   M    M   0        30 280
16  78  44  61  -2   4   0 0.00  0.0    0  3.9 12 190   M    M   0        16 180
17  80  56  68   5   0   3 0.00  0.0    0  5.8 14 220   M    M   0 8      18 260
18  72  53  63   0   2   0 0.00  0.0    0  7.5 16  10   M    M   0        21  20
19  69  44  57  -5   8   0 0.00  0.0    0  2.4 12  60   M    M   0 1      15  70
20  72  45  59  -3   6   0 0.00  0.0    0  3.1  9 280   M    M   1 1      12 280
21  79  52  66   4   0   1 0.00  0.0    0  2.3  9 320   M    M   2 1      12 330
22  72  48  60  -1   5   0 0.00  0.0    0  5.8 15  30   M    M   0        22  50
23  65  45  55  -6  10   0 0.00  0.0    0  1.7  8 360   M    M   0        10  10
================================================================================
SM 1775 1256        51  78  5.04     0.0 149.7          M       59
================================================================================
AV 77.2 54.6                               6.5 FASTST   M    M   3    MAX(MPH)
                                 MISC ---->  # 35 270               # 45  270
================================================================================
NOTES:
# LAST OF SEVERAL OCCURRENCES

COLUMN 17 PEAK WIND IN M.P.H.

PRELIMINARY LOCAL CLIMATOLOGICAL DATA (WS FORM: F-6) , PAGE 2

                                          STATION:  Pine Bluff
                                          MONTH:    OCTOBER
                                          YEAR:     2014
                                          LATITUDE:   34 10 N
                                          LONGITUDE:  91 56 W

[TEMPERATURE DATA]      [PRECIPITATION DATA]       SYMBOLS USED IN COLUMN 16

AVERAGE MONTHLY: 65.9   TOTAL FOR MONTH:   5.04    1 = FOG OR MIST
DPTR FM NORMAL:   1.3   DPTR FM NORMAL:    1.34    2 = FOG REDUCING VISIBILITY
HIGHEST:    90 ON  2, 1 GRTST 24HR  1.74 ON 13-13      TO 1/4 MILE OR LESS
LOWEST:     44 ON 19,16                            3 = THUNDER
                        SNOW, ICE PELLETS, HAIL    4 = ICE PELLETS
                        TOTAL MONTH:   0.0 INCH    5 = HAIL
                        GRTST 24HR     0.0         6 = FREEZING RAIN OR DRIZZLE
                        GRTST DEPTH:   0           7 = DUSTSTORM OR SANDSTORM:
                                                       VSBY 1/2 MILE OR LESS
                                                   8 = SMOKE OR HAZE
[NO. OF DAYS WITH]      [WEATHER - DAYS WITH]      9 = BLOWING SNOW
                                                   X = TORNADO
MAX 32 OR BELOW:   0    0.01 INCH OR MORE:   7
MAX 90 OR ABOVE:   2    0.10 INCH OR MORE:   7
MIN 32 OR BELOW:   0    0.50 INCH OR MORE:   5
MIN  0 OR BELOW:   0    1.00 INCH OR MORE:   1

[HDD (BASE 65) ]
TOTAL THIS MO.    51    CLEAR  (SCALE 0-3)  15
DPTR FM NORMAL   -21    PTCLDY (SCALE 4-7)   5
TOTAL FM JUL 1    55    CLOUDY (SCALE 8-10)  3
DPTR FM NORMAL   -28

[CDD (BASE 65) ]
TOTAL THIS MO.    78
DPTR FM NORMAL    13    [PRESSURE DATA]
TOTAL FM JAN 1  1884    HIGHEST SLP M ON M
DPTR FM NORMAL  -225    LOWEST  SLP 29.47 ON 13

[REMARKS]
ALL SNOWFALL DATA IS FROM THE PINE BLUFF WATER PLANT SITE
