000
CXUS53 KARX 250930
CF6PDC
PRELIMINARY LOCAL CLIMATOLOGICAL DATA (WS FORM: F-6)

                                          STATION:   PRAIRIE_DU_CHIEN_MUN
                                          MONTH:     OCTOBER
                                          YEAR:      2014
                                          LATITUDE:   43  1 N
                                          LONGITUDE:  91  7 W

  TEMPERATURE IN F:       :PCPN:    SNOW:  WIND      :SUNSHINE: SKY     :PK WND
================================================================================
1   2   3   4   5  6A  6B    7    8   9   10  11  12  13   14  15   16   17  18
                                     12Z  AVG MX 2MIN
DY MAX MIN AVG DEP HDD CDD  WTR  SNW DPTH SPD SPD DIR MIN PSBL S-S WX    SPD DR
================================================================================

 1  70  47  59   M   6   0 0.00  0.0    0  5.8 13 100   M    M   8        18 100
 2  68  57  63   M   2   0 0.31  0.0    0  2.7 15 310   M    M   9 1      25 310
 3  57  40  49   M  16   0 0.00  0.0    0 15.9 23 280   M    M   9        35 290
 4  51  35  43   M  22   0 0.05  0.0    0 10.8 20 280   M    M   8        30 280
 5  54  32  43   M  22   0    T  0.0    0  3.3 14 240   M    M   6        18 240
 6  59  38  49   M  16   0 0.00  0.0    0  3.3 15 280   M    M   3        21 260
 7  66  44  55   M  10   0 0.00  0.0    0  5.7 18 280   M    M   5 8      25 280
 8  68  40  54   M  11   0 0.00  0.0    0  7.2 24 290   M    M   0        32 280
 9  58  37  48   M  17   0 0.00  0.0    0  2.9  8 340   M    M   0         M  M
10  57  32  45   M  20   0 0.00  0.0    0  2.0 12 330   M    M   0        20 330
11  60  32  46   M  19   0 0.00  0.0    0  1.3  6 190   M    M   3 2       M  M
12  57  36  47   M  18   0 0.08    M    0  4.2  9 130   M    M   6 1       M  M
13  56  51  54   M  11   0 1.64  0.0    0  3.4 10 320   M    M  10 1      16 320
14  54  49  52   M  13   0 0.75  0.0    0 11.9 16 340   M    M   9        24 330
15  61  44  53   M  12   0 0.00  0.0    0  6.9 16 330   M    M   7        28 310
16  69  40  55   M  10   0 0.00  0.0    0  2.4  9 180   M    M   3 12      M  M
17  56  45  51   M  14   0 0.00  0.0    0 10.2 20 290   M    M   7        27 290
18  54  35  45   M  20   0 0.01  0.0    0  4.5 16 320   M    M   5        22 320
19  62  32  47   M  18   0 0.00  0.0    0  3.9 13 210   M    M   0 1      18 210
20  66  41  54   M  11   0 0.00  0.0    0  5.5 14 310   M    M   0        21 310
21  57  35  46   M  19   0 0.00  0.0    0  2.9  9 110   M    M   2 12      M  M
22  60  33  47   M  18   0 0.00  0.0    0  5.4  9 120   M    M   1         M  M
23  52  46  49   M  16   0 0.33  0.0    0  3.2  7 110   M    M  10 1       M  M
24  65  50  58   M   7   0 0.00  0.0    0  3.7 13 140   M    M   9 1      21 140
================================================================================
SM 1437  971       348   0  3.17     0.0 129.0          M      120
================================================================================
AV 59.9 40.5                               5.4 FASTST   M    M   5    MAX(MPH)
                                 MISC ---->    24   M               # 35  290
================================================================================
NOTES:
# LAST OF SEVERAL OCCURRENCES

COLUMN 17 PEAK WIND IN M.P.H.

PRELIMINARY LOCAL CLIMATOLOGICAL DATA (WS FORM: F-6) , PAGE 2

                                          STATION:  PRAIRIE_DU_CHIEN_MUN
                                          MONTH:    OCTOBER
                                          YEAR:     2014
                                          LATITUDE:   43  1 N
                                          LONGITUDE:  91  7 W

[TEMPERATURE DATA]      [PRECIPITATION DATA]       SYMBOLS USED IN COLUMN 16

AVERAGE MONTHLY: 50.2   TOTAL FOR MONTH:   3.17    1 = FOG OR MIST
DPTR FM NORMAL:     M   DPTR FM NORMAL:       M    2 = FOG REDUCING VISIBILITY
HIGHEST:    70 ON  1    GRTST 24HR  1.64 ON 13-13      TO 1/4 MILE OR LESS
LOWEST:     32 ON 19,11                            3 = THUNDER
                        SNOW, ICE PELLETS, HAIL    4 = ICE PELLETS
                        TOTAL MONTH:   0.0 INCH    5 = HAIL
                        GRTST 24HR     0.0         6 = FREEZING RAIN OR DRIZZLE
                        GRTST DEPTH:   0           7 = DUSTSTORM OR SANDSTORM:
                                                       VSBY 1/2 MILE OR LESS
                                                   8 = SMOKE OR HAZE
[NO. OF DAYS WITH]      [WEATHER - DAYS WITH]      9 = BLOWING SNOW
                                                   X = TORNADO
MAX 32 OR BELOW:   0    0.01 INCH OR MORE:   7
MAX 90 OR ABOVE:   0    0.10 INCH OR MORE:   4
MIN 32 OR BELOW:   4    0.50 INCH OR MORE:   2
MIN  0 OR BELOW:   0    1.00 INCH OR MORE:   1

[HDD (BASE 65) ]
TOTAL THIS MO.   348    CLEAR  (SCALE 0-3)   9
DPTR FM NORMAL     M    PTCLDY (SCALE 4-7)   8
TOTAL FM JUL 1   507    CLOUDY (SCALE 8-10)  7
DPTR FM NORMAL     M

[CDD (BASE 65) ]
TOTAL THIS MO.     0
DPTR FM NORMAL     M    [PRESSURE DATA]
TOTAL FM JAN 1   657    HIGHEST SLP M ON M
DPTR FM NORMAL     M    LOWEST  SLP M ON M

[REMARKS]
