000
CXUS53 KARX 270930
CF6PDC
PRELIMINARY LOCAL CLIMATOLOGICAL DATA (WS FORM: F-6)

                                          STATION:   PRAIRIE_DU_CHIEN_MUN
                                          MONTH:     MAY
                                          YEAR:      2016
                                          LATITUDE:   43  1 N
                                          LONGITUDE:  91  7 W

  TEMPERATURE IN F:       :PCPN:    SNOW:  WIND      :SUNSHINE: SKY     :PK WND
================================================================================
1   2   3   4   5  6A  6B    7    8   9   10  11  12  13   14  15   16   17  18
                                     12Z  AVG MX 2MIN
DY MAX MIN AVG DEP HDD CDD  WTR  SNW DPTH SPD SPD DIR MIN PSBL S-S WX    SPD DR
================================================================================

 1  51  42  47   M  18   0 0.10  0.0    0  5.8 13  70   M    M  10 1      21  40
 2  63  39  51   M  14   0 0.00  0.0    0  1.2  5 220   M    M   7 12      M  M
 3  69  41  55   M  10   0 0.15  0.0    0  7.2 16 240   M    M   3        43 360
 4  64  44  54   M  11   0 0.00  0.0    0 10.7 20 340   M    M   1 12     27 340
 5  69  36  53   M  12   0 0.00  0.0    0  2.1  7 280   M    M   0 8       M  M
 6  89  46  68   M   0   3 0.00  0.0    0  6.2 17 240   M    M   1        27 260
 7  72  45  59   M   6   0    M  0.0    0  7.1 17 220   M    M   1 8      22 360
 8  72  39  56   M   9   0 0.00  0.0    0  1.9  8 200   M    M   1         M  M
 9  64  52  58   M   7   0 0.44  0.0    0  9.6 18 100   M    M   9        27 100
10  57  51  54   M  11   0 0.44  0.0    0  4.9  9  70   M    M  10 1      16  70
11  67  51  59   M   6   0    M  0.0    0  2.2  8 120   M    M  10 1       M  M
12  64  50  57   M   8   0 0.00  0.0    0 10.0 17 300   M    M   9        27 290
13  59  41  50   M  15   0 0.15  0.0    0  6.8 16 290   M    M   6        24 290
14  52  33  43   M  22   0 0.00  0.0    0 11.7 20 320   M    M   6        28 290
15  62  30  46   M  19   0 0.00  0.0    0  4.3 14 250   M    M   1        24 280
16  72  40  56   M   9   0 0.03  0.0    0  4.9 12 250   M    M   5        17 270
17  65  42  54   M  11   0 0.15  0.0    0  4.0 10  40   M    M   5        21  40
18  68  36  52   M  13   0 0.00  0.0    0  1.2  5 300   M    M   2         M  M
19  72  39  56   M   9   0 0.00  0.0    0  3.4 10 130   M    M   1        16 130
20  73  48  61   M   4   0 0.00  0.0    0  2.9  9 130   M    M   3         M  M
21  80  44  62   M   3   0 0.00  0.0    0  3.5 12 290   M    M   1        16 300
22  83  46  65   M   0   0 0.00  0.0    0  1.5  7 140   M    M   0         M  M
23  85  54  70   M   0   5 0.00  0.0    0  5.4 13 180   M    M   0        21 170
24  84  63  74   M   0   9 0.00  0.0    0  1.3  7 180   M    M   4         M  M
25  83  60  72   M   0   7 0.00  0.0    0  3.7 13 130   M    M   2 1      20 160
26  83  60  72   M   0   7 0.24  0.0    0  3.8 16 260   M    M   1        27 260
================================================================================
SM 1822 1172       217  31  1.70     0.0 127.3          M       99
================================================================================
AV 70.1 45.1                               4.9 FASTST   M    M   4    MAX(MPH)
                                 MISC ---->    20   M                 43    M
================================================================================
NOTES:
# LAST OF SEVERAL OCCURRENCES

COLUMN 17 PEAK WIND IN M.P.H.

PRELIMINARY LOCAL CLIMATOLOGICAL DATA (WS FORM: F-6) , PAGE 2

                                          STATION:  PRAIRIE_DU_CHIEN_MUN
                                          MONTH:    MAY
                                          YEAR:     2016
                                          LATITUDE:   43  1 N
                                          LONGITUDE:  91  7 W

[TEMPERATURE DATA]      [PRECIPITATION DATA]       SYMBOLS USED IN COLUMN 16

AVERAGE MONTHLY: 57.6   TOTAL FOR MONTH:   1.70    1 = FOG OR MIST
DPTR FM NORMAL:     M   DPTR FM NORMAL:       M    2 = FOG REDUCING VISIBILITY
HIGHEST:    89 ON  6    GRTST 24HR  0.44 ON 10-10      TO 1/4 MILE OR LESS
LOWEST:     30 ON 15                               3 = THUNDER
                        SNOW, ICE PELLETS, HAIL    4 = ICE PELLETS
                        TOTAL MONTH:   0.0 INCH    5 = HAIL
                        GRTST 24HR     0.0         6 = FREEZING RAIN OR DRIZZLE
                        GRTST DEPTH:   0           7 = DUSTSTORM OR SANDSTORM:
                                                       VSBY 1/2 MILE OR LESS
                                                   8 = SMOKE OR HAZE
[NO. OF DAYS WITH]      [WEATHER - DAYS WITH]      9 = BLOWING SNOW
                                                   X = TORNADO
MAX 32 OR BELOW:   0    0.01 INCH OR MORE:   8
MAX 90 OR ABOVE:   0    0.10 INCH OR MORE:   7
MIN 32 OR BELOW:   1    0.50 INCH OR MORE:   0
MIN  0 OR BELOW:   0    1.00 INCH OR MORE:   0

[HDD (BASE 65) ]
TOTAL THIS MO.   217    CLEAR  (SCALE 0-3)  15
DPTR FM NORMAL     M    PTCLDY (SCALE 4-7)   6
TOTAL FM JUL 1  5918    CLOUDY (SCALE 8-10)  5
DPTR FM NORMAL     M

[CDD (BASE 65) ]
TOTAL THIS MO.    31
DPTR FM NORMAL     M    [PRESSURE DATA]
TOTAL FM JAN 1    38    HIGHEST SLP M ON M
DPTR FM NORMAL     M    LOWEST  SLP M ON M

[REMARKS]
