000
CXUS56 KPDT 280532
CF6PDT
PRELIMINARY LOCAL CLIMATOLOGICAL DATA (WS FORM: F-6)

                                          STATION:   PENDLETON OR
                                          MONTH:     MAY
                                          YEAR:      2015
                                          LATITUDE:   45 40 N
                                          LONGITUDE: 118 51 W

  TEMPERATURE IN F:       :PCPN:    SNOW:  WIND      :SUNSHINE: SKY     :PK WND
================================================================================
1   2   3   4   5  6A  6B    7    8   9   10  11  12  13   14  15   16   17  18
                                     12Z  AVG MX 2MIN
DY MAX MIN AVG DEP HDD CDD  WTR  SNW DPTH SPD SPD DIR MIN PSBL S-S WX    SPD DR
================================================================================

 1  79  44  62   8   3   0 0.00  0.0    0  8.1 18 260   M    M   0 8      23 260
 2  70  42  56   2   9   0 0.00  0.0    0  6.2 13  30   M    M   0        16  30
 3  73  36  55   1  10   0 0.00  0.0    0  7.3 14  30   M    M   0        26 230
 4  77  40  59   4   6   0 0.00  0.0    0 11.5 28 260   M    M   0 8      37 260
 5  64  46  55   0  10   0 0.00  0.0    0 14.2 23 270   M    M   4        29 280
 6  61  39  50  -5  15   0 0.01  0.0    0  8.7 18 260   M    M   5 8      22 260
 7  70  41  56   1   9   0 0.00  0.0    0  6.9 18  30   M    M   2        24  40
 8  73  38  56   0   9   0 0.00  0.0    0  7.0 18 350   M    M   0        22  10
 9  74  39  57   1   8   0 0.00  0.0    0  6.9 16  10   M    M   0        22 170
10  77  40  59   3   6   0 0.00  0.0    0  6.5 13  10   M    M   0        22 330
11  70  48  59   2   6   0 0.02  0.0    0  8.3 20 280   M    M   4 1      24 290
12  60  47  54  -3  11   0 0.45  0.0    0  8.1 23 240   M    M   9 1      30 240
13  60  46  53  -4  12   0 0.58  0.0    0 11.5 25 240   M    M   8 1      31 240
14  66  41  54  -3  11   0 0.00  0.0    0  6.0 16 360   M    M   5        19  40
15  65  47  56  -2   9   0    T  0.0    0  8.2 29 260   M    M   8        36 260
16  70  49  60   2   5   0    T  0.0    0 14.6 26 260   M    M   3        33 250
17  71  45  58   0   7   0 0.02  0.0    0  5.6 12  80   M    M   5        15  60
18  74  51  63   5   2   0 0.10  0.0    0  7.4 22  80   M    M   6 13     25  80
19  73  54  64   5   1   0 0.03  0.0    0  5.2 16 300   M    M   5 1      21 300
20  73  55  64   5   1   0    T  0.0    0  6.1 16 180   M    M   3        19 180
21  79  56  68   9   0   3 0.04  0.0    0  5.9 22 150   M    M   4 3      27 140
22  74  55  65   6   0   0 0.03  0.0    0  8.3 17 300   M    M   6 1      23 310
23  75  51  63   3   2   0 0.01  0.0    0  7.6 16 290   M    M   4        22 260
24  80  49  65   5   0   0 0.00  0.0    0  7.2 15 260   M    M   1        19 250
25  75  52  64   4   1   0    T  0.0    0  6.0 16 290   M    M   3        21 300
26  77  48  63   3   2   0 0.00  0.0    0  6.0 18  40   M    M   3        23  30
================================================================================
SM 1860 1199       155   3  1.29     0.0 205.3          M       88
================================================================================
AV 71.5 46.1                               7.9 FASTST   M    M   3    MAX(MPH)
                                 MISC ---->  # 29 260               # 37  260
================================================================================
NOTES:
# LAST OF SEVERAL OCCURRENCES

COLUMN 17 PEAK WIND IN M.P.H.

PRELIMINARY LOCAL CLIMATOLOGICAL DATA (WS FORM: F-6) , PAGE 2

                                          STATION:  PENDLETON OR
                                          MONTH:    MAY
                                          YEAR:     2015
                                          LATITUDE:   45 40 N
                                          LONGITUDE: 118 51 W

[TEMPERATURE DATA]      [PRECIPITATION DATA]       SYMBOLS USED IN COLUMN 16

AVERAGE MONTHLY: 58.8   TOTAL FOR MONTH:   1.29    1 = FOG OR MIST
DPTR FM NORMAL:   1.7   DPTR FM NORMAL:    0.18    2 = FOG REDUCING VISIBILITY
HIGHEST:    80 ON 24    GRTST 24HR  1.03 ON 12-13      TO 1/4 MILE OR LESS
LOWEST:     36 ON  3                               3 = THUNDER
                        SNOW, ICE PELLETS, HAIL    4 = ICE PELLETS
                        TOTAL MONTH:   0.0 INCH    5 = HAIL
                        GRTST 24HR     0.0         6 = FREEZING RAIN OR DRIZZLE
                        GRTST DEPTH:   0           7 = DUSTSTORM OR SANDSTORM:
                                                       VSBY 1/2 MILE OR LESS
                                                   8 = SMOKE OR HAZE
[NO. OF DAYS WITH]      [WEATHER - DAYS WITH]      9 = BLOWING SNOW
                                                   X = TORNADO
MAX 32 OR BELOW:   0    0.01 INCH OR MORE:  10
MAX 90 OR ABOVE:   0    0.10 INCH OR MORE:   3
MIN 32 OR BELOW:   0    0.50 INCH OR MORE:   1
MIN  0 OR BELOW:   0    1.00 INCH OR MORE:   0

[HDD (BASE 65) ]
TOTAL THIS MO.   155    CLEAR  (SCALE 0-3)  10
DPTR FM NORMAL   -65    PTCLDY (SCALE 4-7)  15
TOTAL FM JUL 1  4594    CLOUDY (SCALE 8-10)  1
DPTR FM NORMAL  -573

[CDD (BASE 65) ]
TOTAL THIS MO.     3
DPTR FM NORMAL   -14    [PRESSURE DATA]
TOTAL FM JAN 1     3    HIGHEST SLP 29.99 ON M
DPTR FM NORMAL   -15    LOWEST  SLP 29.67 ON 15

[REMARKS]
