000
CXUS56 KPQR 311200
CF6PDX
PRELIMINARY LOCAL CLIMATOLOGICAL DATA (WS FORM: F-6)

                                          STATION:   PORTLAND OR
                                          MONTH:     AUGUST
                                          YEAR:      2015
                                          LATITUDE:   45 35 N
                                          LONGITUDE: 122 36 W

  TEMPERATURE IN F:       :PCPN:    SNOW:  WIND      :SUNSHINE: SKY     :PK WND
================================================================================
1   2   3   4   5  6A  6B    7    8   9   10  11  12  13   14  15   16   17  18
                                     12Z  AVG MX 2MIN
DY MAX MIN AVG DEP HDD CDD  WTR  SNW DPTH SPD SPD DIR MIN PSBL S-S WX    SPD DR
================================================================================

 1  98  62  80   9   0  15 0.00  0.0    0  7.6 17 320   M    M   3        22 310
 2  80  67  74   3   0   9    T  0.0    0  3.4 12 160   M    M   8        14 150
 3  84  64  74   3   0   9    T  0.0    0  5.4 12 310   M    M   9        15 300
 4  83  59  71   1   0   6 0.00  0.0    0  8.6 18 300   M    M   3        23 320
 5  78  56  67  -3   0   2 0.00  0.0    0  7.5 20 310   M    M   4        23 310
 6  79  56  68  -2   0   3 0.00  0.0    0  7.1 17 310   M    M   2        23 290
 7  87  59  73   3   0   8 0.00  0.0    0  7.8 17 310   M    M   1        22 320
 8  82  63  73   3   0   8 0.00  0.0    0  5.8 21 260   M    M   7        24 260
 9  86  61  74   4   0   9 0.00  0.0    0  5.7 15 260   M    M   5        18 250
10  87  65  76   6   0  11 0.00  0.0    0  4.6 13 310   M    M   7        18 330
11  91  63  77   7   0  12 0.00  0.0    0  5.8 12 280   M    M   6        16 330
12  91  66  79   9   0  14 0.00  0.0    0  5.3 15 180   M    M   3        18 180
13  86  64  75   5   0  10 0.00  0.0    0  5.7 12 310   M    M   6        16 320
14  74  64  69  -1   0   4 0.12  0.0    0  8.0 18 220   M    M   9        27 240
15  77  63  70   0   0   5 0.00  0.0    0  7.3 16 320   M    M   6        20 320
16  83  56  70   0   0   5 0.00  0.0    0  8.2 21 320   M    M   1        26 310
17  89  60  75   5   0  10 0.00  0.0    0  6.9 18 320   M    M   2        24 310
18  96  60  78   8   0  13 0.00  0.0    0  6.0 16 290   M    M   0        16 290
19  97  62  80  11   0  15 0.00  0.0    0  6.1 22 310   M    M   0        29 320
20  80  60  70   1   0   5 0.00  0.0    0  7.7 20 310   M    M   4        24 300
21  79  60  70   1   0   5 0.00  0.0    0  6.4 16 300   M    M   5        21 330
22  86  54  70   1   0   5 0.00  0.0    0  7.6 21  70   M    M   8 8      24  70
23  88  57  73   4   0   8 0.00  0.0    0  4.8 13 320   M    M   8 8      16 320
24  82  57  70   1   0   5 0.00  0.0    0  8.0 15 310   M    M   5        20 310
25  85  55  70   1   0   5 0.00  0.0    0  5.8 12 290   M    M   1        15 300
26  90  55  73   4   0   8 0.00  0.0    0  3.6 14 320   M    M   6        18 320
27  89  59  74   6   0   9 0.00  0.0    0  3.4 10 320   M    M   6        14 310
28  82  64  73   5   0   8    T  0.0    0  4.8 12 270   M    M   9        14  40
29  76  63  70   2   0   5 0.27  0.0    0 15.0 32 200   M    M   9 1      43 200
30  73  59  66  -2   0   1 0.27    M    M  8.9 20 190   M    M   8 1      24 190
================================================================================
SM 2538 1813         0 232  0.66     0.0 198.8          M      151
================================================================================
AV 84.6 60.4                               6.6 FASTST   M    M   5    MAX(MPH)
                                 MISC ---->  # 32 200               # 43  200
================================================================================
NOTES:
# LAST OF SEVERAL OCCURRENCES

COLUMN 17 PEAK WIND IN M.P.H.

PRELIMINARY LOCAL CLIMATOLOGICAL DATA (WS FORM: F-6) , PAGE 2

                                          STATION:  PORTLAND OR
                                          MONTH:    AUGUST
                                          YEAR:     2015
                                          LATITUDE:   45 35 N
                                          LONGITUDE: 122 36 W

[TEMPERATURE DATA]      [PRECIPITATION DATA]       SYMBOLS USED IN COLUMN 16

AVERAGE MONTHLY: 72.5   TOTAL FOR MONTH:   0.66    1 = FOG OR MIST
DPTR FM NORMAL:   2.9   DPTR FM NORMAL:    0.02    2 = FOG REDUCING VISIBILITY
HIGHEST:    98 ON  1    GRTST 24HR  0.49 ON 29-30      TO 1/4 MILE OR LESS
LOWEST:     54 ON 22                               3 = THUNDER
                        SNOW, ICE PELLETS, HAIL    4 = ICE PELLETS
                        TOTAL MONTH:   0.0 INCH    5 = HAIL
                        GRTST 24HR     0.0         6 = FREEZING RAIN OR DRIZZLE
                        GRTST DEPTH:   0           7 = DUSTSTORM OR SANDSTORM:
                                                       VSBY 1/2 MILE OR LESS
                                                   8 = SMOKE OR HAZE
[NO. OF DAYS WITH]      [WEATHER - DAYS WITH]      9 = BLOWING SNOW
                                                   X = TORNADO
MAX 32 OR BELOW:   0    0.01 INCH OR MORE:   3
MAX 90 OR ABOVE:   6    0.10 INCH OR MORE:   3
MIN 32 OR BELOW:   0    0.50 INCH OR MORE:   0
MIN  0 OR BELOW:   0    1.00 INCH OR MORE:   0

[HDD (BASE 65) ]
TOTAL THIS MO.     0    CLEAR  (SCALE 0-3)  10
DPTR FM NORMAL    -3    PTCLDY (SCALE 4-7)  15
TOTAL FM JUL 1     0    CLOUDY (SCALE 8-10)  5
DPTR FM NORMAL   -20

[CDD (BASE 65) ]
TOTAL THIS MO.   232
DPTR FM NORMAL    82    [PRESSURE DATA]
TOTAL FM JAN 1   726    HIGHEST SLP M ON M
DPTR FM NORMAL   365    LOWEST  SLP 29.52 ON 29

[REMARKS]
