000
CXUS54 KMAF 191100
CF6PEQ
PRELIMINARY LOCAL CLIMATOLOGICAL DATA (WS FORM: F-6)

                                          STATION:   Pecos Municipal Airport
                                          MONTH:     FEBRUARY
                                          YEAR:      2017
                                          LATITUDE:   31 22 N
                                          LONGITUDE: 103 31 W

  TEMPERATURE IN F:       :PCPN:    SNOW:  WIND      :SUNSHINE: SKY     :PK WND
================================================================================
1   2   3   4   5  6A  6B    7    8   9   10  11  12  13   14  15   16   17  18
                                     12Z  AVG MX 2MIN
DY MAX MIN AVG DEP HDD CDD  WTR  SNW DPTH SPD SPD DIR MIN PSBL S-S WX    SPD DR
================================================================================

 1  79  36  58   M   7   0 0.00  0.0    0  8.2 21 250   M    M   0        27 250
 2  53  34  44   M  21   0 0.00  0.0    0  4.5  8 130   M    M   0         M  M
 3  57  30  44   M  21   0 0.00  0.0    0  8.2 14  70   M    M   0        18  80
 4  64  31  48   M  17   0 0.00  0.0    0  3.0  7 100   M    M   1         M  M
 5  82  32  57   M   8   0 0.00  0.0    0  3.5 13 250   M    M   1 1      16 240
 6  80  39  60   M   5   0 0.00  0.0    0  8.5 23 240   M    M   0        29 240
 7  79  47  63   M   2   0 0.00  0.0    0 13.7 27 260   M    M   0        35 260
 8  80  52  66   M   0   1 0.00  0.0    0 12.7 20  80   M    M   0        27 280
 9  76  39  58   M   7   0 0.00  0.0    0  5.0 13 120   M    M   0         M  M
10  92  38  65   M   0   0 0.00  0.0    0  4.4 13 260   M    M   0        21 260
11  93  51  72   M   0   7 0.00  0.0    0  9.4 22 260   M    M   0        28 260
12  63  50  57   M   8   0 0.00  0.0    0 13.4 20  50   M    M   5        31  30
13  54  42  48   M  17   0 0.01    M    0  9.1 17  50   M    M  10 3      22  50
14  51  36  44   M  21   0 0.00  0.0    0 12.3 24 340   M    M   9        32 340
15  60  29  45   M  20   0 0.00  0.0    0  5.1 10 320   M    M   0         M  M
16  70  31  51   M  14   0 0.00  0.0    0  2.7  7 150   M    M   0         M  M
17  73  35  54   M  11   0 0.00  0.0    0 18.0 36 260   M    M   0        44 270
18  79  46  63   M   2   0 0.00  0.0    0  6.7 14  90   M    M   0        17  80
================================================================================
SM 1285  698       181   8  0.01     0.0 148.4          M       26
================================================================================
AV 71.4 38.8                               8.2 FASTST   M    M   1    MAX(MPH)
                                 MISC ---->    36   M                 44    M
================================================================================
NOTES:
# LAST OF SEVERAL OCCURRENCES

COLUMN 17 PEAK WIND IN M.P.H.

PRELIMINARY LOCAL CLIMATOLOGICAL DATA (WS FORM: F-6) , PAGE 2

                                          STATION:  Pecos Municipal Airport
                                          MONTH:    FEBRUARY
                                          YEAR:     2017
                                          LATITUDE:   31 22 N
                                          LONGITUDE: 103 31 W

[TEMPERATURE DATA]      [PRECIPITATION DATA]       SYMBOLS USED IN COLUMN 16

AVERAGE MONTHLY: 55.1   TOTAL FOR MONTH:   0.01    1 = FOG OR MIST
DPTR FM NORMAL:     M   DPTR FM NORMAL:       M    2 = FOG REDUCING VISIBILITY
HIGHEST:    93 ON 11    GRTST 24HR  0.01 ON 13-13      TO 1/4 MILE OR LESS
LOWEST:     29 ON 15                               3 = THUNDER
                        SNOW, ICE PELLETS, HAIL    4 = ICE PELLETS
                        TOTAL MONTH:   0.0 INCH    5 = HAIL
                        GRTST 24HR     0.0         6 = FREEZING RAIN OR DRIZZLE
                        GRTST DEPTH:   0           7 = DUSTSTORM OR SANDSTORM:
                                                       VSBY 1/2 MILE OR LESS
                                                   8 = SMOKE OR HAZE
[NO. OF DAYS WITH]      [WEATHER - DAYS WITH]      9 = BLOWING SNOW
                                                   X = TORNADO
MAX 32 OR BELOW:   0    0.01 INCH OR MORE:   1
MAX 90 OR ABOVE:   2    0.10 INCH OR MORE:   0
MIN 32 OR BELOW:   5    0.50 INCH OR MORE:   0
MIN  0 OR BELOW:   0    1.00 INCH OR MORE:   0

[HDD (BASE 65) ]
TOTAL THIS MO.   181    CLEAR  (SCALE 0-3)  15
DPTR FM NORMAL     M    PTCLDY (SCALE 4-7)   1
TOTAL FM JUL 1  1498    CLOUDY (SCALE 8-10)  2
DPTR FM NORMAL     M

[CDD (BASE 65) ]
TOTAL THIS MO.     8
DPTR FM NORMAL     M    [PRESSURE DATA]
TOTAL FM JAN 1     8    HIGHEST SLP M ON M
DPTR FM NORMAL     M    LOWEST  SLP M ON M

[REMARKS]
