000
CXUS51 KPHI 220800
CF6PHL
PRELIMINARY LOCAL CLIMATOLOGICAL DATA (WS FORM: F-6)

                                          STATION:   PHILADELPHIA PA
                                          MONTH:     NOVEMBER
                                          YEAR:      2014
                                          LATITUDE:   39 52 N
                                          LONGITUDE:  75 15 W

  TEMPERATURE IN F:       :PCPN:    SNOW:  WIND      :SUNSHINE: SKY     :PK WND
================================================================================
1   2   3   4   5  6A  6B    7    8   9   10  11  12  13   14  15   16   17  18
                                     12Z  AVG MX 2MIN
DY MAX MIN AVG DEP HDD CDD  WTR  SNW DPTH SPD SPD DIR MIN PSBL S-S WX    SPD DR
================================================================================

 1  52  45  49  -3  16   0 0.92  0.0    0 18.6 25  10   M    M  10 1      34 350
 2  49  42  46  -6  19   0    T  0.0    0 21.6 38 330   M    M   5        48 330
 3  60  36  48  -4  17   0    T  0.0    0 12.0 20 270   M    M   5        25 260
 4  71  49  60   9   5   0 0.00  0.0    0  8.1 14 230   M    M   9        17 200
 5  69  52  61  10   4   0 0.01  0.0    0  7.6 15 280   M    M   9        21 280
 6  56  49  53   2  12   0 0.52  0.0    0  5.8 15 310   M    M  10 1      23 310
 7  53  38  46  -4  19   0    T  0.0    0 14.3 32 320   M    M   6        40 320
 8  50  34  42  -8  23   0 0.00  0.0    0  8.1 17 230   M    M   6        22 220
 9  57  42  50   0  15   0 0.00  0.0    0  5.9 18 260   M    M   7        23 260
10  63  37  50   0  15   0 0.00  0.0    0  2.4 10 210   M    M   2        13 200
11  70  43  57   8   8   0 0.00  0.0    0  3.0  8  80   M    M   6 18     14 110
12  70  46  58   9   7   0    T  0.0    0  7.9 21 320   M    M   6 12     27 330
13  47  35  41  -8  24   0 0.16    T    0  8.0 15 300   M    M   6 18     20 310
14  43  35  39  -9  26   0    T    T    0 12.3 23 340   M    M   6 1      28 330
15  44  32  38 -10  27   0 0.00  0.0    0  8.1 17 290   M    M   3        23 320
16  45  33  39  -9  26   0 0.09  0.0    0  5.4 15 200   M    M  10        19 200
17  51  40  46  -1  19   0 1.05  0.0    0  7.2 23 300   M    M  10 1      29 290
18  44  24  34 -13  31   0 0.00  0.0    0 20.7 36 270   M    M   2        42 270
19  36  20  28 -18  37   0 0.00  0.0    0 11.8 18 260   M    M   2        25 210
20  50  32  41  -5  24   0 0.00  0.0    0 12.0 22 260   M    M   5        27 260
21  37  27  32 -14  33   0 0.00  0.0    0 13.2 24 290   M    M   1        31 300
================================================================================
SM 1117  791       407   0  2.75    T    214.0          M      126
================================================================================
AV 53.2 37.7                              10.2 FASTST   M    M   6    MAX(MPH)
                                 MISC ---->  # 38 330               # 48  330
================================================================================
NOTES:
# LAST OF SEVERAL OCCURRENCES

COLUMN 17 PEAK WIND IN M.P.H.

PRELIMINARY LOCAL CLIMATOLOGICAL DATA (WS FORM: F-6) , PAGE 2

                                          STATION:  PHILADELPHIA PA
                                          MONTH:    NOVEMBER
                                          YEAR:     2014
                                          LATITUDE:   39 52 N
                                          LONGITUDE:  75 15 W

[TEMPERATURE DATA]      [PRECIPITATION DATA]       SYMBOLS USED IN COLUMN 16

AVERAGE MONTHLY: 45.4   TOTAL FOR MONTH:   2.75    1 = FOG OR MIST
DPTR FM NORMAL:  -3.7   DPTR FM NORMAL:    0.75    2 = FOG REDUCING VISIBILITY
HIGHEST:    71 ON  4    GRTST 24HR  1.13 ON 16-17      TO 1/4 MILE OR LESS
LOWEST:     20 ON 19                               3 = THUNDER
                        SNOW, ICE PELLETS, HAIL    4 = ICE PELLETS
                        TOTAL MONTH:    T          5 = HAIL
                        GRTST 24HR    T  ON 14-14  6 = FREEZING RAIN OR DRIZZLE
                        GRTST DEPTH:   0           7 = DUSTSTORM OR SANDSTORM:
                                                       VSBY 1/2 MILE OR LESS
                                                   8 = SMOKE OR HAZE
[NO. OF DAYS WITH]      [WEATHER - DAYS WITH]      9 = BLOWING SNOW
                                                   X = TORNADO
MAX 32 OR BELOW:   0    0.01 INCH OR MORE:   6
MAX 90 OR ABOVE:   0    0.10 INCH OR MORE:   4
MIN 32 OR BELOW:   5    0.50 INCH OR MORE:   3
MIN  0 OR BELOW:   0    1.00 INCH OR MORE:   1

[HDD (BASE 65) ]
TOTAL THIS MO.   407    CLEAR  (SCALE 0-3)   5
DPTR FM NORMAL    74    PTCLDY (SCALE 4-7)  10
TOTAL FM JUL 1   597    CLOUDY (SCALE 8-10)  6
DPTR FM NORMAL   -29

[CDD (BASE 65) ]
TOTAL THIS MO.     0
DPTR FM NORMAL     0    [PRESSURE DATA]
TOTAL FM JAN 1  1311    HIGHEST SLP M ON M
DPTR FM NORMAL    11    LOWEST  SLP 29.52 ON 17

[REMARKS]
