000
CXUS51 KPHI 250800
CF6PHL
PRELIMINARY LOCAL CLIMATOLOGICAL DATA (WS FORM: F-6)

                                          STATION:   PHILADELPHIA PA
                                          MONTH:     MAY
                                          YEAR:      2017
                                          LATITUDE:   39 52 N
                                          LONGITUDE:  75 15 W

  TEMPERATURE IN F:       :PCPN:    SNOW:  WIND      :SUNSHINE: SKY     :PK WND
================================================================================
1   2   3   4   5  6A  6B    7    8   9   10  11  12  13   14  15   16   17  18
                                     12Z  AVG MX 2MIN
DY MAX MIN AVG DEP HDD CDD  WTR  SNW DPTH SPD SPD DIR MIN PSBL S-S WX    SPD DR
================================================================================

 1  83  52  68   9   0   3 0.00  0.0    0 12.0 25 190   M    M   9 1      33 200
 2  77  67  72  12   0   7    T  0.0    0 17.3 33 260   M    M   7        41 250
 3  67  53  60   0   5   0 0.00  0.0    0 14.5 28 290   M    M   4        35 330
 4  66  47  57  -3   8   0    T  0.0    0 10.8 17 110   M    M   7        27 120
 5  70  53  62   2   3   0 1.47  0.0    0 11.2 22 130   M    M   9 13     27 140
 6  67  53  60  -1   5   0    T  0.0    0 14.8 24 210   M    M   9        29 210
 7  57  47  52  -9  13   0 0.03  0.0    0 12.0 28 270   M    M   7        36 280
 8  61  43  52  -9  13   0 0.00  0.0    0 10.1 20 280   M    M   5        29 250
 9  64  45  55  -7  10   0 0.00  0.0    0  7.0 16 300   M    M   6        22 340
10  70  51  61  -1   4   0 0.00  0.0    0  5.9 17 330   M    M   8        21 340
11  62  50  56  -6   9   0    T  0.0    0  7.0 14  80   M    M   9        17  90
12  61  49  55  -8  10   0    T  0.0    0  8.0 14  80   M    M   9        19  40
13  54  49  52 -11  13   0 1.79  0.0    0 13.2 26  30   M    M  10 1      37 360
14  74  48  61  -2   4   0    T  0.0    0 11.5 28  20   M    M   6        38  30
15  73  51  62  -2   3   0 0.00  0.0    0 15.0 28 310   M    M   2        41 320
16  81  52  67   3   0   2 0.00  0.0    0  7.4 17 240   M    M   4        22 320
17  91  58  75  11   0  10 0.00  0.0    0  6.9 16 220   M    M   3        21 200
18  93  72  83  19   0  18 0.00  0.0    0 10.8 18 220   M    M   7        25 220
19  93  72  83  18   0  18 0.00  0.0    0 12.3 21 270   M    M   5        30 250
20  76  52  64  -1   1   0    T  0.0    0 10.1 20  80   M    M   9        29  30
21  73  50  62  -3   3   0 0.00  0.0    0  8.5 17 120   M    M   7        22 120
22  66  55  61  -5   4   0 0.51  0.0    0  4.4 10 290   M    M  10 1      17 330
23  68  60  64  -2   1   0    T  0.0    0  6.4 14  50   M    M  10 1      19  10
24  72  57  65  -1   0   0    T  0.0    0  9.8 17  80   M    M  10        22  90
================================================================================
SM 1719 1286       109  58  3.80     0.0 246.9          M      172
================================================================================
AV 71.6 53.6                              10.3 FASTST   M    M   7    MAX(MPH)
                                 MISC ---->  # 33 260               # 41  250
================================================================================
NOTES:
# LAST OF SEVERAL OCCURRENCES

COLUMN 17 PEAK WIND IN M.P.H.

PRELIMINARY LOCAL CLIMATOLOGICAL DATA (WS FORM: F-6) , PAGE 2

                                          STATION:  PHILADELPHIA PA
                                          MONTH:    MAY
                                          YEAR:     2017
                                          LATITUDE:   39 52 N
                                          LONGITUDE:  75 15 W

[TEMPERATURE DATA]      [PRECIPITATION DATA]       SYMBOLS USED IN COLUMN 16

AVERAGE MONTHLY: 62.6   TOTAL FOR MONTH:   3.80    1 = FOG OR MIST
DPTR FM NORMAL:  -0.1   DPTR FM NORMAL:    0.96    2 = FOG REDUCING VISIBILITY
HIGHEST:    93 ON 19,18 GRTST 24HR  1.79 ON 13-13      TO 1/4 MILE OR LESS
LOWEST:     43 ON  8                               3 = THUNDER
                        SNOW, ICE PELLETS, HAIL    4 = ICE PELLETS
                        TOTAL MONTH:   0.0 INCH    5 = HAIL
                        GRTST 24HR     0.0         6 = FREEZING RAIN OR DRIZZLE
                        GRTST DEPTH:   0           7 = DUSTSTORM OR SANDSTORM:
                                                       VSBY 1/2 MILE OR LESS
                                                   8 = SMOKE OR HAZE
[NO. OF DAYS WITH]      [WEATHER - DAYS WITH]      9 = BLOWING SNOW
                                                   X = TORNADO
MAX 32 OR BELOW:   0    0.01 INCH OR MORE:   4
MAX 90 OR ABOVE:   3    0.10 INCH OR MORE:   3
MIN 32 OR BELOW:   0    0.50 INCH OR MORE:   3
MIN  0 OR BELOW:   0    1.00 INCH OR MORE:   2

[HDD (BASE 65) ]
TOTAL THIS MO.   109    CLEAR  (SCALE 0-3)   2
DPTR FM NORMAL    10    PTCLDY (SCALE 4-7)  12
TOTAL FM JUL 1  3838    CLOUDY (SCALE 8-10) 10
DPTR FM NORMAL  -751

[CDD (BASE 65) ]
TOTAL THIS MO.    58
DPTR FM NORMAL    11    [PRESSURE DATA]
TOTAL FM JAN 1    98    HIGHEST SLP M ON M
DPTR FM NORMAL    38    LOWEST  SLP 29.37 ON  6

[REMARKS]
