000
CXUS53 KUNR 290945
CF6PHP
PRELIMINARY LOCAL CLIMATOLOGICAL DATA (WS FORM: F-6)

                                          STATION:   PHILIP SD
                                          MONTH:     MAY
                                          YEAR:      2016
                                          LATITUDE:   44  3 N
                                          LONGITUDE: 101 36 W

  TEMPERATURE IN F:       :PCPN:    SNOW:  WIND      :SUNSHINE: SKY     :PK WND
================================================================================
1   2   3   4   5  6A  6B    7    8   9   10  11  12  13   14  15   16   17  18
                                     12Z  AVG MX 2MIN
DY MAX MIN AVG DEP HDD CDD  WTR  SNW DPTH SPD SPD DIR MIN PSBL S-S WX    SPD DR
================================================================================

 1  62  30  46  -6  19   0 0.00    M    M  8.9 21  10   M    M   0        26  10
 2  67  33  50  -2  15   0 0.07    M    M  7.3 29  30   M    M   3 12     36  20
 3  77  33  55   2  10   0 0.00    M    M  8.6 21 340   M    M   1 12     30 340
 4  77  36  57   4   8   0 0.00    M    M  5.3 14 150   M    M   0        17 150
 5  89  51  70  17   0   5 0.00    M    M  6.9 15 170   M    M   0 1      21 130
 6  83  48  66  12   0   1 0.00    M    M  9.5 26  40   M    M   0        33  30
 7  66  49  58   4   7   0    T    M    M  8.7 21  80   M    M   3        25  80
 8  66  50  58   4   7   0    T    M    M  8.4 18 150   M    M   7        22 150
 9  61  50  56   1   9   0 0.44    M    M  8.6 22 230   M    M   9 1      28 210
10  64  38  51  -4  14   0 0.08    M    M  8.5 20 310   M    M   5        23 290
11  57  35  46 -10  19   0 0.00    M    M 15.9 37 290   M    M   5        46 300
12  69  32  51  -5  14   0 0.00    M    M 10.4 26  10   M    M   0        34  10
13  53  32  43 -13  22   0 0.01    M    M 18.4 32  40   M    M   7 1      40 340
14  59  26  43 -13  22   0 0.00    M    M  7.5 15 290   M    M   1        19 300
15  65  29  47 -10  18   0 0.00    M    M  6.1 21 190   M    M   3        26 190
16  64  39  52  -5  13   0 0.00    M    M  5.1 12 160   M    M   1        16  80
17  69  35  52  -6  13   0 0.00    M    M  5.1 14 110   M    M   1        19 140
18  75  33  54  -4  11   0 0.00    M    M  8.0 24 190   M    M   1        28 190
19  80  48  64   6   1   0    T    M    M 14.0 24 170   M    M   1 3      31 180
20  73  51  62   3   3   0 0.17    M    M 14.2 25 150   M    M   2 3      30 140
21  69  56  63   4   2   0 0.00    M    M 14.7 28 170   M    M   9        35 150
22  84  54  69  10   0   4    T    M    M  9.0 30 290   M    M   7        36 290
23  78  45  62   2   3   0 0.00    M    M  8.9 21 210   M    M   0        27 220
24  78  40  59  -1   6   0 0.39    M    M  9.9 35 310   M    M   1 13     42 310
25  74  48  61   1   4   0 0.18    M    M  7.4 35 310   M    M   1 138    43 310
26  76  44  60   0   5   0 0.00    M    M  4.5 16 340   M    M   1        19 340
27  69  48  59  -2   6   0    T    M    M  6.3 16 350   M    M   5        22 330
28  76  46  61   0   4   0 0.00    M    M  4.9 22 330   M    M   1        27 330
================================================================================
SM 1980 1159       255  10  1.34    M    251.0          M       75
================================================================================
AV 70.7 41.4                               9.0 FASTST   M    M   3    MAX(MPH)
                                 MISC ---->  # 37 290               # 46  300
================================================================================
NOTES:
# LAST OF SEVERAL OCCURRENCES

COLUMN 17 PEAK WIND IN M.P.H.

PRELIMINARY LOCAL CLIMATOLOGICAL DATA (WS FORM: F-6) , PAGE 2

                                          STATION:  PHILIP SD
                                          MONTH:    MAY
                                          YEAR:     2016
                                          LATITUDE:   44  3 N
                                          LONGITUDE: 101 36 W

[TEMPERATURE DATA]      [PRECIPITATION DATA]       SYMBOLS USED IN COLUMN 16

AVERAGE MONTHLY: 56.1   TOTAL FOR MONTH:   1.34    1 = FOG OR MIST
DPTR FM NORMAL:  -0.6   DPTR FM NORMAL:   -1.40    2 = FOG REDUCING VISIBILITY
HIGHEST:    89 ON  5    GRTST 24HR  0.57 ON 24-25      TO 1/4 MILE OR LESS
LOWEST:     26 ON 14                               3 = THUNDER
                        SNOW, ICE PELLETS, HAIL    4 = ICE PELLETS
                        TOTAL MONTH:    M          5 = HAIL
                        GRTST 24HR    M  ON   M    6 = FREEZING RAIN OR DRIZZLE
                        GRTST DEPTH:  M  ON   M    7 = DUSTSTORM OR SANDSTORM:
                                                       VSBY 1/2 MILE OR LESS
                                                   8 = SMOKE OR HAZE
[NO. OF DAYS WITH]      [WEATHER - DAYS WITH]      9 = BLOWING SNOW
                                                   X = TORNADO
MAX 32 OR BELOW:   0    0.01 INCH OR MORE:   7
MAX 90 OR ABOVE:   0    0.10 INCH OR MORE:   4
MIN 32 OR BELOW:   5    0.50 INCH OR MORE:   0
MIN  0 OR BELOW:   0    1.00 INCH OR MORE:   0

[HDD (BASE 65) ]
TOTAL THIS MO.   255    CLEAR  (SCALE 0-3)  20
DPTR FM NORMAL     2    PTCLDY (SCALE 4-7)   6
TOTAL FM JUL 1  6306    CLOUDY (SCALE 8-10)  2
DPTR FM NORMAL  -814

[CDD (BASE 65) ]
TOTAL THIS MO.    10
DPTR FM NORMAL   -13    [PRESSURE DATA]
TOTAL FM JAN 1    11    HIGHEST SLP M ON M
DPTR FM NORMAL   -15    LOWEST  SLP 29.32 ON  9

[REMARKS]
