000
CXUS53 KUNR 240945
CF6PHP
PRELIMINARY LOCAL CLIMATOLOGICAL DATA (WS FORM: F-6)

                                          STATION:   PHILIP SD
                                          MONTH:     JUNE
                                          YEAR:      2017
                                          LATITUDE:   44  3 N
                                          LONGITUDE: 101 36 W

  TEMPERATURE IN F:       :PCPN:    SNOW:  WIND      :SUNSHINE: SKY     :PK WND
================================================================================
1   2   3   4   5  6A  6B    7    8   9   10  11  12  13   14  15   16   17  18
                                     12Z  AVG MX 2MIN
DY MAX MIN AVG DEP HDD CDD  WTR  SNW DPTH SPD SPD DIR MIN PSBL S-S WX    SPD DR
================================================================================

 1  91  48  70   8   0   5 0.00    M    M 12.3 24 150   M    M   0        33 140
 2  99  59  79  16   0  14 0.05    M    M 11.3 28 350   M    M   2 3      34 360
 3  89  53  71   8   0   6 0.00    M    M  6.5 17 350   M    M   1        23 340
 4  91  46  69   6   0   4 0.00    M    M  6.5 17 160   M    M   0        24 170
 5  94  51  73   9   0   8 0.18    M    M  7.8 26 360   M    M   1 13     33 360
 6  78  55  67   3   0   2 0.02    M    M  8.8 22 330   M    M   6        25 330
 7  85  50  68   4   0   3 0.00    M    M  5.5 15 170   M    M   2        19 150
 8  92  56  74   9   0   9 0.00    M    M 11.0 18 150   M    M   1        24  90
 9 103  62  83  18   0  18 0.00    M    M 13.4 29 210   M    M   0        35 210
10  88  62  75  10   0  10 0.07    M    M 11.8 33 320   M    M   0 3      42 320
11  84  57  71   5   0   6 0.28    M    M 10.1 26  10   M    M   1 13     34  10
12  88  53  71   5   0   6 0.47    M    M 15.0 33  90   M    M   4 13     40  80
13  84  59  72   6   0   7 0.33    M    M  8.0 25 240   M    M   2 13     31 240
14  83  50  67   0   0   2    T    M    M  9.7 37 310   M    M   2 3      48 310
15  85  50  68   1   0   3 0.00    M    M  6.6 15 240   M    M   1        19 240
16  80  57  69   2   0   4    T    M    M  6.4 16  20   M    M   2        20  20
17  76  49  63  -5   2   0 0.08    M    0 15.1 37 330   M    M   5 1      46 340
18  80  49  65  -3   0   0    T    M    0  9.3 20 290   M    M   3        25 290
19  85  47  66  -2   0   1 0.00    M    M 11.4 22 310   M    M   1        28 290
20  86  51  69   1   0   4    T    M    M 11.4 37 320   M    M   0 3      58 340
21  96  57  77   8   0  12    T    M    M  9.3 25 360   M    M   0 3      30 350
22  83  56  70   1   0   5    T    M    M 11.5 24 320   M    M   3        29 320
23  73  44  59 -10   6   0    T    M    0 17.7 30 330   M    M   3        39 340
================================================================================
SM 1993 1221         8 129  1.48    M    236.4          M       40
================================================================================
AV 86.7 53.1                              10.3 FASTST   M    M   2    MAX(MPH)
                                 MISC ---->  # 37 310               # 58  340
================================================================================
NOTES:
# LAST OF SEVERAL OCCURRENCES

COLUMN 17 PEAK WIND IN M.P.H.

PRELIMINARY LOCAL CLIMATOLOGICAL DATA (WS FORM: F-6) , PAGE 2

                                          STATION:  PHILIP SD
                                          MONTH:    JUNE
                                          YEAR:     2017
                                          LATITUDE:   44  3 N
                                          LONGITUDE: 101 36 W

[TEMPERATURE DATA]      [PRECIPITATION DATA]       SYMBOLS USED IN COLUMN 16

AVERAGE MONTHLY: 69.9   TOTAL FOR MONTH:   1.48    1 = FOG OR MIST
DPTR FM NORMAL:   4.0   DPTR FM NORMAL:   -0.81    2 = FOG REDUCING VISIBILITY
HIGHEST:   103 ON  9    GRTST 24HR  0.47 ON 12-12      TO 1/4 MILE OR LESS
LOWEST:     44 ON 23                               3 = THUNDER
                        SNOW, ICE PELLETS, HAIL    4 = ICE PELLETS
                        TOTAL MONTH:    M          5 = HAIL
                        GRTST 24HR    M  ON   M    6 = FREEZING RAIN OR DRIZZLE
                        GRTST DEPTH:   0           7 = DUSTSTORM OR SANDSTORM:
                                                       VSBY 1/2 MILE OR LESS
                                                   8 = SMOKE OR HAZE
[NO. OF DAYS WITH]      [WEATHER - DAYS WITH]      9 = BLOWING SNOW
                                                   X = TORNADO
MAX 32 OR BELOW:   0    0.01 INCH OR MORE:   8
MAX 90 OR ABOVE:   7    0.10 INCH OR MORE:   4
MIN 32 OR BELOW:   0    0.50 INCH OR MORE:   0
MIN  0 OR BELOW:   0    1.00 INCH OR MORE:   0

[HDD (BASE 65) ]
TOTAL THIS MO.     8    CLEAR  (SCALE 0-3)  18
DPTR FM NORMAL   -49    PTCLDY (SCALE 4-7)   5
TOTAL FM JUL 1  6660    CLOUDY (SCALE 8-10)  0
DPTR FM NORMAL  -531

[CDD (BASE 65) ]
TOTAL THIS MO.   129
DPTR FM NORMAL    50    [PRESSURE DATA]
TOTAL FM JAN 1   142    HIGHEST SLP M ON M
DPTR FM NORMAL    36    LOWEST  SLP 29.08 ON  9

[REMARKS]
