000
CXUS55 KPIH 211200
CF6PIH

PRELIMINARY LOCAL CLIMATOLOGICAL DATA (WS FORM: F-6)

                                          STATION:   POCATELLO ID
                                          MONTH:     DECEMBER
                                          YEAR:      2014
                                          LATITUDE:   42 55 N
                                          LONGITUDE: 112 36 W

  TEMPERATURE IN F:       :PCPN:    SNOW:  WIND      :SUNSHINE: SKY     :PK WND
================================================================================
1   2   3   4   5  6A  6B    7    8   9   10  11  12  13   14  15   16   17  18
                                     12Z  AVG MX 2MIN
DY MAX MIN AVG DEP HDD CDD  WTR  SNW DPTH SPD SPD DIR MIN PSBL S-S WX    SPD DR
================================================================================

 1  44  24  34   7  31   0 0.02  0.6    0  6.6 21 200   0    M  10 1      26 190
 2  50  31  41  14  24   0 0.00  0.0    0 11.2 22 220 149    M   8 1      26 210
 3  49  32  41  14  24   0 0.01    T    0  5.8 18 180   6    M   9 12     23 180
 4  51  32  42  16  23   0 0.01  0.0    0  5.9 17 190  57    M   5        21 230
 5  54  29  42  16  23   0    T  0.0    0  3.0  8  30 338    M   4 12     10  50
 6  56  29  43  17  22   0 0.01  0.0    0  7.0 16 210 183    M   5 12     22 200
 7  53  31  42  16  23   0 0.00  0.0    0  4.1 12 210 414    M   4 1      14 200
 8  47  23  35  10  30   0 0.00  0.0    0  2.3  8 340  23    M   0 12     10 340
 9  49  24  37  12  28   0 0.00  0.0    0  3.3  9 320 144    M   2 128    10 290
10  51  24  38  13  27   0 0.00  0.0    0  4.6 10 330 130    M   0 1      13  40
11  59  30  45  20  20   0 0.00  0.0    0 15.3 36 170 135    M   0        46 170
12  59  43  51  27  14   0 0.00  0.0    0 12.5 39 170   0    M   1        49 160
13  47  32  40  16  25   0 0.23  0.2    0 15.9 28 230   0    M  10 1      33 230
14  32  27  30   6  35   0 0.02  0.3    T 10.6 18 240   0    M  10 1      22 240
15  37  16  27   3  38   0 0.00  0.0    T  3.1 12 180 316    M   3        14 180
16  40  26  33   9  32   0 0.02  0.1    T  3.9 17 190   0    M   9 1      20 180
17  40  20  30   6  35   0 0.00  0.0    T  3.1  8  50 247    M   5 12     10  60
18  39  18  29   5  36   0 0.00  0.0    0  3.2 12 190  98    M   5 1      15 180
19  42  35  39  15  26   0 0.02    T    0 13.3 23 180   0    M   9        30 180
20  41  34  38  14  27   0 0.02  0.0    0 11.2 21 190  20    M  10        25 200
================================================================================
SM  940  560       543   0  0.36     1.2 145.9         2260    109
================================================================================
AV 47.0 28.0                               7.3 FASTST  113   M   5    MAX(MPH)
                                 MISC ---->  # 39 170               # 49  160
================================================================================
NOTES:
# LAST OF SEVERAL OCCURRENCES

COLUMN 17 PEAK WIND IN M.P.H.

PRELIMINARY LOCAL CLIMATOLOGICAL DATA (WS FORM: F-6) , PAGE 2

                                          STATION:  POCATELLO ID
                                          MONTH:    DECEMBER
                                          YEAR:     2014
                                          LATITUDE:   42 55 N
                                          LONGITUDE: 112 36 W

[TEMPERATURE DATA]      [PRECIPITATION DATA]       SYMBOLS USED IN COLUMN 16

AVERAGE MONTHLY: 37.5   TOTAL FOR MONTH:   0.36    1 = FOG OR MIST
DPTR FM NORMAL:  12.5   DPTR FM NORMAL:   -0.46    2 = FOG REDUCING VISIBILITY
HIGHEST:    59 ON 12,11 GRTST 24HR  0.23 ON 13-13      TO 1/4 MILE OR LESS
LOWEST:     16 ON 15                               3 = THUNDER
                        SNOW, ICE PELLETS, HAIL    4 = ICE PELLETS
                        TOTAL MONTH:   1.2 INCHES  5 = HAIL
                        GRTST 24HR   0.6 ON   M    6 = FREEZING RAIN OR DRIZZLE
                        GRTST DEPTH:   0           7 = DUSTSTORM OR SANDSTORM:
                                                       VSBY 1/2 MILE OR LESS
                                                   8 = SMOKE OR HAZE
[NO. OF DAYS WITH]      [WEATHER - DAYS WITH]      9 = BLOWING SNOW
                                                   X = TORNADO
MAX 32 OR BELOW:   1    0.01 INCH OR MORE:   9
MAX 90 OR ABOVE:   0    0.10 INCH OR MORE:   1
MIN 32 OR BELOW:  17    0.50 INCH OR MORE:   0
MIN  0 OR BELOW:   0    1.00 INCH OR MORE:   0

[HDD (BASE 65) ]
TOTAL THIS MO.   543    CLEAR  (SCALE 0-3)   6
DPTR FM NORMAL  -256    PTCLDY (SCALE 4-7)   7
TOTAL FM JUL 1  2070    CLOUDY (SCALE 8-10)  7
DPTR FM NORMAL  -457

[CDD (BASE 65) ]
TOTAL THIS MO.     0
DPTR FM NORMAL     0    [PRESSURE DATA]
TOTAL FM JAN 1   421    HIGHEST SLP M ON M
DPTR FM NORMAL    29    LOWEST  SLP 29.71 ON 12

[REMARKS]
