000
CXUS55 KPIH 251325 CCA
CF6PIH

PRELIMINARY LOCAL CLIMATOLOGICAL DATA (WS FORM: F-6)

                                          STATION:   POCATELLO ID
                                          MONTH:     SEPTEMBER
                                          YEAR:      2016
                                          LATITUDE:   42 55 N
                                          LONGITUDE: 112 36 W

  TEMPERATURE IN F:       :PCPN:    SNOW:  WIND      :SUNSHINE: SKY     :PK WND
================================================================================
1   2   3   4   5  6A  6B    7    8   9   10  11  12  13   14  15   16   17  18
                                     12Z  AVG MX 2MIN
DY MAX MIN AVG DEP HDD CDD  WTR  SNW DPTH SPD SPD DIR MIN PSBL S-S WX    SPD DR
================================================================================

 1  90  59  75  10   0  10 0.04  0.0    0  9.6 41 250   M    M   2 38     48 230
 2  79  55  67   3   0   2 0.00  0.0    0 13.0 23 270   M    M   1        30 270
 3  69  55  62  -2   3   0 0.00  0.0    0  7.9 16 220   M    M   0        21 220
 4  60  49  55  -9  10   0 0.08  0.0    0  8.0 26 280   M    M   7 1      31 280
 5  65  36  51 -12  14   0 0.00  0.0    0  7.4 17 250   M    M   4 8      23 270
 6  73  32  53 -10  12   0 0.00  0.0    0  6.0 17 260   M    M   2        20 250
 7  73  49  61  -1   4   0 0.00  0.0    0 15.4 23 250   M    M   1        30 240
 8  75  44  60  -2   5   0 0.00  0.0    0 17.1 32 250   M    M   1        40 240
 9  71  35  53  -9  12   0 0.00  0.0    0  4.7 17  20   M    M   0        21  20
10  79  30  55  -6  10   0 0.00  0.0    0  5.6 17 270   M    M   0        21 270
11  84  36  60  -1   5   0 0.00  0.0    0 10.5 29 260   M    M   0        36 240
12  66  45  56  -4   9   0    T  0.0    0 12.7 26  30   M    M   2        33  20
13  72  43  58  -2   7   0    T  0.0    0 12.0 32 130   M    M   5        40 130
14  63  42  53  -7  12   0 0.52  0.0    0  9.4 23 230   M    M   6 13     28 230
15  66  37  52  -7  13   0 0.00  0.0    0  3.7  9 320   M    M   3        14 340
16  73  37  55  -4  10   0 0.00  0.0    0  3.6  9 170   M    M   1        13 290
17  77  39  58   0   7   0 0.00  0.0    0  8.9 23 240   M    M   1        29 240
18  78  57  68  10   0   3    T  0.0    0 15.3 31 250   M    M   6        40 250
19  82  49  66   8   0   1 0.00  0.0    0  6.7 18 280   M    M   2        22 270
20  83  46  65   8   0   0 0.00  0.0    0  6.6 17 240   M    M   0        21 250
21  76  53  65   8   0   0 0.36  0.0    0 10.7 24 180   M    M   5 1      32 180
22  57  48  53  -3  12   0 0.25  0.0    0  9.9 24 230   M    M   9 1      28 240
23  52  45  49  -7  16   0 0.84  0.0    0 11.3 22 230   M    M   9 1      25 240
24  62  44  53  -2  12   0 0.01  0.0    0 13.5 26 230   M    M   6        31 250
================================================================================
SM 1725 1065       173  16  2.10     0.0 229.5          M       73
================================================================================
AV 71.9 44.4                               9.6 FASTST   M    M   3    MAX(MPH)
                                 MISC ---->  # 41 250               # 48  230
================================================================================
NOTES:
# LAST OF SEVERAL OCCURRENCES
SNOWFALL/DEPTH ALWAYS AUGMENTED BY WFO POCATELLO

COLUMN 17 PEAK WIND IN M.P.H.

PRELIMINARY LOCAL CLIMATOLOGICAL DATA (WS FORM: F-6) , PAGE 2

                                          STATION:  POCATELLO ID
                                          MONTH:    SEPTEMBER
                                          YEAR:     2016
                                          LATITUDE:   42 55 N
                                          LONGITUDE: 112 36 W

[TEMPERATURE DATA]      [PRECIPITATION DATA]       SYMBOLS USED IN COLUMN 16

AVERAGE MONTHLY: 58.1   TOTAL FOR MONTH:   2.10    1 = FOG OR MIST
DPTR FM NORMAL:  -2.0   DPTR FM NORMAL:    1.44    2 = FOG REDUCING VISIBILITY
HIGHEST:    90 ON  1    GRTST 24HR  0.87 ON 22-23      TO 1/4 MILE OR LESS
LOWEST:     30 ON 10                               3 = THUNDER
                        SNOW, ICE PELLETS, HAIL    4 = ICE PELLETS
                        TOTAL MONTH:   0.0 INCH    5 = HAIL
                        GRTST 24HR     0.0         6 = FREEZING RAIN OR DRIZZLE
                        GRTST DEPTH:   0           7 = DUSTSTORM OR SANDSTORM:
                                                       VSBY 1/2 MILE OR LESS
                                                   8 = SMOKE OR HAZE
[NO. OF DAYS WITH]      [WEATHER - DAYS WITH]      9 = BLOWING SNOW
                                                   X = TORNADO
MAX 32 OR BELOW:   0    0.01 INCH OR MORE:   7
MAX 90 OR ABOVE:   1    0.10 INCH OR MORE:   4
MIN 32 OR BELOW:   2    0.50 INCH OR MORE:   2
MIN  0 OR BELOW:   0    1.00 INCH OR MORE:   0

[HDD (BASE 65) ]
TOTAL THIS MO.   173    CLEAR  (SCALE 0-3)  15
DPTR FM NORMAL    36    PTCLDY (SCALE 4-7)   7
TOTAL FM JUL 1   211    CLOUDY (SCALE 8-10)  2
DPTR FM NORMAL    28

[CDD (BASE 65) ]
TOTAL THIS MO.    16
DPTR FM NORMAL    -4    [PRESSURE DATA]
TOTAL FM JAN 1   415    HIGHEST SLP M ON M
DPTR FM NORMAL    25    LOWEST  SLP 29.69 ON  4

[REMARKS]
