000
CXUS55 KPIH 241200
CF6PIH

PRELIMINARY LOCAL CLIMATOLOGICAL DATA (WS FORM: F-6)

                                          STATION:   POCATELLO ID
                                          MONTH:     JANUARY
                                          YEAR:      2015
                                          LATITUDE:   42 55 N
                                          LONGITUDE: 112 36 W

  TEMPERATURE IN F:       :PCPN:    SNOW:  WIND      :SUNSHINE: SKY     :PK WND
================================================================================
1   2   3   4   5  6A  6B    7    8   9   10  11  12  13   14  15   16   17  18
                                     12Z  AVG MX 2MIN
DY MAX MIN AVG DEP HDD CDD  WTR  SNW DPTH SPD SPD DIR MIN PSBL S-S WX    SPD DR
================================================================================

 1  12  -5   4 -20  61   0    T    T    2  2.0  8 280   0    M   7 18     10 270
 2  17  -6   6 -18  59   0 0.00  0.0    2  1.7  7  30 160    M   3 18      8 350
 3  22  14  18  -6  47   0    T    T    2  2.3  9 280  17    M   8        11 270
 4  38  19  29   5  36   0    T    T    2  7.2 17 220   0    M  10 18     22 200
 5  43  33  38  14  27   0 0.01    T    0 17.5 28 210   0    M   8 1      36 210
 6  43  28  36  12  29   0 0.00  0.0    0  4.5 13 220  28    M   0 1      15 210
 7  47  24  36  12  29   0 0.00  0.0    0  4.2 10 350 417    M   1 12     12  50
 8  45  21  33   9  32   0 0.00  0.0    0  3.2 13  30 282    M   1 128    15  30
 9  32  23  28   4  37   0 0.00  0.0    0  2.0  7  30   0    M   8 12      8  10
10  33  23  28   4  37   0 0.00  0.0    0  2.8  9 250   0    M  10 12     11 260
11  35  32  34  10  31   0 0.15    T    T  2.8  7  10   0    M  10 12      9 200
12  38  30  34  10  31   0 0.04  0.3    0  8.2 21 230   0    M  10 1      24 240
13  32  27  30   6  35   0 0.00  0.0    T  8.2 14 250  96    M   9 12     17 240
14  29  27  28   4  37   0 0.00  0.0    0  4.7  8 350   0    M  10        10 350
15  35  25  30   6  35   0 0.00  0.0    0  5.8 14  10 265    M   6        16 360
16  38  25  32   8  33   0 0.15  0.6    0 13.7 30 230   0    M   9 1      38 250
17  41  25  33   9  32   0    T  0.0    T  6.7 18 180  78    M   7 12     23 180
18  54  39  47  23  18   0 0.02  0.0    0 13.8 26 180 115    M   8        33 180
19  41  29  35  11  30   0 0.00  0.0    0 11.8 21 230 285    M   5 1      26 230
20  36  22  29   5  36   0    T    T    0  5.2 14 230 182    M   7 12     17 230
21  27  16  22  -2  43   0 0.00  0.0    0  2.7  7  30 222    M   6 12      9 280
22  33  12  23  -2  42   0 0.00  0.0    0  4.3  9  40 431    M   0 1      11  40
23  32  16  24  -1  41   0 0.00  0.0    0  4.8 15 250 299    M   5        18 250
================================================================================
SM  803  499       838   0  0.37     0.9 140.1         2877    148
================================================================================
AV 34.9 21.7                               6.1 FASTST  125   M   6    MAX(MPH)
                                 MISC ---->  # 30 230               # 38  250
================================================================================
NOTES:
# LAST OF SEVERAL OCCURRENCES

COLUMN 17 PEAK WIND IN M.P.H.

PRELIMINARY LOCAL CLIMATOLOGICAL DATA (WS FORM: F-6) , PAGE 2

                                          STATION:  POCATELLO ID
                                          MONTH:    JANUARY
                                          YEAR:     2015
                                          LATITUDE:   42 55 N
                                          LONGITUDE: 112 36 W

[TEMPERATURE DATA]      [PRECIPITATION DATA]       SYMBOLS USED IN COLUMN 16

AVERAGE MONTHLY: 28.3   TOTAL FOR MONTH:   0.37    1 = FOG OR MIST
DPTR FM NORMAL:   4.2   DPTR FM NORMAL:   -0.39    2 = FOG REDUCING VISIBILITY
HIGHEST:    54 ON 18    GRTST 24HR  0.15 ON 16-16      TO 1/4 MILE OR LESS
LOWEST:     -6 ON  2                               3 = THUNDER
                        SNOW, ICE PELLETS, HAIL    4 = ICE PELLETS
                        TOTAL MONTH:   0.9 INCH    5 = HAIL
                        GRTST 24HR   0.6 ON   M    6 = FREEZING RAIN OR DRIZZLE
                        GRTST DEPTH:   2 ON  4, 3  7 = DUSTSTORM OR SANDSTORM:
                                                       VSBY 1/2 MILE OR LESS
                                                   8 = SMOKE OR HAZE
[NO. OF DAYS WITH]      [WEATHER - DAYS WITH]      9 = BLOWING SNOW
                                                   X = TORNADO
MAX 32 OR BELOW:   8    0.01 INCH OR MORE:   5
MAX 90 OR ABOVE:   0    0.10 INCH OR MORE:   2
MIN 32 OR BELOW:  21    0.50 INCH OR MORE:   0
MIN  0 OR BELOW:   2    1.00 INCH OR MORE:   0

[HDD (BASE 65) ]
TOTAL THIS MO.   838    CLEAR  (SCALE 0-3)   4
DPTR FM NORMAL  -102    PTCLDY (SCALE 4-7)   8
TOTAL FM JUL 1  3371    CLOUDY (SCALE 8-10) 11
DPTR FM NORMAL  -554

[CDD (BASE 65) ]
TOTAL THIS MO.     0
DPTR FM NORMAL     0    [PRESSURE DATA]
TOTAL FM JAN 1     0    HIGHEST SLP M ON M
DPTR FM NORMAL     0    LOWEST  SLP 30.08 ON 10

[REMARKS]
