000
CXUS54 KBRO 260900
CF6PIL
PRELIMINARY LOCAL CLIMATOLOGICAL DATA (WS FORM: F-6)

                                          STATION:   BAYVIEW
                                          MONTH:     JUNE
                                          YEAR:      2017
                                          LATITUDE:   26 10 N
                                          LONGITUDE:  97 20 W

  TEMPERATURE IN F:       :PCPN:    SNOW:  WIND      :SUNSHINE: SKY     :PK WND
================================================================================
1   2   3   4   5  6A  6B    7    8   9   10  11  12  13   14  15   16   17  18
                                     12Z  AVG MX 2MIN
DY MAX MIN AVG DEP HDD CDD  WTR  SNW DPTH SPD SPD DIR MIN PSBL S-S WX    SPD DR
================================================================================

 1  91  76  84   1   0  19    T  0.0    0 11.3 22 130   M    M   4        26 110
 2  90  76  83   0   0  18 0.00  0.0    0  9.0 17 100   M    M   1        21  90
 3  89  74  82  -1   0  17 0.00  0.0    0  7.0 18 120   M    M   0        23 110
 4  92  76  84   1   0  19 0.00  0.0    0  7.7 17 110   M    M   1        26 190
 5  94  74  84   1   0  19 0.45  0.0    0  6.9 44 360   M    M   1 13     58 360
 6  91  75  83  -1   0  18    T  0.0    0  7.2 15  50   M    M   1        18 340
 7  91  75  83  -1   0  18 0.00  0.0    0  9.7 21  30   M    M   0 1      34  90
 8  91  71  81  -3   0  16 0.00  0.0    0  7.6 16 110   M    M   0        20 110
 9  91  74  83  -1   0  18 0.00  0.0    0 10.5 20 120   M    M   1        24 100
10  90  74  82  -2   0  17 0.00  0.0    0 13.0 24 110   M    M   2        30 110
11  89  76  83  -1   0  18 0.00  0.0    0 12.2 21 110   M    M   1        26 110
12  91  75  83  -1   0  18 0.00  0.0    0 11.6 22 100   M    M   1        27 110
13  92  80  86   2   0  21    T  0.0    0 15.4 23 130   M    M   2 8      31 330
14  92  80  86   2   0  21 0.00  0.0    0 16.4 24 140   M    M   3 8      32 130
15  94  80  87   3   0  22 0.00  0.0    0 15.7 25 130   M    M   3 8      32 130
16  96  79  88   4   0  23 0.00  0.0    0 14.8 24 140   M    M   2 8      33 140
17  97  81  89   5   0  24 0.00  0.0    0 17.6 26 170   M    M   1 8      34 160
18  96  81  89   5   0  24 0.00  0.0    0 17.2 25 130   M    M   2        32 130
19  91  76  84  -1   0  19 0.00  0.0    0 10.8 18  60   M    M   1        23  80
20  94  76  85   0   0  20 0.00  0.0    0 10.3 21  40   M    M   1        28 360
21  97  77  87   2   0  22 0.00  0.0    0  9.6 22  20   M    M   1        28  10
22 102  78  90   5   0  25 0.00  0.0    0 16.2 28 160   M    M   2 8      36 160
23  97  82  90   5   0  25 0.00  0.0    0 17.2 25 160   M    M   2 8      32 140
24  93  82  88   3   0  23    T  0.0    0 13.4 21 110   M    M   3 1      28 120
25  91  77  84  -1   0  19 0.11  0.0    0  8.3 16  70   M    M   3 13     22  80
================================================================================
SM 2322 1925         0 503  0.56     0.0 296.6          M       39
================================================================================
AV 92.9 77.0                              11.9 FASTST   M    M   2    MAX(MPH)
                                 MISC ---->  # 44 360               # 58  360
================================================================================
NOTES:
# LAST OF SEVERAL OCCURRENCES

COLUMN 17 PEAK WIND IN M.P.H.

PRELIMINARY LOCAL CLIMATOLOGICAL DATA (WS FORM: F-6) , PAGE 2

                                          STATION:  BAYVIEW
                                          MONTH:    JUNE
                                          YEAR:     2017
                                          LATITUDE:   26 10 N
                                          LONGITUDE:  97 20 W

[TEMPERATURE DATA]      [PRECIPITATION DATA]       SYMBOLS USED IN COLUMN 16

AVERAGE MONTHLY: 84.9   TOTAL FOR MONTH:   0.56    1 = FOG OR MIST
DPTR FM NORMAL:   0.9   DPTR FM NORMAL:   -1.37    2 = FOG REDUCING VISIBILITY
HIGHEST:   102 ON 22    GRTST 24HR  0.45 ON  5- 5      TO 1/4 MILE OR LESS
LOWEST:     71 ON  8                               3 = THUNDER
                        SNOW, ICE PELLETS, HAIL    4 = ICE PELLETS
                        TOTAL MONTH:   0.0 INCH    5 = HAIL
                        GRTST 24HR     0.0         6 = FREEZING RAIN OR DRIZZLE
                        GRTST DEPTH:   0           7 = DUSTSTORM OR SANDSTORM:
                                                       VSBY 1/2 MILE OR LESS
                                                   8 = SMOKE OR HAZE
[NO. OF DAYS WITH]      [WEATHER - DAYS WITH]      9 = BLOWING SNOW
                                                   X = TORNADO
MAX 32 OR BELOW:   0    0.01 INCH OR MORE:   2
MAX 90 OR ABOVE:  23    0.10 INCH OR MORE:   2
MIN 32 OR BELOW:   0    0.50 INCH OR MORE:   0
MIN  0 OR BELOW:   0    1.00 INCH OR MORE:   0

[HDD (BASE 65) ]
TOTAL THIS MO.     0    CLEAR  (SCALE 0-3)  23
DPTR FM NORMAL     0    PTCLDY (SCALE 4-7)   2
TOTAL FM JUL 1   226    CLOUDY (SCALE 8-10)  0
DPTR FM NORMAL  -322

[CDD (BASE 65) ]
TOTAL THIS MO.   503
DPTR FM NORMAL    27    [PRESSURE DATA]
TOTAL FM JAN 1  2060    HIGHEST SLP 30.08 ON 25
DPTR FM NORMAL   528    LOWEST  SLP 29.62 ON 21

[REMARKS]
