000
CXUS51 KPBZ 201004
CF6PIT
PRELIMINARY LOCAL CLIMATOLOGICAL DATA (WS FORM: F-6)

                                          STATION:   PITTSBURGH PA
                                          MONTH:     DECEMBER
                                          YEAR:      2014
                                          LATITUDE:   40 30 N
                                          LONGITUDE:  80 13 W

  TEMPERATURE IN F:       :PCPN:    SNOW:  WIND      :SUNSHINE: SKY     :PK WND
================================================================================
1   2   3   4   5  6A  6B    7    8   9   10  11  12  13   14  15   16   17  18
                                     12Z  AVG MX 2MIN
DY MAX MIN AVG DEP HDD CDD  WTR  SNW DPTH SPD SPD DIR MIN PSBL S-S WX    SPD DR
================================================================================

 1  62  28  45   8  20   0 0.23  0.1    0 11.3 21 330   M    M   9 15     25  10
 2  42  26  34  -3  31   0 0.11  0.0    0  6.9 14  90   M    M   9 16     19  90
 3  42  30  36   0  29   0    T  0.0    0  8.1 21 260   M    M   7 1      30 280
 4  35  26  31  -5  34   0 0.00  0.0    0  3.3  8 230   M    M   7 1      12 220
 5  42  30  36   0  29   0 0.54  0.0    0  3.9  8 120   M    M  10 16      9  80
 6  43  34  39   4  26   0 0.96  0.0    0 10.1 22 360   M    M   9 1      29 360
 7  40  28  34  -1  31   0 0.00  0.0    0  7.3 17  10   M    M   6        23  10
 8  40  29  35   1  30   0 0.00  0.0    0  8.2 18 120   M    M  10        23 120
 9  45  32  39   5  26   0    T  0.0    0  6.8 18 320   M    M   9 1      23 330
10  37  29  33  -1  32   0    T    T    0 17.2 25 300   M    M  10 1      31 300
11  33  25  29  -5  36   0    T    T    0 15.0 24 280   M    M  10        32 280
12  32  26  29  -4  36   0 0.00  0.0    0  8.6 18 300   M    M   9 18     23 290
13  37  27  32  -1  33   0    T  0.0    0  7.4 14 220   M    M  10 16     18 230
14  44  37  41   9  24   0    T    M    0  6.5 13 230   M    M  10 1      21 240
15  48  35  42  10  23   0    T    M    0  4.0 12 110   M    M  10 128    14 110
16  53  36  45  13  20   0 0.12    M    0  7.8 18 260   M    M  10 1      25 260
17  42  28  35   3  30   0    T    T    0 12.8 22 300   M    M  10 1      29 280
18  29  28  29  -2  36   0    T  0.1    0  8.9 18 300   M    M  10        23 300
19  31  27  29  -2  36   0    T    T    0  6.9 12 310   M    M  10 16     15 300
================================================================================
SM  777  561       562   0  1.96     0.2 161.0          M      175
================================================================================
AV 40.9 29.5                               8.5 FASTST   M    M   9    MAX(MPH)
                                 MISC ---->  # 25 300               # 32  280
================================================================================
NOTES:
# LAST OF SEVERAL OCCURRENCES

COLUMN 17 PEAK WIND IN M.P.H.

PRELIMINARY LOCAL CLIMATOLOGICAL DATA (WS FORM: F-6) , PAGE 2

                                          STATION:  PITTSBURGH PA
                                          MONTH:    DECEMBER
                                          YEAR:     2014
                                          LATITUDE:   40 30 N
                                          LONGITUDE:  80 13 W

[TEMPERATURE DATA]      [PRECIPITATION DATA]       SYMBOLS USED IN COLUMN 16

AVERAGE MONTHLY: 35.2   TOTAL FOR MONTH:   1.96    1 = FOG OR MIST
DPTR FM NORMAL:   1.3   DPTR FM NORMAL:    0.18    2 = FOG REDUCING VISIBILITY
HIGHEST:    62 ON  1    GRTST 24HR  1.44 ON  5- 6      TO 1/4 MILE OR LESS
LOWEST:     25 ON 11                               3 = THUNDER
                        SNOW, ICE PELLETS, HAIL    4 = ICE PELLETS
                        TOTAL MONTH:   0.2 INCH    5 = HAIL
                        GRTST 24HR   0.1 ON   M    6 = FREEZING RAIN OR DRIZZLE
                        GRTST DEPTH:   0           7 = DUSTSTORM OR SANDSTORM:
                                                       VSBY 1/2 MILE OR LESS
                                                   8 = SMOKE OR HAZE
[NO. OF DAYS WITH]      [WEATHER - DAYS WITH]      9 = BLOWING SNOW
                                                   X = TORNADO
MAX 32 OR BELOW:   3    0.01 INCH OR MORE:   5
MAX 90 OR ABOVE:   0    0.10 INCH OR MORE:   5
MIN 32 OR BELOW:  15    0.50 INCH OR MORE:   2
MIN  0 OR BELOW:   0    1.00 INCH OR MORE:   0

[HDD (BASE 65) ]
TOTAL THIS MO.   562    CLEAR  (SCALE 0-3)   0
DPTR FM NORMAL   -29    PTCLDY (SCALE 4-7)   3
TOTAL FM JUL 1  1800    CLOUDY (SCALE 8-10) 16
DPTR FM NORMAL    46

[CDD (BASE 65) ]
TOTAL THIS MO.     0
DPTR FM NORMAL     0    [PRESSURE DATA]
TOTAL FM JAN 1   700    HIGHEST SLP M ON M
DPTR FM NORMAL   -36    LOWEST  SLP 29.75 ON 16

[REMARKS]
