000
CXUS55 KLOX 231655
CF6PMD
PRELIMINARY LOCAL CLIMATOLOGICAL DATA (WS FORM: F-6)

                                          STATION:   PALMDALE AIRPORT CA
                                          MONTH:     JANUARY
                                          YEAR:      2018
                                          LATITUDE:   34 37 N
                                          LONGITUDE: 118  5 W

  TEMPERATURE IN F:       :PCPN:    SNOW:  WIND      :SUNSHINE: SKY     :PK WND
================================================================================
1   2   3   4   5  6A  6B    7    8   9   10  11  12  13   14  15   16   17  18
                                     12Z  AVG MX 2MIN
DY MAX MIN AVG DEP HDD CDD  WTR  SNW DPTH SPD SPD DIR MIN PSBL S-S WX    SPD DR
================================================================================

 1  67  34  51   7  14   0 0.00  0.0    0  4.3 18 330   M    M   0        20 330
 2  70  43  57  13   8   0 0.00  0.0    0  3.6 13  30   M    M   0         M  M
 3  60  36  48   4  17   0 0.00  0.0    0  3.8 16 320   M    M   2        20 330
 4  72  37  55  11  10   0 0.00  0.0    0  8.2 20 230   M    M   1         M  M
 5  72  43  58  14   7   0 0.00  0.0    0  4.5 20 260   M    M   0 1      36 230
 6  71  48  60  16   5   0 0.00  0.0    0 12.8 26 260   M    M   1        39 220
 7  67  38  53   9  12   0 0.00  0.0    0  4.1 13 310   M    M   0        21 330
 8  54  48  51   7  14   0 0.36    M    0  2.6  8 300   M    M   9 1      14  40
 9  54  43  49   5  16   0 0.23    M    0  9.6 32 240   M    M   6 12     42 150
10  59  42  51   6  14   0 0.00  0.0    0 12.7 30 290   M    M   0        35 300
11  64  37  51   6  14   0 0.00  0.0    0  3.6 17 320   M    M   0        21 320
12  68  41  55  10  10   0 0.00  0.0    0  5.2 16  50   M    M   0        18  50
13  68  38  53   8  12   0 0.00  0.0    0  4.6 16  30   M    M   0 1      19  30
14  67  37  52   7  13   0 0.00  0.0    0  2.9  9 190   M    M   0        11 330
15  67  37  52   7  13   0 0.00  0.0    0  2.3 10 260   M    M   0        11 260
16  72  44  58  13   7   0 0.00  0.0    0  5.7 24 290   M    M   0        35 300
17  68  40  54   9  11   0 0.00  0.0    0  3.5 10 190   M    M   0         M  M
18  74  40  57  12   8   0 0.00  0.0    0  7.1 23 240   M    M   0         M  M
19  59  42  51   6  14   0 0.01    M    0 18.0 32 290   M    M   4 1      40 290
20  49  37  43  -2  22   0 0.00  0.0    0 16.8 38 300   M    M   1        43 300
21  53  27  40  -5  25   0 0.00  0.0    0  4.6  9 300   M    M   0        12  20
22  57  30  44  -1  21   0 0.00  0.0    0  4.3  9  10   M    M   0        13  10
================================================================================
SM 1412  862       287   0  0.60     0.0 144.7          M       24
================================================================================
AV 64.2 39.2                               6.6 FASTST   M    M   1    MAX(MPH)
                                 MISC ---->  # 38 300               # 43  300
================================================================================
NOTES:
# LAST OF SEVERAL OCCURRENCES

COLUMN 17 PEAK WIND IN M.P.H.

PRELIMINARY LOCAL CLIMATOLOGICAL DATA (WS FORM: F-6) , PAGE 2

                                          STATION:  PALMDALE AIRPORT CA
                                          MONTH:    JANUARY
                                          YEAR:     2018
                                          LATITUDE:   34 37 N
                                          LONGITUDE: 118  5 W

[TEMPERATURE DATA]      [PRECIPITATION DATA]       SYMBOLS USED IN COLUMN 16

AVERAGE MONTHLY: 51.7   TOTAL FOR MONTH:   0.60    1 = FOG OR MIST
DPTR FM NORMAL:   7.1   DPTR FM NORMAL:   -0.62    2 = FOG REDUCING VISIBILITY
HIGHEST:    74 ON 18    GRTST 24HR  0.36 ON  8- 8      TO 1/4 MILE OR LESS
LOWEST:     27 ON 21                               3 = THUNDER
                        SNOW, ICE PELLETS, HAIL    4 = ICE PELLETS
                        TOTAL MONTH:   0.0 INCH    5 = HAIL
                        GRTST 24HR     0.0         6 = FREEZING RAIN OR DRIZZLE
                        GRTST DEPTH:   0           7 = DUSTSTORM OR SANDSTORM:
                                                       VSBY 1/2 MILE OR LESS
                                                   8 = SMOKE OR HAZE
[NO. OF DAYS WITH]      [WEATHER - DAYS WITH]      9 = BLOWING SNOW
                                                   X = TORNADO
MAX 32 OR BELOW:   0    0.01 INCH OR MORE:   3
MAX 90 OR ABOVE:   0    0.10 INCH OR MORE:   2
MIN 32 OR BELOW:   2    0.50 INCH OR MORE:   0
MIN  0 OR BELOW:   0    1.00 INCH OR MORE:   0

[HDD (BASE 65) ]
TOTAL THIS MO.   287    CLEAR  (SCALE 0-3)  19
DPTR FM NORMAL  -162    PTCLDY (SCALE 4-7)   2
TOTAL FM JUL 1  1101    CLOUDY (SCALE 8-10)  1
DPTR FM NORMAL  -512

[CDD (BASE 65) ]
TOTAL THIS MO.     0
DPTR FM NORMAL     0    [PRESSURE DATA]
TOTAL FM JAN 1     0    HIGHEST SLP M ON M
DPTR FM NORMAL     0    LOWEST  SLP 29.55 ON  9

[REMARKS]
