000
CXUS52 KMFL 281000
CF6PMP
PRELIMINARY LOCAL CLIMATOLOGICAL DATA (WS FORM: F-6)

                                          STATION:   POMPANO BEACH ARPK
                                          MONTH:     MARCH
                                          YEAR:      2015
                                          LATITUDE:   26 14 N
                                          LONGITUDE:  80  7 W

  TEMPERATURE IN F:       :PCPN:    SNOW:  WIND      :SUNSHINE: SKY     :PK WND
================================================================================
1   2   3   4   5  6A  6B    7    8   9   10  11  12  13   14  15   16   17  18
                                     12Z  AVG MX 2MIN
DY MAX MIN AVG DEP HDD CDD  WTR  SNW DPTH SPD SPD DIR MIN PSBL S-S WX    SPD DR
================================================================================

 1  81  72  77   7   0  12 0.09  0.0    0 11.5 18  80   M    M   2 1      23  80
 2  81  73  77   7   0  12 0.00  0.0    0  9.3 14 120   M    M   2        21 100
 3  81  72  77   7   0  12 0.00  0.0    0 11.7 20 130   M    M   2        23 120
 4  82  74  78   8   0  13 0.00  0.0    0 13.2 21 120   M    M   3        25 130
 5  84  74  79   9   0  14 0.00  0.0    0 13.5 23 140   M    M   2        27 150
 6  82  70  76   6   0  11 0.00  0.0    0  7.2 17  10   M    M   3 18     23  10
 7  79  67  73   3   0   8 0.06  0.0    0 14.2 25  40   M    M   8 18     30  40
 8  79  70  75   5   0  10    T  0.0    0 14.0 22  80   M    M   8        27  60
 9  81  72  77   6   0  12    T  0.0    0 11.9 17  70   M    M   3        22  60
10  83  75  79   8   0  14    T  0.0    0 14.6 21 130   M    M   3        25 100
11  85  76  81  10   0  16 0.01  0.0    0 13.4 20 130   M    M   1 8      28 130
12  84  75  80   9   0  15    T  0.0    0 12.7 17 110   M    M   2        23  90
13  82  74  78   7   0  13 0.01  0.0    0 17.9 24 100   M    M   2        31 100
14  83  74  79   8   0  14    T  0.0    0 13.2 22 120   M    M   2        26 130
15  83  68  76   5   0  11 0.00  0.0    0  5.3 14 100   M    M   0        17  70
16  82  70  76   5   0  11 0.00  0.0    0  6.7 15  70   M    M   1        19  90
17  84  67  76   5   0  11 0.00  0.0    0  7.3 21 170   M    M   0        25 130
18  83  65  74   3   0   9 0.00  0.0    0  9.0 16 150   M    M   2 18     19 140
19  84  68  76   4   0  11 0.00  0.0    0  8.8 20 150   M    M   1 1      25 170
20  85  66  76   4   0  11 0.00  0.0    0  8.0 16 140   M    M   0 18     19 150
21  85  67  76   4   0  11 0.00  0.0    0  7.4 15 150   M    M   0 18     19 150
22  86  70  78   6   0  13 0.00  0.0    0  8.6 20 150   M    M   1 1      23 140
23  90  68  79   7   0  14 0.02  0.0    0  7.2 22 290   M    M   1 1      27 240
24  82  70  76   4   0  11 0.00  0.0    0  6.6 14 100   M    M   3 18     17 120
25  85  68  77   5   0  12 0.02  0.0    0  5.8 14 120   M    M   3 128    21 140
26  86  72  79   7   0  14 0.00  0.0    0  9.7 24 170   M    M   0        32 160
27  92  67  80   8   0  15 0.14  0.0    0 14.3 40 270   M    M   3 18     50 260
================================================================================
SM 2254 1904         0 330  0.35     0.0 283.0          M       58
================================================================================
AV 83.5 70.5                              10.5 FASTST   M    M   2    MAX(MPH)
                                 MISC ---->  # 40 270               # 50  260
================================================================================
NOTES:
# LAST OF SEVERAL OCCURRENCES

COLUMN 17 PEAK WIND IN M.P.H.

PRELIMINARY LOCAL CLIMATOLOGICAL DATA (WS FORM: F-6) , PAGE 2

                                          STATION:  POMPANO BEACH ARPK
                                          MONTH:    MARCH
                                          YEAR:     2015
                                          LATITUDE:   26 14 N
                                          LONGITUDE:  80  7 W

[TEMPERATURE DATA]      [PRECIPITATION DATA]       SYMBOLS USED IN COLUMN 16

AVERAGE MONTHLY: 77.0   TOTAL FOR MONTH:   0.35    1 = FOG OR MIST
DPTR FM NORMAL:   6.0   DPTR FM NORMAL:   -3.46    2 = FOG REDUCING VISIBILITY
HIGHEST:    92 ON 27    GRTST 24HR  0.14 ON 27-27      TO 1/4 MILE OR LESS
LOWEST:     65 ON 18                               3 = THUNDER
                        SNOW, ICE PELLETS, HAIL    4 = ICE PELLETS
                        TOTAL MONTH:   0.0 INCH    5 = HAIL
                        GRTST 24HR     0.0         6 = FREEZING RAIN OR DRIZZLE
                        GRTST DEPTH:   0           7 = DUSTSTORM OR SANDSTORM:
                                                       VSBY 1/2 MILE OR LESS
                                                   8 = SMOKE OR HAZE
[NO. OF DAYS WITH]      [WEATHER - DAYS WITH]      9 = BLOWING SNOW
                                                   X = TORNADO
MAX 32 OR BELOW:   0    0.01 INCH OR MORE:   7
MAX 90 OR ABOVE:   2    0.10 INCH OR MORE:   1
MIN 32 OR BELOW:   0    0.50 INCH OR MORE:   0
MIN  0 OR BELOW:   0    1.00 INCH OR MORE:   0

[HDD (BASE 65) ]
TOTAL THIS MO.     0    CLEAR  (SCALE 0-3)  22
DPTR FM NORMAL   -11    PTCLDY (SCALE 4-7)   5
TOTAL FM JUL 1    84    CLOUDY (SCALE 8-10)  0
DPTR FM NORMAL   -83

[CDD (BASE 65) ]
TOTAL THIS MO.   330
DPTR FM NORMAL   154    [PRESSURE DATA]
TOTAL FM JAN 1   698    HIGHEST SLP M ON M
DPTR FM NORMAL   248    LOWEST  SLP 29.83 ON 27

[REMARKS]
