000
CXUS54 KOUN 010700
CF6PNC
PRELIMINARY LOCAL CLIMATOLOGICAL DATA (WS FORM: F-6)

                                          STATION:   PONCA CITY
                                          MONTH:     MAY
                                          YEAR:      2016
                                          LATITUDE:   36 44 N
                                          LONGITUDE:  97  6 W

  TEMPERATURE IN F:       :PCPN:    SNOW:  WIND      :SUNSHINE: SKY     :PK WND
================================================================================
1   2   3   4   5  6A  6B    7    8   9   10  11  12  13   14  15   16   17  18
                                     12Z  AVG MX 2MIN
DY MAX MIN AVG DEP HDD CDD  WTR  SNW DPTH SPD SPD DIR MIN PSBL S-S WX    SPD DR
================================================================================

 1  61  44  53 -10  12   0    T  0.0    0  9.7 21 360   M    M   6        26 320
 2  63  44  54 -10  11   0 0.00  0.0    0  6.1 14  20   M    M   8        21 340
 3  73  39  56  -8   9   0 0.00  0.0    0  2.5 14 220   M    M   1 1      17 210
 4  78  46  62  -2   3   0 0.00  0.0    0  8.0 23 360   M    M   0        31 360
 5  81  40  61  -3   4   0 0.00  0.0    0  1.9 10 360   M    M   0        14 310
 6  84  46  65   0   0   0 0.00  0.0    0  6.0 16 150   M    M   0        21 160
 7  85  61  73   8   0   8    T  0.0    0  9.3 18 160   M    M   0        28 190
 8  74  63  69   4   0   4 0.07  0.0    0 12.3 23 150   M    M   3        28 170
 9  80  57  69   3   0   4 0.04  0.0    M 12.2 28 150   M    M   3        36 140
10  89  50  70   4   0   5 0.00  0.0    0  8.1 17 150   M    M   0 1      22 150
11  82  62  72   6   0   7 0.00  0.0    0  8.9 17  30   M    M   1 8      27 160
12  79  54  67   1   0   2 0.00  0.0    0  7.2 20  10   M    M   2        23  10
13  86  53  70   3   0   5 0.30  0.0    0 10.9 28 360   M    M   2 1      36 350
14  64  46  55 -12  10   0 0.00  0.0    0 10.1 29  20   M    M   4        36  30
15  66  51  59  -8   6   0 0.01  0.0    0  7.3 16 130   M    M   8        22 120
16  63  55  59  -9   6   0 1.05  0.0    0  9.5 23 140   M    M  10 1      29 140
17  62  53  58 -10   7   0 1.70  0.0    0 15.7 29  80   M    M  10 1      36  80
18  69  45  57 -11   8   0 0.00  0.0    0  8.8 21 100   M    M   3        27  80
19  64  47  56 -12   9   0 0.02  0.0    0  6.8 17 140   M    M   6        21 130
20  71  56  64  -5   1   0 0.00  0.0    0  4.4 12 120   M    M   9        15 130
21  80  60  70   1   0   5 0.00  0.0    0 11.5 20 130   M    M   7        24 120
22  83  65  74   5   0   9 0.00  0.0    0 14.5 22 150   M    M   5        31 160
23  73  67  70   0   0   5 0.13  0.0    0 13.7 25 140   M    M   4 1      38 110
24  83  68  76   6   0  11 0.00  0.0    0 11.4 23 160   M    M   6        36 160
25  90  67  79   9   0  14 0.05  0.0    0 15.1 26 140   M    M   6        34 150
26  89  68  79   9   0  14    T  0.0    0 14.4 31 160   M    M   3 18     41 150
27  83  61  72   1   0   7 1.03  0.0    0 11.3 25 360   M    M   4 12     35 360
28  85  59  72   1   0   7 0.00  0.0    0  5.1 16 210   M    M   0        22 210
29  86  63  75   4   0  10 0.05  0.0    0  6.7 17  50   M    M   0 1      24 170
30  81  64  73   1   0   8    T  0.0    0  8.5 18 140   M    M   2        22 140
31  83  63  73   1   0   8 1.35  0.0    0  6.3 28  80   M    M   5 1      39  80
================================================================================
SM 2390 1717        86 133  5.80     0.0 284.2          M      118
================================================================================
AV 77.1 55.4                               9.2 FASTST   M    M   4    MAX(MPH)
                                 MISC ---->  # 31 160               # 41  150
================================================================================
NOTES:
# LAST OF SEVERAL OCCURRENCES

COLUMN 17 PEAK WIND IN M.P.H.

PRELIMINARY LOCAL CLIMATOLOGICAL DATA (WS FORM: F-6) , PAGE 2

                                          STATION:  PONCA CITY
                                          MONTH:    MAY
                                          YEAR:     2016
                                          LATITUDE:   36 44 N
                                          LONGITUDE:  97  6 W

[TEMPERATURE DATA]      [PRECIPITATION DATA]       SYMBOLS USED IN COLUMN 16

AVERAGE MONTHLY: 66.2   TOTAL FOR MONTH:   5.80    1 = FOG OR MIST
DPTR FM NORMAL:  -1.4   DPTR FM NORMAL:    0.99    2 = FOG REDUCING VISIBILITY
HIGHEST:    90 ON 25    GRTST 24HR  2.74 ON 16-17      TO 1/4 MILE OR LESS
LOWEST:     39 ON  3                               3 = THUNDER
                        SNOW, ICE PELLETS, HAIL    4 = ICE PELLETS
                        TOTAL MONTH:   0.0 INCH    5 = HAIL
                        GRTST 24HR     0.0         6 = FREEZING RAIN OR DRIZZLE
                        GRTST DEPTH:   0           7 = DUSTSTORM OR SANDSTORM:
                                                       VSBY 1/2 MILE OR LESS
                                                   8 = SMOKE OR HAZE
[NO. OF DAYS WITH]      [WEATHER - DAYS WITH]      9 = BLOWING SNOW
                                                   X = TORNADO
MAX 32 OR BELOW:   0    0.01 INCH OR MORE:  12
MAX 90 OR ABOVE:   1    0.10 INCH OR MORE:   6
MIN 32 OR BELOW:   0    0.50 INCH OR MORE:   4
MIN  0 OR BELOW:   0    1.00 INCH OR MORE:   4

[HDD (BASE 65) ]
TOTAL THIS MO.    86    CLEAR  (SCALE 0-3)  16
DPTR FM NORMAL    27    PTCLDY (SCALE 4-7)  11
TOTAL FM JUL 1  2960    CLOUDY (SCALE 8-10)  4
DPTR FM NORMAL -1133

[CDD (BASE 65) ]
TOTAL THIS MO.   133
DPTR FM NORMAL    -9    [PRESSURE DATA]
TOTAL FM JAN 1   176    HIGHEST SLP M ON M
DPTR FM NORMAL   -13    LOWEST  SLP 29.48 ON  9

[REMARKS]
#FINAL-05-16#
