000
CXUS56 KFGZ 240900
CF6PRC
PRELIMINARY LOCAL CLIMATOLOGICAL DATA (WS FORM: F-6)

                                          STATION:   PRESCOTT AZ AIRPORT
                                          MONTH:     SEPTEMBER
                                          YEAR:      2017
                                          LATITUDE:   34 39 N
                                          LONGITUDE: 112 26 W

  TEMPERATURE IN F:       :PCPN:    SNOW:  WIND      :SUNSHINE: SKY     :PK WND
================================================================================
1   2   3   4   5  6A  6B    7    8   9   10  11  12  13   14  15   16   17  18
                                     12Z  AVG MX 2MIN
DY MAX MIN AVG DEP HDD CDD  WTR  SNW DPTH SPD SPD DIR MIN PSBL S-S WX    SPD DR
================================================================================

 1  93  58  76   4   0  11 0.00    M    M  4.5 18 360   M    M   0        23 360
 2  90  59  75   3   0  10 0.00    M    M  5.8 17 200   M    M   0        21 190
 3  91  63  77   6   0  12 0.00    M    M  6.0 18 150   M    M   0        27 160
 4  95  62  79   8   0  14    T    M    M  7.8 26 140   M    M   2 3      31 150
 5  92  63  78   7   0  13 0.05    M    M  6.0 28  10   M    M   2 3      34  10
 6  89  61  75   4   0  10 0.08    M    M  7.2 22 240   M    M   1 3      27 240
 7  89  58  74   4   0   9 0.00    M    M  6.0 18 200   M    M   1 38     26 140
 8  82  62  72   2   0   7 0.01    M    M  5.2 20 130   M    M   3 3      29 130
 9  75  57  66  -4   0   1 0.23    M    M  4.4 15 310   M    M   6 1      19 290
10  86  55  71   1   0   6 0.11    M    M  4.0 17  70   M    M   2 38     23  50
11  90  58  74   5   0   9 0.00    M    M  5.9 16 140   M    M   1        23 150
12  90  60  75   6   0  10 0.01    M    M  5.7 21 230   M    M   3 3      24 240
13  86  58  72   3   0   7 0.04    M    M  6.9 20 230   M    M   1 3      24 220
14  80  55  68   0   0   3 0.00    M    M 11.2 35 230   M    M   3        48 200
15  78  49  64  -4   1   0 0.00    M    M  7.9 18 200   M    M   1        25 230
16  79  50  65  -3   0   0 0.00    M    M  6.3 14 220   M    M   0        19 210
17  80  51  66  -1   0   1 0.00    M    M  8.0 20 230   M    M   0        28 230
18  81  48  65  -2   0   0 0.00    M    M  6.9 21 210   M    M   0        27 220
19  79  50  65  -2   0   0 0.00    M    M  9.6 22 210   M    M   0        31 200
20  80  50  65  -1   0   0 0.00    M    M 10.2 23 200   M    M   0        31 200
21  76  54  65  -1   0   0 0.00    M    M 11.2 26 210   M    M   0        37 180
22  70  44  57  -9   8   0 0.00  0.0    0 10.8 24 200   M    M   1        33 200
23  67  38  53 -12  12   0 0.00    M    M  7.9 20 250   M    M   0        27 250
================================================================================
SM 1918 1263        21 123  0.53     0.0 165.4          M       27
================================================================================
AV 83.4 54.9                               7.2 FASTST   M    M   1    MAX(MPH)
                                 MISC ---->  # 35 230               # 48  200
================================================================================
NOTES:
# LAST OF SEVERAL OCCURRENCES

COLUMN 17 PEAK WIND IN M.P.H.

PRELIMINARY LOCAL CLIMATOLOGICAL DATA (WS FORM: F-6) , PAGE 2

                                          STATION:  PRESCOTT AZ AIRPORT
                                          MONTH:    SEPTEMBER
                                          YEAR:     2017
                                          LATITUDE:   34 39 N
                                          LONGITUDE: 112 26 W

[TEMPERATURE DATA]      [PRECIPITATION DATA]       SYMBOLS USED IN COLUMN 16

AVERAGE MONTHLY: 69.2   TOTAL FOR MONTH:   0.53    1 = FOG OR MIST
DPTR FM NORMAL:   0.3   DPTR FM NORMAL:   -0.69    2 = FOG REDUCING VISIBILITY
HIGHEST:    95 ON  4    GRTST 24HR  0.23 ON  9- 9      TO 1/4 MILE OR LESS
LOWEST:     38 ON 23                               3 = THUNDER
                        SNOW, ICE PELLETS, HAIL    4 = ICE PELLETS
                        TOTAL MONTH:   0.0 INCH    5 = HAIL
                        GRTST 24HR     0.0         6 = FREEZING RAIN OR DRIZZLE
                        GRTST DEPTH:   0           7 = DUSTSTORM OR SANDSTORM:
                                                       VSBY 1/2 MILE OR LESS
                                                   8 = SMOKE OR HAZE
[NO. OF DAYS WITH]      [WEATHER - DAYS WITH]      9 = BLOWING SNOW
                                                   X = TORNADO
MAX 32 OR BELOW:   0    0.01 INCH OR MORE:   7
MAX 90 OR ABOVE:   7    0.10 INCH OR MORE:   2
MIN 32 OR BELOW:   0    0.50 INCH OR MORE:   0
MIN  0 OR BELOW:   0    1.00 INCH OR MORE:   0

[HDD (BASE 65) ]
TOTAL THIS MO.    21    CLEAR  (SCALE 0-3)  22
DPTR FM NORMAL     6    PTCLDY (SCALE 4-7)   1
TOTAL FM JUL 1    21    CLOUDY (SCALE 8-10)  0
DPTR FM NORMAL     5

[CDD (BASE 65) ]
TOTAL THIS MO.   123
DPTR FM NORMAL    19    [PRESSURE DATA]
TOTAL FM JAN 1  1141    HIGHEST SLP M ON M
DPTR FM NORMAL   216    LOWEST  SLP 29.64 ON 22

[REMARKS]
