000
CXUS56 KFGZ 230900
CF6PRC
PRELIMINARY LOCAL CLIMATOLOGICAL DATA (WS FORM: F-6)

                                          STATION:   PRESCOTT AZ AIRPORT
                                          MONTH:     OCTOBER
                                          YEAR:      2014
                                          LATITUDE:   34 39 N
                                          LONGITUDE: 112 26 W

  TEMPERATURE IN F:       :PCPN:    SNOW:  WIND      :SUNSHINE: SKY     :PK WND
================================================================================
1   2   3   4   5  6A  6B    7    8   9   10  11  12  13   14  15   16   17  18
                                     12Z  AVG MX 2MIN
DY MAX MIN AVG DEP HDD CDD  WTR  SNW DPTH SPD SPD DIR MIN PSBL S-S WX    SPD DR
================================================================================

 1  75  45  60  -2   5   0 0.00    M    M  6.7 16 280   M    M   1        23 290
 2  76  39  58  -4   7   0 0.00    M    M  4.6 12 200   M    M   0        14 200
 3  82  41  62   1   3   0 0.00    M    M  4.5 12 190   M    M   0        13 190
 4  82  44  63   2   2   0 0.00    M    M  5.3 12 240   M    M   0        15 330
 5  81  45  63   3   2   0 0.00    M    M  5.2 12 320   M    M   0        17 280
 6  82  44  63   3   2   0 0.00    M    M  5.0 12 250   M    M   0        14 240
 7  77  52  65   5   0   0 0.00    M    M  4.2 13 240   M    M   3        15 280
 8  66  56  61   2   4   0 0.07    M    M  5.2 15 150   M    M  10 1      19 150
 9  74  53  64   5   1   0 0.07    M    M  7.0 21  20   M    M   6 138    26  20
10  79  48  64   5   1   0 0.00    M    M  4.7 17 260   M    M   1        22 250
11  79  47  63   5   2   0 0.00    M    M  5.5 15 240   M    M   0        20 270
12  79  50  65   7   0   0 0.00    M    M 12.3 25 310   M    M   0        33 320
13  73  38  56  -2   9   0 0.00    M    M  3.5 13 310   M    M   0        16 330
14  79  38  59   2   6   0 0.00    M    0  5.1 12 130   M    M   0        16 140
15  76  47  62   5   3   0 0.00    M    0  6.7 18 220   M    M   0        24 220
16  77  42  60   4   5   0 0.00    M    M  4.2 12 240   M    M   0        14 210
17  73  48  61   5   4   0 0.00    M    M  4.2 15 150   M    M   4        18 150
18  77  46  62   6   3   0 0.00    M    M  4.4 10 190   M    M   2        15 260
19  76  49  63   8   2   0    T    M    M  5.9 17 140   M    M   3 38     22 140
20  74  44  59   4   6   0 0.00    M    M  5.4 13 150   M    M   0        17 140
21  75  45  60   5   5   0 0.00    M    M  6.0 14 230   M    M   2 8      17 230
22  76  44  60   6   5   0 0.00    M    M  3.3 10  10   M    M   1        15 340
================================================================================
SM 1688 1005        77   0  0.14    M    118.9          M       33
================================================================================
AV 76.7 45.7                               5.4 FASTST   M    M   2    MAX(MPH)
                                 MISC ---->  # 25 310               # 33  320
================================================================================
NOTES:
# LAST OF SEVERAL OCCURRENCES

COLUMN 17 PEAK WIND IN M.P.H.

PRELIMINARY LOCAL CLIMATOLOGICAL DATA (WS FORM: F-6) , PAGE 2

                                          STATION:  PRESCOTT AZ AIRPORT
                                          MONTH:    OCTOBER
                                          YEAR:     2014
                                          LATITUDE:   34 39 N
                                          LONGITUDE: 112 26 W

[TEMPERATURE DATA]      [PRECIPITATION DATA]       SYMBOLS USED IN COLUMN 16

AVERAGE MONTHLY: 61.2   TOTAL FOR MONTH:   0.14    1 = FOG OR MIST
DPTR FM NORMAL:   3.1   DPTR FM NORMAL:   -0.53    2 = FOG REDUCING VISIBILITY
HIGHEST:    82 ON  6, 4 GRTST 24HR  0.09 ON  8- 9      TO 1/4 MILE OR LESS
LOWEST:     38 ON 14,13                            3 = THUNDER
                        SNOW, ICE PELLETS, HAIL    4 = ICE PELLETS
                        TOTAL MONTH:    M          5 = HAIL
                        GRTST 24HR    M  ON   M    6 = FREEZING RAIN OR DRIZZLE
                        GRTST DEPTH:   0           7 = DUSTSTORM OR SANDSTORM:
                                                       VSBY 1/2 MILE OR LESS
                                                   8 = SMOKE OR HAZE
[NO. OF DAYS WITH]      [WEATHER - DAYS WITH]      9 = BLOWING SNOW
                                                   X = TORNADO
MAX 32 OR BELOW:   0    0.01 INCH OR MORE:   2
MAX 90 OR ABOVE:   0    0.10 INCH OR MORE:   0
MIN 32 OR BELOW:   0    0.50 INCH OR MORE:   0
MIN  0 OR BELOW:   0    1.00 INCH OR MORE:   0

[HDD (BASE 65) ]
TOTAL THIS MO.    77    CLEAR  (SCALE 0-3)  18
DPTR FM NORMAL   -81    PTCLDY (SCALE 4-7)   3
TOTAL FM JUL 1   102    CLOUDY (SCALE 8-10)  1
DPTR FM NORMAL   -94

[CDD (BASE 65) ]
TOTAL THIS MO.     0
DPTR FM NORMAL    -5    [PRESSURE DATA]
TOTAL FM JAN 1  1039    HIGHEST SLP M ON M
DPTR FM NORMAL    99    LOWEST  SLP 29.81 ON  1

[REMARKS]
