000
CXUS54 KFWD 210730
CF6PRX
PRELIMINARY LOCAL CLIMATOLOGICAL DATA (WS FORM: F-6)

                                          STATION:   PARIS
                                          MONTH:     DECEMBER
                                          YEAR:      2014
                                          LATITUDE:   33 37 N
                                          LONGITUDE:  95 27 W

  TEMPERATURE IN F:       :PCPN:    SNOW:  WIND      :SUNSHINE: SKY     :PK WND
================================================================================
1   2   3   4   5  6A  6B    7    8   9   10  11  12  13   14  15   16   17  18
                                     12Z  AVG MX 2MIN
DY MAX MIN AVG DEP HDD CDD  WTR  SNW DPTH SPD SPD DIR MIN PSBL S-S WX    SPD DR
================================================================================

 1  64  32  48   0  17   0 0.00  0.0    0 14.2 22 330   M    M   9        30 330
 2  46  30  38 -10  27   0 0.00  0.0    0  6.4 12 330   M    M   6         M  M
 3  50  41  46  -2  19   0 0.01  0.0    0  8.4 13  90   M    M  10         M  M
 4  57  48  53   6  12   0 0.00  0.0    0  8.3 12 110   M    M   8         M  M
 5  73  55  64  17   1   0 0.53  0.0    0 10.6 18 220   M    M   9        24 220
 6  64  45  55   8  10   0 0.00  0.0    0  9.5 14  10   M    M   3        22 360
 7  52  45  49   3  16   0 0.00  0.0    0  6.6 14 130   M    M   7        17 130
 8  52  36  44  -2  21   0 0.00  0.0    0  2.3  9 350   M    M   7         M  M
 9  66  37  52   6  13   0 0.00  0.0    0  0.4  7  90   M    M   4         M  M
10  52  37  45  -1  20   0 0.00  0.0    0 10.2 15 130   M    M   2        20 130
11  46  45  46   1  19   0 0.02    M    0  8.9 12 110   M    M  10         M  M
12  50  45  48   3  17   0 0.09    M    0 10.1 13  90   M    M  10         M  M
13  61  48  55  10  10   0 0.00  0.0    0  9.7 13 100   M    M   8         M  M
14  66  52  59  14   6   0 1.00  0.0    0 13.4 27 150   M    M   9        30 150
15  64  45  55  11  10   0 0.28    M    0 14.3 23 270   M    M   2 3      28 270
16  48  36  42  -2  23   0 0.00  0.0    0 11.5 24 320   M    M   0        21 320
17  39  34  37  -7  28   0 0.61    M    0  7.8 15  90   M    M   8         M  M
18  45  37  41  -3  24   0 0.07  0.0    0  7.3 16 120   M    M  10         M  M
19  46  45  46   2  19   0 0.02  0.0    0  5.9  9 350   M    M  10         M  M
20  48  45  47   3  18   0 0.00  0.0    0  2.4  8 100   M    M  10         M  M
================================================================================
SM 1089  838       330   0  2.63     0.0 168.2          M      142
================================================================================
AV 54.5 41.9                               8.4 FASTST   M    M   7    MAX(MPH)
                                 MISC ---->  # 27 150                 30    M
================================================================================
NOTES:
# LAST OF SEVERAL OCCURRENCES

COLUMN 17 PEAK WIND IN M.P.H.

PRELIMINARY LOCAL CLIMATOLOGICAL DATA (WS FORM: F-6) , PAGE 2

                                          STATION:  PARIS
                                          MONTH:    DECEMBER
                                          YEAR:     2014
                                          LATITUDE:   33 37 N
                                          LONGITUDE:  95 27 W

[TEMPERATURE DATA]      [PRECIPITATION DATA]       SYMBOLS USED IN COLUMN 16

AVERAGE MONTHLY: 48.2   TOTAL FOR MONTH:   2.63    1 = FOG OR MIST
DPTR FM NORMAL:   2.5   DPTR FM NORMAL:   -0.09    2 = FOG REDUCING VISIBILITY
HIGHEST:    73 ON  5    GRTST 24HR  1.00 ON 14-14      TO 1/4 MILE OR LESS
LOWEST:     30 ON  2                               3 = THUNDER
                        SNOW, ICE PELLETS, HAIL    4 = ICE PELLETS
                        TOTAL MONTH:   0.0 INCH    5 = HAIL
                        GRTST 24HR     0.0         6 = FREEZING RAIN OR DRIZZLE
                        GRTST DEPTH:   0           7 = DUSTSTORM OR SANDSTORM:
                                                       VSBY 1/2 MILE OR LESS
                                                   8 = SMOKE OR HAZE
[NO. OF DAYS WITH]      [WEATHER - DAYS WITH]      9 = BLOWING SNOW
                                                   X = TORNADO
MAX 32 OR BELOW:   0    0.01 INCH OR MORE:   9
MAX 90 OR ABOVE:   0    0.10 INCH OR MORE:   4
MIN 32 OR BELOW:   2    0.50 INCH OR MORE:   3
MIN  0 OR BELOW:   0    1.00 INCH OR MORE:   1

[HDD (BASE 65) ]
TOTAL THIS MO.   330    CLEAR  (SCALE 0-3)   4
DPTR FM NORMAL   -58    PTCLDY (SCALE 4-7)   5
TOTAL FM JUL 1   854    CLOUDY (SCALE 8-10) 11
DPTR FM NORMAL    31

[CDD (BASE 65) ]
TOTAL THIS MO.     0
DPTR FM NORMAL     0    [PRESSURE DATA]
TOTAL FM JAN 1  2087    HIGHEST SLP M ON M
DPTR FM NORMAL  -452    LOWEST  SLP M ON M

[REMARKS]
