000
CXUS56 KPDT 240532
CF6PSC
PRELIMINARY LOCAL CLIMATOLOGICAL DATA (WS FORM: F-6)

                                          STATION:   PASCO WA
                                          MONTH:     SEPTEMBER
                                          YEAR:      2017
                                          LATITUDE:   46 16 N
                                          LONGITUDE: 119  7 W

  TEMPERATURE IN F:       :PCPN:    SNOW:  WIND      :SUNSHINE: SKY     :PK WND
================================================================================
1   2   3   4   5  6A  6B    7    8   9   10  11  12  13   14  15   16   17  18
                                     12Z  AVG MX 2MIN
DY MAX MIN AVG DEP HDD CDD  WTR  SNW DPTH SPD SPD DIR MIN PSBL S-S WX    SPD DR
================================================================================

 1  96  53  75   6   0  10 0.00  0.0    0  3.4  8 350   M    M   0        10 340
 2  99  51  75   7   0  10 0.00  0.0    0  2.2  9 160   M    M   0        11 170
 3  95  52  74   6   0   9 0.00  0.0    0  1.8  8 350   M    M   0 8       8 340
 4  91  55  73   5   0   8 0.00  0.0    0  3.8 12 320   M    M   1 18     13 350
 5  88  61  75   8   0  10 0.00  0.0    0  7.4 13 320   M    M   7 8      15 330
 6  85  54  70   3   0   5 0.00  0.0    0  3.0  9 320   M    M   7 18     11 320
 7  85  57  71   4   0   6 0.00  0.0    0  3.1 15 200   M    M  10 138    18 220
 8  91  70  81  15   0  16 0.00  0.0    0  9.1 20 220   M    M   4 8      24 220
 9  89  65  77  11   0  12 0.00  0.0    0  9.7 23 220   M    M   0 8      29 210
10  85  51  68   2   0   3 0.00  0.0    0  3.1 10 360   M    M   0 8      14  20
11  90  46  68   3   0   3 0.00  0.0    0  2.5  8 360   M    M   0 8      11  20
12  94  47  71   6   0   6 0.00  0.0    0  4.7 20 300   M    M   0 8      26 300
13  83  53  68   4   0   3 0.00  0.0    0  3.4 13 330   M    M   0 8      15 290
14  76  50  63  -1   2   0 0.00  0.0    0  6.1 14 360   M    M   0 8      16 360
15  76  45  61  -3   4   0 0.00  0.0    0  6.7 13 340   M    M   1 8      16 350
16  72  38  55  -8  10   0 0.00  0.0    0  4.1 10 330   M    M   0 8      12 310
17  76  49  63   0   2   0 0.01  0.0    0  6.0 22 240   M    M   3 8      28 240
18  70  55  63   0   2   0 0.03  0.0    0 12.5 29 230   M    M   3 8      37 240
19  67  54  61  -1   4   0    T  0.0    0 18.0 33 230   M    M   4        42 240
20  60  43  52 -10  13   0 0.09  0.0    0  6.6 18 190   M    M   5 13     23 190
21  65  37  51 -11  14   0 0.00  0.0    0  3.7 14 310   M    M   3        16 310
22  69  38  54  -7  11   0    T    M    0  4.3 12 120   M    M   3        14 130
================================================================================
SM 1802 1124        62 101  0.13     0.0 125.2          M       51
================================================================================
AV 81.9 51.1                               5.7 FASTST   M    M   2    MAX(MPH)
                                 MISC ---->  # 33 230               # 42  240
================================================================================
NOTES:
# LAST OF SEVERAL OCCURRENCES

COLUMN 17 PEAK WIND IN M.P.H.

PRELIMINARY LOCAL CLIMATOLOGICAL DATA (WS FORM: F-6) , PAGE 2

                                          STATION:  PASCO WA
                                          MONTH:    SEPTEMBER
                                          YEAR:     2017
                                          LATITUDE:   46 16 N
                                          LONGITUDE: 119  7 W

[TEMPERATURE DATA]      [PRECIPITATION DATA]       SYMBOLS USED IN COLUMN 16

AVERAGE MONTHLY: 66.5   TOTAL FOR MONTH:   0.13    1 = FOG OR MIST
DPTR FM NORMAL:   1.5   DPTR FM NORMAL:   -0.13    2 = FOG REDUCING VISIBILITY
HIGHEST:    99 ON  2    GRTST 24HR  0.09 ON 20-20      TO 1/4 MILE OR LESS
LOWEST:     37 ON 21                               3 = THUNDER
                        SNOW, ICE PELLETS, HAIL    4 = ICE PELLETS
                        TOTAL MONTH:   0.0 INCH    5 = HAIL
                        GRTST 24HR     0.0         6 = FREEZING RAIN OR DRIZZLE
                        GRTST DEPTH:   0           7 = DUSTSTORM OR SANDSTORM:
                                                       VSBY 1/2 MILE OR LESS
                                                   8 = SMOKE OR HAZE
[NO. OF DAYS WITH]      [WEATHER - DAYS WITH]      9 = BLOWING SNOW
                                                   X = TORNADO
MAX 32 OR BELOW:   0    0.01 INCH OR MORE:   3
MAX 90 OR ABOVE:   7    0.10 INCH OR MORE:   0
MIN 32 OR BELOW:   0    0.50 INCH OR MORE:   0
MIN  0 OR BELOW:   0    1.00 INCH OR MORE:   0

[HDD (BASE 65) ]
TOTAL THIS MO.    62    CLEAR  (SCALE 0-3)  16
DPTR FM NORMAL    13    PTCLDY (SCALE 4-7)   5
TOTAL FM JUL 1    62    CLOUDY (SCALE 8-10)  1
DPTR FM NORMAL     1

[CDD (BASE 65) ]
TOTAL THIS MO.   101
DPTR FM NORMAL    54    [PRESSURE DATA]
TOTAL FM JAN 1   979    HIGHEST SLP 29.93 ON 17
DPTR FM NORMAL   275    LOWEST  SLP 29.60 ON 20

[REMARKS]
