000
CXUS55 KALY 010800
CF6PSF
PRELIMINARY LOCAL CLIMATOLOGICAL DATA (WS FORM: F-6)

                                          STATION:   PITTSFIELD MA
                                          MONTH:     JANUARY
                                          YEAR:      2015
                                          LATITUDE:   42 25 N
                                          LONGITUDE:  73 18 W

  TEMPERATURE IN F:       :PCPN:    SNOW:  WIND      :SUNSHINE: SKY     :PK WND
================================================================================
1   2   3   4   5  6A  6B    7    8   9   10  11  12  13   14  15   16   17  18
                                     12Z  AVG MX 2MIN
DY MAX MIN AVG DEP HDD CDD  WTR  SNW DPTH SPD SPD DIR MIN PSBL S-S WX    SPD DR
================================================================================

 1  29  14  22   0  43   0 0.00    M    M  9.4 20 220   M    M   2        25 240
 2  33  21  27   6  38   0    T    M    M 12.3 24 260   M    M  10        37 280
 3  29  16  23   2  42   0 0.47    M    M  5.8 17 140   M    M   6 126    23 120
 4  45  28  37  16  28   0 0.66    M    M  5.4 23 300   M    M  10 126    28 300
 5  37   8  23   2  42   0    T    M    M 18.1 31 270   M    M   9 18     41 280
 6  13   5   9 -12  56   0    T    M    M  4.9 16 280   M    M   7 18     19 280
 7  15  -6   5 -15  60   0    T    M    M 13.9 31 290   M    M   5 189    42 280
 8  15  -9   3 -17  62   0 0.00    M    M  8.6 18 290   M    M   1        23 280
 9  23  11  17  -3  48   0 0.06    M    M 13.2 26 250   M    M   5 18     35 260
10  15  -1   7 -13  58   0 0.00    M    M  7.9 18 260   M    M   2        24 290
11  28  -4  12  -8  53   0 0.00    M    M  2.5 12 200   M    M   8        18 200
12  33  25  29   9  36   0 0.44    M    M  5.0 16 350   M    M  10 16     25 330
13  28  -6  11  -9  54   0    T    M    M  6.0 17 330   M    M   2        23 360
14  23 -11   6 -14  59   0    T    M    M  1.2  7 150   M    M   5 18     10 110
15  22   6  14  -6  51   0 0.00    M    M  3.5 13 290   M    M   5 18     17 280
16  30   6  18  -2  47   0    T    M    M 12.4 37 290   M    M   5 1289   48 280
17  22  -1  11  -9  54   0 0.00    M    M  5.8 20 180   M    M   0        28 180
18  41  22  32  12  33   0 1.30    M    M  7.0 20 190   M    M   8 12     25 200
19  34  25  30  10  35   0 0.00    M    M 12.9 23 290   M    M  10        35 280
20  27  14  21   1  44   0    T    M    M  9.1 20 330   M    M   5 18     29 330
21  27   6  17  -3  48   0 0.00    M    M  2.0 14 260   M    M   3        16 280
22  28  18  23   3  42   0 0.00    M    M  4.5 18 270   M    M   9        26 280
23  29  17  23   3  42   0    T    M    M  6.5 17 300   M    M   2 8      21 300
24  34  24  29   9  36   0 0.14    M    M  5.1 22 290   M    M   9 128    32 290
25  31  11  21   1  44   0 0.01    M    M 14.5 33 280   M    M   4 18     44 270
26  20   8  14  -6  51   0    T    M    M  7.9 17  40   M    M   7 8      25  40
27  17   6  12  -8  53   0 0.16    M    M 12.3 23 320   M    M  10 18     37 330
28  20   8  14  -6  51   0    T    M    M 10.5 26 340   M    M   4 8      41 350
29  33  -6  14  -6  51   0 0.02    M    M  4.4 18 140   M    M   4 1      26 140
30  28   5  17  -4  48   0 0.10    M    M 11.7 24 290   M    M   9 18     33 290
31  11  -5   3 -18  62   0 0.00    M    M 11.5 24 300   M    M   0 8      32 290
================================================================================
SM  820  255      1471   0  3.36    M    255.8          M      176
================================================================================
AV 26.5  8.2                               8.3 FASTST   M    M   6    MAX(MPH)
                                 MISC ---->  # 37 290               # 48  280
================================================================================
NOTES:
# LAST OF SEVERAL OCCURRENCES

COLUMN 17 PEAK WIND IN M.P.H.

PRELIMINARY LOCAL CLIMATOLOGICAL DATA (WS FORM: F-6) , PAGE 2

                                          STATION:  PITTSFIELD MA
                                          MONTH:    JANUARY
                                          YEAR:     2015
                                          LATITUDE:   42 25 N
                                          LONGITUDE:  73 18 W

[TEMPERATURE DATA]      [PRECIPITATION DATA]       SYMBOLS USED IN COLUMN 16

AVERAGE MONTHLY: 17.3   TOTAL FOR MONTH:   3.36    1 = FOG OR MIST
DPTR FM NORMAL:  -2.9   DPTR FM NORMAL:    0.44    2 = FOG REDUCING VISIBILITY
HIGHEST:    45 ON  4    GRTST 24HR  1.30 ON 18-18      TO 1/4 MILE OR LESS
LOWEST:    -11 ON 14                               3 = THUNDER
                        SNOW, ICE PELLETS, HAIL    4 = ICE PELLETS
                        TOTAL MONTH:    M          5 = HAIL
                        GRTST 24HR    M  ON   M    6 = FREEZING RAIN OR DRIZZLE
                        GRTST DEPTH:  M  ON   M    7 = DUSTSTORM OR SANDSTORM:
                                                       VSBY 1/2 MILE OR LESS
                                                   8 = SMOKE OR HAZE
[NO. OF DAYS WITH]      [WEATHER - DAYS WITH]      9 = BLOWING SNOW
                                                   X = TORNADO
MAX 32 OR BELOW:  23    0.01 INCH OR MORE:  10
MAX 90 OR ABOVE:   0    0.10 INCH OR MORE:   7
MIN 32 OR BELOW:  31    0.50 INCH OR MORE:   2
MIN  0 OR BELOW:   9    1.00 INCH OR MORE:   1

[HDD (BASE 65) ]
TOTAL THIS MO.  1471    CLEAR  (SCALE 0-3)   8
DPTR FM NORMAL    84    PTCLDY (SCALE 4-7)  13
TOTAL FM JUL 1  4164    CLOUDY (SCALE 8-10) 10
DPTR FM NORMAL   -61

[CDD (BASE 65) ]
TOTAL THIS MO.     0
DPTR FM NORMAL     0    [PRESSURE DATA]
TOTAL FM JAN 1     0    HIGHEST SLP 30.68 ON 13
DPTR FM NORMAL     0    LOWEST  SLP 29.25 ON 24

[REMARKS]
#FINAL-01-15#
