000
CXUS55 KALY 210710
CF6PSF
PRELIMINARY LOCAL CLIMATOLOGICAL DATA (WS FORM: F-6)

                                          STATION:   PITTSFIELD MA
                                          MONTH:     NOVEMBER
                                          YEAR:      2017
                                          LATITUDE:   42 25 N
                                          LONGITUDE:  73 18 W

  TEMPERATURE IN F:       :PCPN:    SNOW:  WIND      :SUNSHINE: SKY     :PK WND
================================================================================
1   2   3   4   5  6A  6B    7    8   9   10  11  12  13   14  15   16   17  18
                                     12Z  AVG MX 2MIN
DY MAX MIN AVG DEP HDD CDD  WTR  SNW DPTH SPD SPD DIR MIN PSBL S-S WX    SPD DR
================================================================================

 1  49  28  39  -4  26   0 0.08    M    M  2.6 14 140   M    M   8 12     23 140
 2  66  45  56  14   9   0 0.02    M    M  7.3 16 180   M    M   8        22 180
 3  64  38  51   9  14   0 0.07    M    M  9.3 24 290   M    M   6 1      35 300
 4  52  32  42   0  23   0 0.00    M    M  4.3 13 280   M    M   0        16 140
 5  57  39  48   7  17   0 0.05    M    M  7.5 18 170   M    M   8 1      25 170
 6  62  40  51  10  14   0 0.19    M    M 10.8 23 290   M    M  10 1      34 280
 7  43  34  39  -2  26   0 0.01    M    M  5.8 14 310   M    M   9 18     21 300
 8   M   M   M   M   M   M 0.00    M    M  3.4  8 280   M    M   5        14 250
 9  47  22  35  -5  30   0    T    M    M  4.5 17 180   M    M   5 12     26 170
10  45  17  31  -9  34   0    T    M    M 16.5 35 290   M    M   3        44 310
11  33  15  24 -16  41   0 0.00    M    M  8.2 20 300   M    M   0        37 280
12  42  20  31  -8  34   0 0.00    M    M  1.2 10 240   M    M   1        13 250
13  43  29  36  -3  29   0 0.00    M    M  1.3  6 320   M    M   9         9  70
14  37  29  33  -5  32   0 0.00    M    M  1.1  6  40   M    M  10 8       7  30
15  45  28  37  -1  28   0 0.00    M    M  2.7 14 150   M    M   4 1      19 150
16  50  37  44   6  21   0 0.32    M    M 10.1 26 290   M    M  10 1      38 280
17  37  26  32  -6  33   0 0.02    M    M 12.2 28 300   M    M   5        39 300
18  46  20  33  -4  32   0 0.15    M    M  6.0 18 170   M    M   5 18     24 190
19  55  31  43   6  22   0 0.26    M    M 17.2 36 270   M    M   8 1      50 280
20  37  28  33  -3  32   0    T    M    M 13.5 29 280   M    M   8 8      43 270
================================================================================
SM  910  558       497   0  1.17    M    145.5          M      122
================================================================================
AV 47.9 29.4                               7.3 FASTST   M    M   6    MAX(MPH)
                                 MISC ---->  # 36 270               # 50  280
================================================================================
NOTES:
# LAST OF SEVERAL OCCURRENCES

COLUMN 17 PEAK WIND IN M.P.H.

PRELIMINARY LOCAL CLIMATOLOGICAL DATA (WS FORM: F-6) , PAGE 2

                                          STATION:  PITTSFIELD MA
                                          MONTH:    NOVEMBER
                                          YEAR:     2017
                                          LATITUDE:   42 25 N
                                          LONGITUDE:  73 18 W

[TEMPERATURE DATA]      [PRECIPITATION DATA]       SYMBOLS USED IN COLUMN 16

AVERAGE MONTHLY: 38.6   TOTAL FOR MONTH:   1.17    1 = FOG OR MIST
DPTR FM NORMAL:  -1.0   DPTR FM NORMAL:   -1.39    2 = FOG REDUCING VISIBILITY
HIGHEST:    66 ON  2    GRTST 24HR  0.32 ON 16-16      TO 1/4 MILE OR LESS
LOWEST:     15 ON 11                               3 = THUNDER
                        SNOW, ICE PELLETS, HAIL    4 = ICE PELLETS
                        TOTAL MONTH:    M          5 = HAIL
                        GRTST 24HR    M  ON   M    6 = FREEZING RAIN OR DRIZZLE
                        GRTST DEPTH:  M  ON   M    7 = DUSTSTORM OR SANDSTORM:
                                                       VSBY 1/2 MILE OR LESS
                                                   8 = SMOKE OR HAZE
[NO. OF DAYS WITH]      [WEATHER - DAYS WITH]      9 = BLOWING SNOW
                                                   X = TORNADO
MAX 32 OR BELOW:   0    0.01 INCH OR MORE:  10
MAX 90 OR ABOVE:   0    0.10 INCH OR MORE:   4
MIN 32 OR BELOW:  13    0.50 INCH OR MORE:   0
MIN  0 OR BELOW:   0    1.00 INCH OR MORE:   0

[HDD (BASE 65) ]
TOTAL THIS MO.   497    CLEAR  (SCALE 0-3)   4
DPTR FM NORMAL   -13    PTCLDY (SCALE 4-7)   9
TOTAL FM JUL 1  1042    CLOUDY (SCALE 8-10)  7
DPTR FM NORMAL  -304

[CDD (BASE 65) ]
TOTAL THIS MO.     0
DPTR FM NORMAL     0    [PRESSURE DATA]
TOTAL FM JAN 1   351    HIGHEST SLP M ON M
DPTR FM NORMAL    61    LOWEST  SLP 29.09 ON 19

[REMARKS]
