768
CXUS54 KHGX 221415
CF6PSX
PRELIMINARY LOCAL CLIMATOLOGICAL DATA (WS FORM: F-6)

                                          STATION:   PALACIOS
                                          MONTH:     MAY
                                          YEAR:      2015
                                          LATITUDE:   28 43 N
                                          LONGITUDE:  96 15 W

  TEMPERATURE IN F:       :PCPN:    SNOW:  WIND      :SUNSHINE: SKY     :PK WND
================================================================================
1   2   3   4   5  6A  6B    7    8   9   10  11  12  13   14  15   16   17  18
                                     12Z  AVG MX 2MIN
DY MAX MIN AVG DEP HDD CDD  WTR  SNW DPTH SPD SPD DIR MIN PSBL S-S WX    SPD DR
================================================================================

 1  82  59  71  -3   0   6 0.00  0.0    0  7.0 14 190   M    M   0        20 180
 2  79  60  70  -4   0   5 0.00  0.0    0  7.7 16 140   M    M   0        19 200
 3  83  68  76   2   0  11 0.00  0.0    0 12.1 22 140   M    M   3        28 140
 4  83  72  78   4   0  13 0.00  0.0    0 13.8 21 110   M    M   2        27 120
 5  83  72  78   3   0  13 0.02  0.0    0 16.5 25 140   M    M   7 8      31 130
 6  83  75  79   4   0  14 0.00  0.0    0 15.1 22 150   M    M   8        27 130
 7  82  76  79   4   0  14 0.00  0.0    0 15.6 21 140   M    M  10        26 150
 8  83  77  80   5   0  15 0.00  0.0    0 15.9 24 150   M    M   9 1      30 160
 9  84  78  81   5   0  16 0.00  0.0    0 18.5 29 160   M    M   9 1      36 160
10  85  78  82   6   0  17 0.00  0.0    0 19.6 29 150   M    M  10 18     38 160
11  87  71  79   3   0  14 1.39  0.0    0 13.3 26  60   M    M   7 13     32  50
12  81  70  76   0   0  11 1.19  0.0    0 10.2 33 130   M    M   7 13     43 130
13  80  73  77   1   0  12 0.07  0.0    0 11.4 21 140   M    M   6 1      28 140
14  84  75  80   3   0  15 0.00  0.0    0 11.5 21 140   M    M   6 1      26 140
15  81  69  75  -2   0  10 1.15  0.0    0 11.6 28 130   M    M   5 13     32 130
16  85  71  78   1   0  13    T  0.0    0 15.3 24 170   M    M   8 1      33 160
17  84  73  79   2   0  14    T  0.0    0 14.3 23 160   M    M  10 13     31 160
18  87  79  83   5   0  18 0.00  0.0    0 11.8 17 170   M    M   7        23 170
19  86  79  83   5   0  18    T  0.0    0 13.2 21 150   M    M   6        27 150
20  87  79  83   5   0  18 0.00  0.0    0 12.8 21 160   M    M   5        26 160
21  86  72  79   1   0  14 0.07  0.0    0  6.3 15  10   M    M   3 13     18 360
================================================================================
SM 1755 1526         0 281  3.89     0.0 273.5          M      128
================================================================================
AV 83.6 72.7                              13.0 FASTST   M    M   6    MAX(MPH)
                                 MISC ---->  # 33 130               # 43  130
================================================================================
NOTES:
# LAST OF SEVERAL OCCURRENCES

COLUMN 17 PEAK WIND IN M.P.H.

PRELIMINARY LOCAL CLIMATOLOGICAL DATA (WS FORM: F-6) , PAGE 2

                                          STATION:  PALACIOS
                                          MONTH:    MAY
                                          YEAR:     2015
                                          LATITUDE:   28 43 N
                                          LONGITUDE:  96 15 W

[TEMPERATURE DATA]      [PRECIPITATION DATA]       SYMBOLS USED IN COLUMN 16

AVERAGE MONTHLY: 78.1   TOTAL FOR MONTH:   3.89    1 = FOG OR MIST
DPTR FM NORMAL:   2.1   DPTR FM NORMAL:    1.12    2 = FOG REDUCING VISIBILITY
HIGHEST:    87 ON 20,18 GRTST 24HR  2.50 ON 11-12      TO 1/4 MILE OR LESS
LOWEST:     59 ON  1                               3 = THUNDER
                        SNOW, ICE PELLETS, HAIL    4 = ICE PELLETS
                        TOTAL MONTH:   0.0 INCH    5 = HAIL
                        GRTST 24HR     0.0         6 = FREEZING RAIN OR DRIZZLE
                        GRTST DEPTH:   0           7 = DUSTSTORM OR SANDSTORM:
                                                       VSBY 1/2 MILE OR LESS
                                                   8 = SMOKE OR HAZE
[NO. OF DAYS WITH]      [WEATHER - DAYS WITH]      9 = BLOWING SNOW
                                                   X = TORNADO
MAX 32 OR BELOW:   0    0.01 INCH OR MORE:   6
MAX 90 OR ABOVE:   0    0.10 INCH OR MORE:   3
MIN 32 OR BELOW:   0    0.50 INCH OR MORE:   3
MIN  0 OR BELOW:   0    1.00 INCH OR MORE:   3

[HDD (BASE 65) ]
TOTAL THIS MO.     0    CLEAR  (SCALE 0-3)   5
DPTR FM NORMAL     0    PTCLDY (SCALE 4-7)  10
TOTAL FM JUL 1  1250    CLOUDY (SCALE 8-10)  6
DPTR FM NORMAL    55

[CDD (BASE 65) ]
TOTAL THIS MO.   281
DPTR FM NORMAL    50    [PRESSURE DATA]
TOTAL FM JAN 1   609    HIGHEST SLP M ON M
DPTR FM NORMAL   110    LOWEST  SLP 29.81 ON 10

[REMARKS]
