000
CXUS51 KBOX 271200
CF6PVD
PRELIMINARY LOCAL CLIMATOLOGICAL DATA (WS FORM: F-6)

                                          STATION:   PROVIDENCE RI
                                          MONTH:     AUGUST
                                          YEAR:      2014
                                          LATITUDE:   41 43 N
                                          LONGITUDE:  71 26 W

  TEMPERATURE IN F:       :PCPN:    SNOW:  WIND      :SUNSHINE: SKY     :PK WND
================================================================================
1   2   3   4   5  6A  6B    7    8   9   10  11  12  13   14  15   16   17  18
                                     12Z  AVG MX 2MIN
DY MAX MIN AVG DEP HDD CDD  WTR  SNW DPTH SPD SPD DIR MIN PSBL S-S WX    SPD DR
================================================================================

 1  81  64  73  -1   0   8 0.00  0.0    0  6.8 21 160   M    M   7        24 170
 2  71  62  67  -7   0   2 0.18  0.0    0  6.2 15  60   M    M  10 1      18  60
 3  73  62  68  -6   0   3    T  0.0    0  3.9  8 150   M    M  10 18     12  90
 4  82  65  74   0   0   9 0.00  0.0    0  7.7 17 210   M    M   7        22 230
 5  85  65  75   1   0  10 0.00  0.0    0  6.9 17 150   M    M   3 1      22 160
 6  86  68  77   3   0  12    T  0.0    0  6.7 18 320   M    M   6        24 330
 7  83  59  71  -2   0   6 0.01  0.0    0  6.9 17 320   M    M   3 3      23 330
 8  85  58  72  -1   0   7 0.00  0.0    0  8.2 15 270   M    M   3        21 340
 9  87  61  74   1   0   9 0.00  0.0    0  5.9 17 150   M    M   3        21 160
10  86  62  74   1   0   9 0.00  0.0    0  5.9 14 160   M    M   2        19  10
11  82  61  72  -1   0   7 0.00  0.0    0  7.5 21 150   M    M   3 1      25 140
12  81  62  72  -1   0   7    T  0.0    0  8.5 20 150   M    M   5 1      26 160
13  73  64  69  -4   0   4 2.26  0.0    0 10.3 21 130   M    M   9 1      29 140
14  76  60  68  -5   0   3 0.00  0.0    0  7.3 18 280   M    M   3        23 270
15  76  58  67  -6   0   2 0.00  0.0    0  7.2 18 250   M    M   6        23 250
16  78  56  67  -6   0   2 0.00  0.0    0  8.4 21 250   M    M   5        26 220
17  80  64  72   0   0   7 0.00  0.0    0  5.7 14 300   M    M   5        19 300
18  79  57  68  -4   0   3 0.00  0.0    0  8.1 15 330   M    M   4        22 330
19  79  54  67  -5   0   2 0.00  0.0    0  4.9 14 190   M    M   2        19 310
20  83  57  70  -2   0   5 0.00  0.0    0  4.4 16 170   M    M   3 1      19 170
21  80  59  70  -2   0   5 0.00  0.0    0  5.3 14 150   M    M   7        17 150
22  74  64  69  -3   0   4 0.03  0.0    0  9.0 14  40   M    M   9 1      17  50
23  76  57  67  -5   0   2 0.00  0.0    0 10.4 18  40   M    M   5        24  40
24  80  56  68  -3   0   3 0.00  0.0    0  6.1 16  50   M    M   4        20  40
25  90  59  75   4   0  10 0.00  0.0    0  5.9 15 160   M    M   2        18 160
26  81  60  71   0   0   6 0.00  0.0    0  6.4 17 150   M    M   1 1      20 150
================================================================================
SM 2087 1574         0 147  2.48     0.0 180.5          M      127
================================================================================
AV 80.3 60.5                               6.9 FASTST   M    M   5    MAX(MPH)
                                 MISC ---->  # 21 160               # 29  140
================================================================================
NOTES:
# LAST OF SEVERAL OCCURRENCES

COLUMN 17 PEAK WIND IN M.P.H.

PRELIMINARY LOCAL CLIMATOLOGICAL DATA (WS FORM: F-6) , PAGE 2

                                          STATION:  PROVIDENCE RI
                                          MONTH:    AUGUST
                                          YEAR:     2014
                                          LATITUDE:   41 43 N
                                          LONGITUDE:  71 26 W

[TEMPERATURE DATA]      [PRECIPITATION DATA]       SYMBOLS USED IN COLUMN 16

AVERAGE MONTHLY: 70.4   TOTAL FOR MONTH:   2.48    1 = FOG OR MIST
DPTR FM NORMAL:  -2.3   DPTR FM NORMAL:   -0.58    2 = FOG REDUCING VISIBILITY
HIGHEST:    90 ON 25    GRTST 24HR  2.26 ON 13-13      TO 1/4 MILE OR LESS
LOWEST:     54 ON 19                               3 = THUNDER
                        SNOW, ICE PELLETS, HAIL    4 = ICE PELLETS
                        TOTAL MONTH:   0.0 INCH    5 = HAIL
                        GRTST 24HR     0.0         6 = FREEZING RAIN OR DRIZZLE
                        GRTST DEPTH:   0           7 = DUSTSTORM OR SANDSTORM:
                                                       VSBY 1/2 MILE OR LESS
                                                   8 = SMOKE OR HAZE
[NO. OF DAYS WITH]      [WEATHER - DAYS WITH]      9 = BLOWING SNOW
                                                   X = TORNADO
MAX 32 OR BELOW:   0    0.01 INCH OR MORE:   4
MAX 90 OR ABOVE:   1    0.10 INCH OR MORE:   2
MIN 32 OR BELOW:   0    0.50 INCH OR MORE:   1
MIN  0 OR BELOW:   0    1.00 INCH OR MORE:   1

[HDD (BASE 65) ]
TOTAL THIS MO.     0    CLEAR  (SCALE 0-3)   9
DPTR FM NORMAL     0    PTCLDY (SCALE 4-7)  13
TOTAL FM JUL 1     0    CLOUDY (SCALE 8-10)  4
DPTR FM NORMAL    -3

[CDD (BASE 65) ]
TOTAL THIS MO.   147
DPTR FM NORMAL   -56    [PRESSURE DATA]
TOTAL FM JAN 1   550    HIGHEST SLP M ON M
DPTR FM NORMAL   -77    LOWEST  SLP 29.60 ON 13

[REMARKS]
