000
CXUS54 KOUN 290800
CF6PWA
PRELIMINARY LOCAL CLIMATOLOGICAL DATA (WS FORM: F-6)

                                          STATION:   BETHANY/WILEY POST
                                          MONTH:     SEPTEMBER
                                          YEAR:      2014
                                          LATITUDE:   35 31 N
                                          LONGITUDE:  97 38 W

  TEMPERATURE IN F:       :PCPN:    SNOW:  WIND      :SUNSHINE: SKY     :PK WND
================================================================================
1   2   3   4   5  6A  6B    7    8   9   10  11  12  13   14  15   16   17  18
                                     12Z  AVG MX 2MIN
DY MAX MIN AVG DEP HDD CDD  WTR  SNW DPTH SPD SPD DIR MIN PSBL S-S WX    SPD DR
================================================================================

 1  98  78  88  10   0  23 0.00  0.0    0 18.5 28 190   M    M   2        38 190
 2  92  74  83   5   0  18 0.35  0.0    0 14.5 25 160   M    M   3 13     32 130
 3  97  76  87   9   0  22 0.00  0.0    0 16.0 26 180   M    M   0        32 180
 4  97  77  87  10   0  22 0.00  0.0    0 16.6 25 200   M    M   0        32 220
 5  96  64  80   3   0  15 0.04  0.0    0 13.0 25 350   M    M   2 1      32  10
 6  70  62  66 -11   0   1 1.26  0.0    0  9.3 21  30   M    M   8 18     26  30
 7  82  59  71  -5   0   6 0.00  0.0    0  4.5 12  50   M    M   1 1      17  70
 8  90  68  79   3   0  14 0.00  0.0    0 10.9 20 160   M    M   2 1      24 170
 9  95  76  86  10   0  21 0.00  0.0    0 18.0 26 180   M    M   0        33 170
10  85  66  76   1   0  11 0.14  0.0    0 15.5 29 180   M    M   3        35 190
11  74  63  69  -6   0   4 0.00  0.0    0 12.4 20  20   M    M   9        25  10
12  65  53  59 -16   6   0 0.15  0.0    0 16.1 23 360   M    M  10 1      31  10
13  65  50  58 -16   7   0 0.00  0.0    0  6.9 22  20   M    M   5        25  20
14  79  57  68  -6   0   3    T  0.0    0 10.3 18 190   M    M   2        23 180
15  86  68  77   3   0  12    T  0.0    0 10.0 15 200   M    M   5        20 190
16  86  68  77   4   0  12 0.00  0.0    0  4.4 12 110   M    M   6 18     15 120
17  91  72  82   9   0  17 0.00  0.0    0  9.6 17 240   M    M   0 18     23 220
18  89  66  78   6   0  13 0.16  0.0    0  9.1 35  70   M    M   1 13     43  70
19  88  67  78   6   0  13 0.00  0.0    0  8.4 17 160   M    M   1 18     24 140
20  88  71  80   8   0  15 0.00  0.0    0  9.7 16 170   M    M   2 18     21 180
21  87  66  77   6   0  12 0.00  0.0    0  7.6 23  50   M    M   2 18     26  50
22  80  59  70  -1   0   5 0.00  0.0    0  7.3 14 100   M    M   0        20 100
23  82  61  72   2   0   7 0.00  0.0    0 13.0 21 170   M    M   0 8      25 180
24  84  62  73   3   0   8 0.00  0.0    0 11.2 21 170   M    M   1        25 180
25  87  61  74   4   0   9 0.00  0.0    0  7.7 15 170   M    M   0 8      17 170
26  85  61  73   4   0   8 0.00  0.0    0  8.1 16 150   M    M   0        21 150
27  86  65  76   7   0  11 0.00  0.0    0  9.6 16 170   M    M   1        20 140
28  86  62  74   6   0   9 0.00  0.0    0  6.1 12 150   M    M   1        15 130
================================================================================
SM 2390 1832        13 311  2.10     0.0 304.3          M       67
================================================================================
AV 85.4 65.4                              10.9 FASTST   M    M   2    MAX(MPH)
                                 MISC ---->  # 35  70               # 43   70
================================================================================
NOTES:
# LAST OF SEVERAL OCCURRENCES

COLUMN 17 PEAK WIND IN M.P.H.

PRELIMINARY LOCAL CLIMATOLOGICAL DATA (WS FORM: F-6) , PAGE 2

                                          STATION:  BETHANY/WILEY POST
                                          MONTH:    SEPTEMBER
                                          YEAR:     2014
                                          LATITUDE:   35 31 N
                                          LONGITUDE:  97 38 W

[TEMPERATURE DATA]      [PRECIPITATION DATA]       SYMBOLS USED IN COLUMN 16

AVERAGE MONTHLY: 75.4   TOTAL FOR MONTH:   2.10    1 = FOG OR MIST
DPTR FM NORMAL:   1.8   DPTR FM NORMAL:   -1.10    2 = FOG REDUCING VISIBILITY
HIGHEST:    98 ON  1    GRTST 24HR  1.30 ON  5- 6      TO 1/4 MILE OR LESS
LOWEST:     50 ON 13                               3 = THUNDER
                        SNOW, ICE PELLETS, HAIL    4 = ICE PELLETS
                        TOTAL MONTH:   0.0 INCH    5 = HAIL
                        GRTST 24HR     0.0         6 = FREEZING RAIN OR DRIZZLE
                        GRTST DEPTH:   0           7 = DUSTSTORM OR SANDSTORM:
                                                       VSBY 1/2 MILE OR LESS
                                                   8 = SMOKE OR HAZE
[NO. OF DAYS WITH]      [WEATHER - DAYS WITH]      9 = BLOWING SNOW
                                                   X = TORNADO
MAX 32 OR BELOW:   0    0.01 INCH OR MORE:   6
MAX 90 OR ABOVE:   8    0.10 INCH OR MORE:   5
MIN 32 OR BELOW:   0    0.50 INCH OR MORE:   1
MIN  0 OR BELOW:   0    1.00 INCH OR MORE:   1

[HDD (BASE 65) ]
TOTAL THIS MO.    13    CLEAR  (SCALE 0-3)  22
DPTR FM NORMAL    -2    PTCLDY (SCALE 4-7)   4
TOTAL FM JUL 1    13    CLOUDY (SCALE 8-10)  2
DPTR FM NORMAL    -2

[CDD (BASE 65) ]
TOTAL THIS MO.   311
DPTR FM NORMAL    58    [PRESSURE DATA]
TOTAL FM JAN 1  2040    HIGHEST SLP M ON M
DPTR FM NORMAL   147    LOWEST  SLP 29.72 ON  1

[REMARKS]
