000
CXUS56 KSGX 161545
CF6RAL
PRELIMINARY LOCAL CLIMATOLOGICAL DATA (WS FORM: F-6)

                                          STATION:   RIVERSIDE MUNI AIRPORT CA
                                          MONTH:     JANUARY
                                          YEAR:      2017
                                          LATITUDE:   33 57 N
                                          LONGITUDE: 117 27 W

  TEMPERATURE IN F:       :PCPN:    SNOW:  WIND      :SUNSHINE: SKY     :PK WND
================================================================================
1   2   3   4   5  6A  6B    7    8   9   10  11  12  13   14  15   16   17  18
                                     12Z  AVG MX 2MIN
DY MAX MIN AVG DEP HDD CDD  WTR  SNW DPTH SPD SPD DIR MIN PSBL S-S WX    SPD DR
================================================================================

 1  56  42  49  -5  16   0 0.00  0.0    0  2.7 12  90   M    M   7 1      14  90
 2  56  47  52  -2  13   0 0.00  0.0    0  1.5  8 270   M    M   8        10 270
 3  57  43  50  -4  15   0 0.00  0.0    0  1.0  6 270   M    M   4 1       9 130
 4  62  41  52  -3  13   0 0.00  0.0    0  3.2 10 270   M    M   6 1      13 270
 5  63  52  58   3   7   0 0.22  0.0    0  3.7 17 240   M    M   9 18     20 240
 6  65  48  57   2   8   0 0.00  0.0    0  3.6 12  60   M    M   4 1      16  80
 7  69  47  58   3   7   0 0.01    M    0  2.7  8  30   M    M   6        13  40
 8  76  49  63   8   2   0    T  0.0    0  3.8 10 250   M    M   2        12  30
 9  61  52  57   2   8   0 0.66  0.0    0  1.9  9  90   M    M   7 1      11  80
10  56  47  52  -3  13   0 0.01    M    0  2.9  9 250   M    M   9 128     M  M
11  65  50  58   3   7   0 0.13  0.0    0  4.9 14 270   M    M   6 1      16 270
12  56  50  53  -2  12   0 0.63  0.0    0  2.6 15 140   M    M  10 1      24 210
13  60  50  55   0  10   0 0.02  0.0    0  5.0 16  20   M    M   6 1      25  20
14  68  42  55   0  10   0    T    M    0  7.3 20  30   M    M   2        30  40
15  56  38  47  -8  18   0 0.00  0.0    0  1.7  8 160   M    M   4         9 150
================================================================================
SM  926  698       159   0  1.68     0.0  48.5          M       90
================================================================================
AV 61.7 46.5                               3.2 FASTST   M    M   6    MAX(MPH)
                                 MISC ---->  # 20  30               # 30   40
================================================================================
NOTES:
# LAST OF SEVERAL OCCURRENCES

COLUMN 17 PEAK WIND IN M.P.H.

PRELIMINARY LOCAL CLIMATOLOGICAL DATA (WS FORM: F-6) , PAGE 2

                                          STATION:  RIVERSIDE MUNI AIRPORT CA
                                          MONTH:    JANUARY
                                          YEAR:     2017
                                          LATITUDE:   33 57 N
                                          LONGITUDE: 117 27 W

[TEMPERATURE DATA]      [PRECIPITATION DATA]       SYMBOLS USED IN COLUMN 16

AVERAGE MONTHLY: 54.1   TOTAL FOR MONTH:   1.68    1 = FOG OR MIST
DPTR FM NORMAL:  -0.7   DPTR FM NORMAL:   -0.05    2 = FOG REDUCING VISIBILITY
HIGHEST:    76 ON  8    GRTST 24HR  0.72 ON 31- 1      TO 1/4 MILE OR LESS
LOWEST:     38 ON 15                               3 = THUNDER
                        SNOW, ICE PELLETS, HAIL    4 = ICE PELLETS
                        TOTAL MONTH:   0.0 INCH    5 = HAIL
                        GRTST 24HR     0.0         6 = FREEZING RAIN OR DRIZZLE
                        GRTST DEPTH:   0           7 = DUSTSTORM OR SANDSTORM:
                                                       VSBY 1/2 MILE OR LESS
                                                   8 = SMOKE OR HAZE
[NO. OF DAYS WITH]      [WEATHER - DAYS WITH]      9 = BLOWING SNOW
                                                   X = TORNADO
MAX 32 OR BELOW:   0    0.01 INCH OR MORE:   7
MAX 90 OR ABOVE:   0    0.10 INCH OR MORE:   4
MIN 32 OR BELOW:   0    0.50 INCH OR MORE:   2
MIN  0 OR BELOW:   0    1.00 INCH OR MORE:   0

[HDD (BASE 65) ]
TOTAL THIS MO.   159    CLEAR  (SCALE 0-3)   2
DPTR FM NORMAL     5    PTCLDY (SCALE 4-7)  10
TOTAL FM JUL 1   524    CLOUDY (SCALE 8-10)  3
DPTR FM NORMAL  -156

[CDD (BASE 65) ]
TOTAL THIS MO.     0
DPTR FM NORMAL     0    [PRESSURE DATA]
TOTAL FM JAN 1     0    HIGHEST SLP M ON M
DPTR FM NORMAL     0    LOWEST  SLP 29.86 ON  1

[REMARKS]
