331
CXUS56 KSGX 221445
CF6RAL
PRELIMINARY LOCAL CLIMATOLOGICAL DATA (WS FORM: F-6)

                                          STATION:   RIVERSIDE MUNI AIRPORT CA
                                          MONTH:     SEPTEMBER
                                          YEAR:      2017
                                          LATITUDE:   33 57 N
                                          LONGITUDE: 117 27 W

  TEMPERATURE IN F:       :PCPN:    SNOW:  WIND      :SUNSHINE: SKY     :PK WND
================================================================================
1   2   3   4   5  6A  6B    7    8   9   10  11  12  13   14  15   16   17  18
                                     12Z  AVG MX 2MIN
DY MAX MIN AVG DEP HDD CDD  WTR  SNW DPTH SPD SPD DIR MIN PSBL S-S WX    SPD DR
================================================================================

 1 112  76  94  15   0  29 0.00  0.0    0  6.3 18 250   M    M   2        26 270
 2 109  76  93  15   0  28 0.00  0.0    0  6.0 18 280   M    M   3        23 270
 3 102  73  88  10   0  23 0.22  0.0    0  7.6 28 270   M    M   5 138    35 270
 4  89  71  80   2   0  15    T  0.0    0  4.8 22 280   M    M   6        27 270
 5  93  68  81   3   0  16 0.00  0.0    0  5.2 15 280   M    M   1 18     19 280
 6  94  70  82   4   0  17 0.00  0.0    0  5.7 20 270   M    M   1        25 280
 7  96  64  80   2   0  15 0.00  0.0    0  4.0 16 250   M    M   1        23 250
 8  93  66  80   2   0  15    T  0.0    0  4.4 20 280   M    M   2        24 270
 9  91  64  78   0   0  13 0.00  0.0    0  5.0 18 270   M    M   4 18     23 280
10 102  67  85   8   0  20 0.00  0.0    0  4.4 21 270   M    M   2        27 270
11 101  72  87  10   0  22    T  0.0    0  4.9 22 260   M    M   3 3      25 270
12  91  68  80   3   0  15 0.00  0.0    0  5.6 17 270   M    M   3        22 270
13  83  63  73  -4   0   8 0.00  0.0    0  7.5 21 270   M    M   1        25 270
14  76  60  68  -9   0   3 0.00  0.0    0  5.8 15 270   M    M   6        20 270
15  78  64  71  -5   0   6 0.00  0.0    0  6.5 17 270   M    M   7        22 300
16  82  63  73  -3   0   8 0.00  0.0    0  5.1 18 270   M    M   3        22 270
17  78  63  71  -5   0   6 0.00  0.0    0  5.1 13 270   M    M   6 1      16 250
18  84  59  72  -4   0   7 0.00  0.0    0  5.0 16 270   M    M   2 18     21 270
19  80  64  72  -4   0   7 0.00  0.0    0  5.1 15 260   M    M   6        19 270
20  80  64  72  -3   0   7 0.00  0.0    0  5.1 13 270   M    M   7 18     17 270
21  75  58  67  -8   0   2    T  0.0    0  5.9 21 250   M    M   7        27 250
================================================================================
SM 1889 1393         0 282  0.22     0.0 115.0          M       78
================================================================================
AV 90.0 66.3                               5.5 FASTST   M    M   4    MAX(MPH)
                                 MISC ---->  # 28 270               # 35  270
================================================================================
NOTES:
# LAST OF SEVERAL OCCURRENCES

COLUMN 17 PEAK WIND IN M.P.H.

PRELIMINARY LOCAL CLIMATOLOGICAL DATA (WS FORM: F-6) , PAGE 2

                                          STATION:  RIVERSIDE MUNI AIRPORT CA
                                          MONTH:    SEPTEMBER
                                          YEAR:     2017
                                          LATITUDE:   33 57 N
                                          LONGITUDE: 117 27 W

[TEMPERATURE DATA]      [PRECIPITATION DATA]       SYMBOLS USED IN COLUMN 16

AVERAGE MONTHLY: 78.1   TOTAL FOR MONTH:   0.22    1 = FOG OR MIST
DPTR FM NORMAL:   1.1   DPTR FM NORMAL:    0.07    2 = FOG REDUCING VISIBILITY
HIGHEST:   112 ON  1    GRTST 24HR  0.24 ON 31- 1      TO 1/4 MILE OR LESS
LOWEST:     58 ON 21                               3 = THUNDER
                        SNOW, ICE PELLETS, HAIL    4 = ICE PELLETS
                        TOTAL MONTH:   0.0 INCH    5 = HAIL
                        GRTST 24HR     0.0         6 = FREEZING RAIN OR DRIZZLE
                        GRTST DEPTH:   0           7 = DUSTSTORM OR SANDSTORM:
                                                       VSBY 1/2 MILE OR LESS
                                                   8 = SMOKE OR HAZE
[NO. OF DAYS WITH]      [WEATHER - DAYS WITH]      9 = BLOWING SNOW
                                                   X = TORNADO
MAX 32 OR BELOW:   0    0.01 INCH OR MORE:   1
MAX 90 OR ABOVE:  11    0.10 INCH OR MORE:   1
MIN 32 OR BELOW:   0    0.50 INCH OR MORE:   0
MIN  0 OR BELOW:   0    1.00 INCH OR MORE:   0

[HDD (BASE 65) ]
TOTAL THIS MO.     0    CLEAR  (SCALE 0-3)   9
DPTR FM NORMAL     0    PTCLDY (SCALE 4-7)  12
TOTAL FM JUL 1     0    CLOUDY (SCALE 8-10)  0
DPTR FM NORMAL     0

[CDD (BASE 65) ]
TOTAL THIS MO.   282
DPTR FM NORMAL    28    [PRESSURE DATA]
TOTAL FM JAN 1  1930    HIGHEST SLP M ON M
DPTR FM NORMAL   418    LOWEST  SLP 29.68 ON  1

[REMARKS]
